xen-devel.lists.xenproject.org archive mirror
 help / color / mirror / Atom feed
From: osstest service owner <osstest-admin@xenproject.org>
To: xen-devel@lists.xenproject.org, osstest-admin@xenproject.org,
	royger@FreeBSD.org
Subject: [freebsd-master test] 127207: regressions - FAIL
Date: Mon, 03 Sep 2018 13:35:16 +0000	[thread overview]
Message-ID: <osstest-127207-mainreport@xen.org> (raw)

flight 127207 freebsd-master real [real]
http://logs.test-lab.xenproject.org/osstest/logs/127207/

Regressions :-(

Tests which did not succeed and are blocking,
including tests which could not be run:
 build-amd64-xen-freebsd       5 host-install(5)          fail REGR. vs. 127033

version targeted for testing:
 freebsd              ee0548d281551997c5d975b8a4f5377b4e81789c
baseline version:
 freebsd              8846b8448acb98ba31b203ac6c2ad45be2b96ad9

Last test of basis   127033  2018-08-31 09:19:38 Z    3 days
Testing same since   127207  2018-09-03 09:19:06 Z    0 days    1 attempts

------------------------------------------------------------
People who touched revisions under test:
  alc <alc@FreeBSD.org>
  avatar <avatar@FreeBSD.org>
  br <br@FreeBSD.org>
  brd <brd@FreeBSD.org>
  gjb <gjb@FreeBSD.org>
  imp <imp@FreeBSD.org>
  jhb <jhb@FreeBSD.org>
  kevans <kevans@FreeBSD.org>
  kib <kib@FreeBSD.org>
  kp <kp@FreeBSD.org>
  markj <markj@FreeBSD.org>
  trasz <trasz@FreeBSD.org>

jobs:
 build-amd64-freebsd-again                                    pass    
 build-amd64-freebsd                                          pass    
 build-amd64-xen-freebsd                                      fail    


------------------------------------------------------------
sg-report-flight on osstest.test-lab.xenproject.org
logs: /home/logs/logs
images: /home/logs/images

Logs, config files, etc. are available at
    http://logs.test-lab.xenproject.org/osstest/logs

Explanation of these reports, and of osstest in general, is at
    http://xenbits.xen.org/gitweb/?p=osstest.git;a=blob;f=README.email;hb=master
    http://xenbits.xen.org/gitweb/?p=osstest.git;a=blob;f=README;hb=master

Test harness code can be found at
    http://xenbits.xen.org/gitweb?p=osstest.git;a=summary


Not pushing.

(No revision log; it would be 378 lines long.)

_______________________________________________
Xen-devel mailing list
Xen-devel@lists.xenproject.org
https://lists.xenproject.org/mailman/listinfo/xen-devel

                 reply	other threads:[~2018-09-03 13:35 UTC|newest]

Thread overview: [no followups] expand[flat|nested]  mbox.gz  Atom feed

Reply instructions:

You may reply publicly to this message via plain-text email
using any one of the following methods:

* Save the following mbox file, import it into your mail client,
  and reply-to-all from there: mbox

  Avoid top-posting and favor interleaved quoting:
  https://en.wikipedia.org/wiki/Posting_style#Interleaved_style

* Reply using the --to, --cc, and --in-reply-to
  switches of git-send-email(1):

  git send-email \
    --in-reply-to=osstest-127207-mainreport@xen.org \
    --to=osstest-admin@xenproject.org \
    --cc=royger@FreeBSD.org \
    --cc=xen-devel@lists.xenproject.org \
    /path/to/YOUR_REPLY

  https://kernel.org/pub/software/scm/git/docs/git-send-email.html

* If your mail client supports setting the In-Reply-To header
  via mailto: links, try the mailto: link
Be sure your reply has a Subject: header at the top and a blank line before the message body.
This is a public inbox, see mirroring instructions
for how to clone and mirror all data and code used for this inbox;
as well as URLs for NNTP newsgroup(s).