From mboxrd@z Thu Jan 1 00:00:00 1970 From: xen.org Subject: [linux-mingo-tip-master test] 12726: regressions - FAIL Date: Thu, 19 Apr 2012 22:02:45 +0100 Message-ID: Mime-Version: 1.0 Content-Type: text/plain; charset="us-ascii" Content-Transfer-Encoding: 7bit Return-path: List-Unsubscribe: , List-Post: List-Help: List-Subscribe: , Sender: xen-devel-bounces@lists.xen.org Errors-To: xen-devel-bounces@lists.xen.org To: xen-devel@lists.xensource.com Cc: ian.jackson@eu.citrix.com List-Id: xen-devel@lists.xenproject.org flight 12726 linux-mingo-tip-master real [real] http://www.chiark.greenend.org.uk/~xensrcts/logs/12726/ Regressions :-( Tests which did not succeed and are blocking, including tests which could not be run: test-i386-i386-xl 5 xen-boot fail REGR. vs. 12678 test-amd64-i386-pv 7 debian-install fail REGR. vs. 12678 Tests which did not succeed, but are not blocking: test-amd64-i386-xl-win7-amd64 5 xen-boot fail never pass test-amd64-i386-xl-win-vcpus1 5 xen-boot fail never pass test-i386-i386-xl-win 5 xen-boot fail never pass test-amd64-amd64-xl-pcipt-intel 5 xen-boot fail never pass test-amd64-amd64-xl-win7-amd64 5 xen-boot fail never pass test-amd64-i386-rhel6hvm-intel 11 leak-check/check fail never pass test-i386-i386-xl-qemuu-winxpsp3 5 xen-boot fail never pass test-amd64-i386-qemuu-rhel6hvm-amd 7 redhat-install fail never pass test-amd64-i386-xl-multivcpu 7 debian-install fail never pass test-amd64-i386-xl 7 debian-install fail never pass test-i386-i386-pv 7 debian-install fail never pass test-amd64-i386-xl-credit2 7 debian-install fail never pass test-amd64-i386-qemuu-rhel6hvm-intel 9 guest-start.2 fail never pass test-i386-i386-win 16 leak-check/check fail never pass test-i386-i386-xl-winxpsp3 13 guest-stop fail never pass test-amd64-i386-pair 8 xen-boot/dst_host fail never pass test-amd64-i386-pair 7 xen-boot/src_host fail never pass test-amd64-i386-rhel6hvm-amd 7 redhat-install fail never pass test-amd64-i386-win-vcpus1 16 leak-check/check fail never pass test-amd64-i386-xl-winxpsp3-vcpus1 13 guest-stop fail never pass test-amd64-i386-xend-winxpsp3 16 leak-check/check fail never pass test-amd64-amd64-xl-qemuu-win7-amd64 8 guest-saverestore fail never pass test-amd64-i386-win 16 leak-check/check fail never pass test-amd64-amd64-xl-qemuu-winxpsp3 8 guest-saverestore fail never pass test-amd64-amd64-xl-winxpsp3 13 guest-stop fail never pass test-amd64-amd64-xl-win 13 guest-stop fail never pass test-amd64-amd64-win 16 leak-check/check fail never pass version targeted for testing: linux 2adb09687b4cd369983ba4533d6eab857262e1b9 baseline version: linux d935d0f77650fea53986811ca8a2f8c726fd9857 ------------------------------------------------------------ People who touched revisions under test: ------------------------------------------------------------ jobs: build-amd64 pass build-i386 pass build-amd64-pvops pass build-i386-pvops pass test-amd64-amd64-xl pass test-amd64-i386-xl fail test-i386-i386-xl fail test-amd64-i386-rhel6hvm-amd fail test-amd64-i386-qemuu-rhel6hvm-amd fail test-amd64-amd64-xl-qemuu-win7-amd64 fail test-amd64-amd64-xl-win7-amd64 fail test-amd64-i386-xl-win7-amd64 fail test-amd64-i386-xl-credit2 fail test-amd64-amd64-xl-pcipt-intel fail test-amd64-i386-rhel6hvm-intel fail test-amd64-i386-qemuu-rhel6hvm-intel fail test-amd64-i386-xl-multivcpu fail test-amd64-amd64-pair pass test-amd64-i386-pair fail test-i386-i386-pair pass test-amd64-amd64-xl-sedf-pin pass test-amd64-amd64-pv pass test-amd64-i386-pv fail test-i386-i386-pv fail test-amd64-amd64-xl-sedf pass test-amd64-i386-win-vcpus1 fail test-amd64-i386-xl-win-vcpus1 fail test-amd64-i386-xl-winxpsp3-vcpus1 fail test-amd64-amd64-win fail test-amd64-i386-win fail test-i386-i386-win fail test-amd64-amd64-xl-win fail test-i386-i386-xl-win fail test-amd64-amd64-xl-qemuu-winxpsp3 fail test-i386-i386-xl-qemuu-winxpsp3 fail test-amd64-i386-xend-winxpsp3 fail test-amd64-amd64-xl-winxpsp3 fail test-i386-i386-xl-winxpsp3 fail ------------------------------------------------------------ sg-report-flight on woking.cam.xci-test.com logs: /home/xc_osstest/logs images: /home/xc_osstest/images Logs, config files, etc. are available at http://www.chiark.greenend.org.uk/~xensrcts/logs Test harness code can be found at http://xenbits.xensource.com/gitweb?p=osstest.git;a=summary Not pushing. ------------------------------------------------------------ commit 2adb09687b4cd369983ba4533d6eab857262e1b9 Merge: ba0ed41... 592fe89... Author: Ingo Molnar Date: Wed Apr 18 08:07:52 2012 +0200 Merge branch 'linus'