xen-devel.lists.xenproject.org archive mirror
 help / color / mirror / Atom feed
From: osstest service owner <osstest-admin@xenproject.org>
To: xen-devel@lists.xenproject.org, osstest-admin@xenproject.org
Subject: [linux-4.14 test] 127297: tolerable FAIL - PUSHED
Date: Wed, 05 Sep 2018 19:42:53 +0000	[thread overview]
Message-ID: <osstest-127297-mainreport@xen.org> (raw)

flight 127297 linux-4.14 real [real]
http://logs.test-lab.xenproject.org/osstest/logs/127297/

Failures :-/ but no regressions.

Tests which did not succeed, but are not blocking:
 test-amd64-amd64-libvirt-xsm 13 migrate-support-check        fail   never pass
 test-amd64-i386-xl-pvshim    12 guest-start                  fail   never pass
 test-amd64-i386-libvirt-xsm  13 migrate-support-check        fail   never pass
 test-amd64-i386-libvirt      13 migrate-support-check        fail   never pass
 test-arm64-arm64-libvirt-xsm 13 migrate-support-check        fail   never pass
 test-arm64-arm64-libvirt-xsm 14 saverestore-support-check    fail   never pass
 test-arm64-arm64-xl          13 migrate-support-check        fail   never pass
 test-arm64-arm64-xl          14 saverestore-support-check    fail   never pass
 test-arm64-arm64-xl-credit2  13 migrate-support-check        fail   never pass
 test-arm64-arm64-xl-credit2  14 saverestore-support-check    fail   never pass
 test-amd64-amd64-libvirt     13 migrate-support-check        fail   never pass
 test-amd64-i386-libvirt-qemuu-debianhvm-amd64-xsm 11 migrate-support-check fail never pass
 test-armhf-armhf-xl-multivcpu 13 migrate-support-check        fail  never pass
 test-armhf-armhf-xl-arndale  13 migrate-support-check        fail   never pass
 test-armhf-armhf-xl-multivcpu 14 saverestore-support-check    fail  never pass
 test-armhf-armhf-xl-credit2  13 migrate-support-check        fail   never pass
 test-armhf-armhf-xl-arndale  14 saverestore-support-check    fail   never pass
 test-armhf-armhf-xl-credit2  14 saverestore-support-check    fail   never pass
 test-amd64-amd64-libvirt-qemuu-debianhvm-amd64-xsm 11 migrate-support-check fail never pass
 test-amd64-amd64-qemuu-nested-amd 17 debian-hvm-install/l1/l2  fail never pass
 test-amd64-amd64-libvirt-vhd 12 migrate-support-check        fail   never pass
 test-armhf-armhf-xl          13 migrate-support-check        fail   never pass
 test-armhf-armhf-xl          14 saverestore-support-check    fail   never pass
 test-armhf-armhf-xl-rtds     13 migrate-support-check        fail   never pass
 test-armhf-armhf-xl-rtds     14 saverestore-support-check    fail   never pass
 test-armhf-armhf-xl-cubietruck 13 migrate-support-check        fail never pass
 test-armhf-armhf-xl-cubietruck 14 saverestore-support-check    fail never pass
 test-amd64-i386-xl-qemut-win7-amd64 17 guest-stop              fail never pass
 test-amd64-amd64-xl-qemuu-ws16-amd64 17 guest-stop             fail never pass
 test-amd64-amd64-xl-qemuu-win7-amd64 17 guest-stop             fail never pass
 test-armhf-armhf-libvirt     13 migrate-support-check        fail   never pass
 test-armhf-armhf-libvirt     14 saverestore-support-check    fail   never pass
 test-amd64-i386-xl-qemuu-win7-amd64 17 guest-stop              fail never pass
 test-arm64-arm64-xl-xsm      13 migrate-support-check        fail   never pass
 test-arm64-arm64-xl-xsm      14 saverestore-support-check    fail   never pass
 test-armhf-armhf-libvirt-raw 12 migrate-support-check        fail   never pass
 test-armhf-armhf-libvirt-raw 13 saverestore-support-check    fail   never pass
 test-amd64-amd64-xl-qemut-win7-amd64 17 guest-stop             fail never pass
 test-amd64-amd64-xl-qemut-ws16-amd64 17 guest-stop             fail never pass
 test-amd64-i386-xl-qemuu-ws16-amd64 17 guest-stop              fail never pass
 test-amd64-i386-xl-qemut-ws16-amd64 17 guest-stop              fail never pass
 test-armhf-armhf-xl-vhd      12 migrate-support-check        fail   never pass
 test-armhf-armhf-xl-vhd      13 saverestore-support-check    fail   never pass
 test-amd64-i386-xl-qemut-win10-i386 10 windows-install         fail never pass
 test-amd64-amd64-xl-qemut-win10-i386 10 windows-install        fail never pass
 test-amd64-amd64-xl-qemuu-win10-i386 10 windows-install        fail never pass
 test-amd64-i386-xl-qemuu-win10-i386 10 windows-install         fail never pass

version targeted for testing:
 linux                ee13f7edca5838436feefde90ed1b2ebb07c4184
baseline version:
 linux                f4c88459f7c9320f587b839c3d24a2a9dc18a8a0

Last test of basis   126635  2018-08-25 18:32:04 Z   11 days
Testing same since   127297  2018-09-05 07:46:02 Z    0 days    1 attempts

------------------------------------------------------------
People who touched revisions under test:
  Alberto Panizzo <alberto@amarulasolutions.com>
  Aleksander Morgado <aleksander@aleksander.es>
  Alexander Sverdlin <alexander.sverdlin@nokia.com>
  Alexander Usyskin <alexander.usyskin@intel.com>
  Alexei Starovoitov <ast@kernel.org>
  Andi Kleen <ak@linux.intel.com>
  Andrew Morton <akpm@linux-foundation.org>
  Andrey Ryabinin <aryabinin@virtuozzo.com>
  Andy Lutomirski <luto@kernel.org>
  Anthony Brandon <anthony@amarulasolutions.com>
  Ariel Elior <ariel.elior@cavium.com>
  Arnd Bergmann <arnd@arndb.de>
  Bart Van Assche <bart.vanassche@wdc.com>
  Benjamin Tissoires <benjamin.tissoires@redhat.com>
  Bernd Edlinger <bernd.edlinger@hotmail.de>
  Bjørn Mork <bjorn@mork.no>
  Calvin Walton <calvin.walton@kepstin.ca>
  chen jie <chenjie6@huawei.com>
  Christoffer Dall <christoffer.dall@arm.com>
  Christoph Hellwig <hch@lst.de>
  Claudio Imbrenda <imbrenda@linux.vnet.ibm.com>
  Colin Ian King <colin.king@canonical.com>
  Dan Carpenter <dan.carpenter@oracle.com>
  Dan Streetman <ddstreet@ieee.org>
  Daniel Borkmann <daniel@iogearbox.net>
  dann frazier <dann.frazier@canonical.com>
  Darren Hart (VMware) <dvhart@infradead.org>
  Dave Airlie <airlied@redhat.com>
  David Howells <dhowells@redhat.com>
  David S. Miller <davem@davemloft.net>
  David Sterba <dsterba@suse.com>
  Davidlohr Bueso <dave@stgolabs.net>
  Davidlohr Bueso <dbueso@suse.de>
  Dong Aisheng <Aisheng.dong@nxp.com>
  Eric Sandeen <sandeen@redhat.com>
  Ethan Lien <ethanlien@synology.com>
  Eugeniu Rosca <erosca@de.adit-jv.com>
  Eugeniu Rosca <roscaeugeniu@gmail.com>
  Eugeniy Paltsev <Eugeniy.Paltsev@synopsys.com>
  Eyal Birger <eyal.birger@gmail.com>
  Faiz Abbas <faiz_abbas@ti.com>
  Felipe Balbi <felipe.balbi@linux.intel.com>
  Florian Westphal <fw@strlen.de>
  Gerald Schaefer <gerald.schaefer@de.ibm.com>
  Govindarajulu Varadarajan <gvaradar@cisco.com>
  Greg Hackmann <ghackmann@android.com>
  Greg Hackmann <ghackmann@google.com>
  Greg Kroah-Hartman <gregkh@linuxfoundation.org>
  Guenter Roeck <linux@roeck-us.net>
  Gustavo A. R. Silva <gustavo@embeddedor.com>
  H. Nikolaus Schaller <hns@goldelico.com>
  Hailong Liu <liu.hailong6@zte.com.cn>
  Hans de Goede <hdegoede@redhat.com>
  Heiko Carstens <heiko.carstens@de.ibm.com>
  Heiko Stuebner <heiko@sntech.de>
  Herbert Xu <herbert@gondor.apana.org.au>
  Huacai Chen <chenhc@lemote.com>
  Hugh Dickins <hughd@google.com>
  Huibin Hong <huibin.hong@rock-chips.com>
  Ingo Molnar <mingo@kernel.org>
  Isaac J. Manjarres <isaacm@codeaurora.org>
  Jakub Kicinski <jakub.kicinski@netronome.com>
  Jann Horn <jannh@google.com>
  Jarkko Sakkinen <jarkko.sakkinen@linux.intel.com>
  Jens Axboe <axboe@kernel.dk>
  Jerome Brunet <jbrunet@baylibre.com>
  Jia-Ju Bai <baijiaju1990@gmail.com>
  Jiang Biao <jiang.biao2@zte.com.cn>
  jie@chenjie6@huwei.com <jie@chenjie6@huwei.com>
  Jim Gill <jgill@vmware.com>
  Johannes Berg <johannes.berg@intel.com>
  Johannes Thumshirn <jthumshirn@suse.de>
  Johannes Weiner <hannes@cmpxchg.org>
  John Hurley <john.hurley@netronome.com>
  John Sperbeck <jsperbeck@google.com>
  Josef Bacik <jbacik@fb.com>
  Josef Bacik <josef@toxicpanda.com>
  Josh Poimboeuf <jpoimboe@redhat.com>
  Joshua Frkuska <joshua_frkuska@mentor.com>
  Julian Wiedmann <jwi@linux.ibm.com>
  Kalle Valo <kvalo@codeaurora.org>
  Kees Cook <keescook@chromium.org>
  Kiran Kumar Modukuri <kiran.modukuri@gmail.com>
  Kirill Tkhai <ktkhai@virtuozzo.com>
  Len Brown <len.brown@intel.com>
  Li Wang <liwang@redhat.com>
  Linus Torvalds <torvalds@linux-foundation.org>
  Linus Walleij <linus.walleij@linaro.org>
  Lucas Stach <l.stach@pengutronix.de>
  Maciej W. Rozycki <macro@mips.com>
  Manikanta Pubbisetty <mpubbise@codeaurora.org>
  Marc Kleine-Budde <mkl@pengutronix.de>
  Marc Zyngier <marc.zyngier@arm.com>
  Mark Brown <broonie@kernel.org>
  Martin K. Petersen <martin.petersen@oracle.com>
  Martin Schwidefsky <schwidefsky@de.ibm.com>
  Masami Hiramatsu <mhiramat@kernel.org>
  Matt Rickard <matt@softrans.com.au>
  Matthew Wilcox <willy@infradead.org>
  Michael Buesch <m@bues.ch>
  Michal Hocko <mhocko@suse.com>
  Michal Kalderon <Michal.Kalderon@cavium.com>
  Michal Wnukowski <wnukowski@google.com>
  Mika Westerberg <mika.westerberg@linux.intel.com>
  Mike Christie <mchristi@redhat.com>
  Mikhail Gavrilov <mikhail.v.gavrilov@gmail.com>
  Miklos Szeredi <mszeredi@redhat.com>
  Mikulas Patocka <mpatocka@redhat.com>
  mpubbise@codeaurora.org <mpubbise@codeaurora.org>
  Nicholas Mc Guire <hofrat@osadl.org>
  Nicholas Piggin <npiggin@gmail.com>
  Nick Desaulniers <ndesaulniers@google.com>
  Ofer Levi <oferle@mellanox.com>
  Omar Sandoval <osandov@fb.com>
  Pablo Neira Ayuso <pablo@netfilter.org>
  Paolo Bonzini <pbonzini@redhat.com>
  Paul Burton <paul.burton@mips.com>
  Paul Menzel <pmenzel@molgen.mpg.de>
  Paulo Flabiano Smorigo <pfsmorigo@linux.vnet.ibm.com>
  Pavel Shilovsky <pshilov@microsoft.com>
  Peter Rosin <peda@axentia.se>
  Peter Senna Tschudin <peter.senna@gmail.com>
  Peter Shier <pshier@google.com>
  Peter Zijlstra (Intel) <peterz@infradead.org>
  Peter Zijlstra <peterz@infradead.org>
  Petr Mladek <pmladek@suse.com>
  Philipp Zabel <p.zabel@pengutronix.de>
  Phillip Lougher <phillip@squashfs.org.uk>
  Prasad Sodagudi <psodagud@codeaurora.org>
  Punit Agrawal <punit.agrawal@arm.com>
  Rafael J. Wysocki <rafael.j.wysocki@intel.com>
  Rafał Miłecki <rafal@milecki.pl>
  Randy Dunlap <rdunlap@infradead.org>
  Rian Hunter <rian@alum.mit.edu>
  Ricardo Schwarzmeier <Ricardo.Schwarzmeier@infineon.com>
  Rik van Riel <riel@surriel.com>
  Rob Clark <robdclark@gmail.com>
  Samuel Neves <sneves@dei.uc.pt>
  Sandipan Das <sandipan@linux.vnet.ibm.com>
  Sasha Levin <alexander.levin@microsoft.com>
  Scott Bauer <sbauer@plzdonthack.me>
  Scott Bauer <scott.bauer@intel.com>
  Sean Christopherson <sean.j.christopherson@intel.com>
  Sean Paul <seanpaul@chromium.org>
  Sebastian Ott <sebott@linux.ibm.com>
  Sebastian Reichel <sebastian.reichel@collabora.co.uk>
  Sekhar Nori <nsekhar@ti.com>
  Sergey Senozhatsky <sergey.senozhatsky@gmail.com>
  Shubhrajyoti Datta <shubhrajyoti.datta@xilinx.com>
  Steffen Klassert <steffen.klassert@secunet.com>
  Steve French <stfrench@gmail.com>
  Steve French <stfrench@microsoft.com>
  Steven Rostedt (VMware) <rostedt@goodmis.org>
  Sudarsana Reddy Kalluru <Sudarsana.Kalluru@cavium.com>
  Taehee Yoo <ap420073@gmail.com>
  Takashi Iwai <tiwai@suse.de>
  Tejun Heo <tj@kernel.org>
  Theodore Ts'o <tytso@mit.edu>
  Thomas Gleixner <tglx@linutronix.de>
  Thomas Gleixner <tglx@xxxxxxxxxxxxx>
  Thomas Petazzoni <thomas.petazzoni@bootlin.com>
  Tomas Winkler <tomas.winkler@intel.com>
  Tommi Rantala <tommi.t.rantala@nokia.com>
  Valdis Kletnieks <valdis.kletnieks@vt.edu>
  Varun Prakash <varun@chelsio.com>
  Vincent Whitchurch <vincent.whitchurch@axis.com>
  Vineet Gupta <vgupta@synopsys.com>
  Vivek Gautam <vivek.gautam@codeaurora.org>
  Vladimir Davydov <vdavydov.dev@gmail.com>
  Vladimir Zapolskiy <vladimir_zapolskiy@mentor.com>
  Vlastimil Babka <vbabka@suse.cz>
  Will Deacon <will.deacon@arm.com>
  Willy Tarreau <w@1wt.eu>
  Wolfram Sang <wsa@the-dreams.de>
  YueHaibing <yuehaibing@huawei.com>
  Zhen Lei <thunder.leizhen@huawei.com>

jobs:
 build-amd64-xsm                                              pass    
 build-arm64-xsm                                              pass    
 build-i386-xsm                                               pass    
 build-amd64                                                  pass    
 build-arm64                                                  pass    
 build-armhf                                                  pass    
 build-i386                                                   pass    
 build-amd64-libvirt                                          pass    
 build-arm64-libvirt                                          pass    
 build-armhf-libvirt                                          pass    
 build-i386-libvirt                                           pass    
 build-amd64-pvops                                            pass    
 build-arm64-pvops                                            pass    
 build-armhf-pvops                                            pass    
 build-i386-pvops                                             pass    
 build-amd64-rumprun                                          pass    
 build-i386-rumprun                                           pass    
 test-amd64-amd64-xl                                          pass    
 test-arm64-arm64-xl                                          pass    
 test-armhf-armhf-xl                                          pass    
 test-amd64-i386-xl                                           pass    
 test-amd64-amd64-xl-qemut-debianhvm-amd64-xsm                pass    
 test-amd64-i386-xl-qemut-debianhvm-amd64-xsm                 pass    
 test-amd64-amd64-libvirt-qemuu-debianhvm-amd64-xsm           pass    
 test-amd64-i386-libvirt-qemuu-debianhvm-amd64-xsm            pass    
 test-amd64-amd64-xl-qemuu-debianhvm-amd64-xsm                pass    
 test-amd64-i386-xl-qemuu-debianhvm-amd64-xsm                 pass    
 test-amd64-amd64-xl-qemut-stubdom-debianhvm-amd64-xsm        pass    
 test-amd64-i386-xl-qemut-stubdom-debianhvm-amd64-xsm         pass    
 test-amd64-amd64-libvirt-xsm                                 pass    
 test-arm64-arm64-libvirt-xsm                                 pass    
 test-amd64-i386-libvirt-xsm                                  pass    
 test-amd64-amd64-xl-xsm                                      pass    
 test-arm64-arm64-xl-xsm                                      pass    
 test-amd64-i386-xl-xsm                                       pass    
 test-amd64-amd64-qemuu-nested-amd                            fail    
 test-amd64-amd64-xl-pvhv2-amd                                pass    
 test-amd64-i386-qemut-rhel6hvm-amd                           pass    
 test-amd64-i386-qemuu-rhel6hvm-amd                           pass    
 test-amd64-amd64-xl-qemut-debianhvm-amd64                    pass    
 test-amd64-i386-xl-qemut-debianhvm-amd64                     pass    
 test-amd64-amd64-xl-qemuu-debianhvm-amd64                    pass    
 test-amd64-i386-xl-qemuu-debianhvm-amd64                     pass    
 test-amd64-i386-freebsd10-amd64                              pass    
 test-amd64-amd64-xl-qemuu-ovmf-amd64                         pass    
 test-amd64-i386-xl-qemuu-ovmf-amd64                          pass    
 test-amd64-amd64-rumprun-amd64                               pass    
 test-amd64-amd64-xl-qemut-win7-amd64                         fail    
 test-amd64-i386-xl-qemut-win7-amd64                          fail    
 test-amd64-amd64-xl-qemuu-win7-amd64                         fail    
 test-amd64-i386-xl-qemuu-win7-amd64                          fail    
 test-amd64-amd64-xl-qemut-ws16-amd64                         fail    
 test-amd64-i386-xl-qemut-ws16-amd64                          fail    
 test-amd64-amd64-xl-qemuu-ws16-amd64                         fail    
 test-amd64-i386-xl-qemuu-ws16-amd64                          fail    
 test-armhf-armhf-xl-arndale                                  pass    
 test-amd64-amd64-xl-credit2                                  pass    
 test-arm64-arm64-xl-credit2                                  pass    
 test-armhf-armhf-xl-credit2                                  pass    
 test-armhf-armhf-xl-cubietruck                               pass    
 test-amd64-amd64-xl-qemuu-dmrestrict-amd64-dmrestrict        pass    
 test-amd64-i386-xl-qemuu-dmrestrict-amd64-dmrestrict         pass    
 test-amd64-amd64-examine                                     pass    
 test-arm64-arm64-examine                                     pass    
 test-armhf-armhf-examine                                     pass    
 test-amd64-i386-examine                                      pass    
 test-amd64-i386-freebsd10-i386                               pass    
 test-amd64-i386-rumprun-i386                                 pass    
 test-amd64-amd64-xl-qemut-win10-i386                         fail    
 test-amd64-i386-xl-qemut-win10-i386                          fail    
 test-amd64-amd64-xl-qemuu-win10-i386                         fail    
 test-amd64-i386-xl-qemuu-win10-i386                          fail    
 test-amd64-amd64-qemuu-nested-intel                          pass    
 test-amd64-amd64-xl-pvhv2-intel                              pass    
 test-amd64-i386-qemut-rhel6hvm-intel                         pass    
 test-amd64-i386-qemuu-rhel6hvm-intel                         pass    
 test-amd64-amd64-libvirt                                     pass    
 test-armhf-armhf-libvirt                                     pass    
 test-amd64-i386-libvirt                                      pass    
 test-amd64-amd64-xl-multivcpu                                pass    
 test-armhf-armhf-xl-multivcpu                                pass    
 test-amd64-amd64-pair                                        pass    
 test-amd64-i386-pair                                         pass    
 test-amd64-amd64-libvirt-pair                                pass    
 test-amd64-i386-libvirt-pair                                 pass    
 test-amd64-amd64-amd64-pvgrub                                pass    
 test-amd64-amd64-i386-pvgrub                                 pass    
 test-amd64-amd64-xl-pvshim                                   pass    
 test-amd64-i386-xl-pvshim                                    fail    
 test-amd64-amd64-pygrub                                      pass    
 test-amd64-amd64-xl-qcow2                                    pass    
 test-armhf-armhf-libvirt-raw                                 pass    
 test-amd64-i386-xl-raw                                       pass    
 test-amd64-amd64-xl-rtds                                     pass    
 test-armhf-armhf-xl-rtds                                     pass    
 test-amd64-amd64-xl-qemuu-debianhvm-amd64-shadow             pass    
 test-amd64-i386-xl-qemuu-debianhvm-amd64-shadow              pass    
 test-amd64-amd64-xl-shadow                                   pass    
 test-amd64-i386-xl-shadow                                    pass    
 test-amd64-amd64-libvirt-vhd                                 pass    
 test-armhf-armhf-xl-vhd                                      pass    


------------------------------------------------------------
sg-report-flight on osstest.test-lab.xenproject.org
logs: /home/logs/logs
images: /home/logs/images

Logs, config files, etc. are available at
    http://logs.test-lab.xenproject.org/osstest/logs

Explanation of these reports, and of osstest in general, is at
    http://xenbits.xen.org/gitweb/?p=osstest.git;a=blob;f=README.email;hb=master
    http://xenbits.xen.org/gitweb/?p=osstest.git;a=blob;f=README;hb=master

Test harness code can be found at
    http://xenbits.xen.org/gitweb?p=osstest.git;a=summary


Pushing revision :

To xenbits.xen.org:/home/xen/git/linux-pvops.git
   f4c88459f7c9..ee13f7edca58  ee13f7edca5838436feefde90ed1b2ebb07c4184 -> tested/linux-4.14

_______________________________________________
Xen-devel mailing list
Xen-devel@lists.xenproject.org
https://lists.xenproject.org/mailman/listinfo/xen-devel

                 reply	other threads:[~2018-09-05 19:42 UTC|newest]

Thread overview: [no followups] expand[flat|nested]  mbox.gz  Atom feed

Reply instructions:

You may reply publicly to this message via plain-text email
using any one of the following methods:

* Save the following mbox file, import it into your mail client,
  and reply-to-all from there: mbox

  Avoid top-posting and favor interleaved quoting:
  https://en.wikipedia.org/wiki/Posting_style#Interleaved_style

* Reply using the --to, --cc, and --in-reply-to
  switches of git-send-email(1):

  git send-email \
    --in-reply-to=osstest-127297-mainreport@xen.org \
    --to=osstest-admin@xenproject.org \
    --cc=xen-devel@lists.xenproject.org \
    /path/to/YOUR_REPLY

  https://kernel.org/pub/software/scm/git/docs/git-send-email.html

* If your mail client supports setting the In-Reply-To header
  via mailto: links, try the mailto: link
Be sure your reply has a Subject: header at the top and a blank line before the message body.
This is a public inbox, see mirroring instructions
for how to clone and mirror all data and code used for this inbox;
as well as URLs for NNTP newsgroup(s).