* [xen-unstable test] 127327: regressions - trouble: broken/fail/pass
@ 2018-09-06 21:16 osstest service owner
0 siblings, 0 replies; only message in thread
From: osstest service owner @ 2018-09-06 21:16 UTC (permalink / raw)
To: xen-devel, osstest-admin
flight 127327 xen-unstable real [real]
http://logs.test-lab.xenproject.org/osstest/logs/127327/
Regressions :-(
Tests which did not succeed and are blocking,
including tests which could not be run:
build-amd64-xen-freebsd <job status> broken
build-amd64-xen-freebsd 5 host-install(5) broken REGR. vs. 127301
test-armhf-armhf-examine 8 reboot fail REGR. vs. 127280
Tests which did not succeed, but are not blocking:
test-armhf-armhf-libvirt 14 saverestore-support-check fail like 127280
test-armhf-armhf-libvirt-raw 13 saverestore-support-check fail like 127280
test-amd64-amd64-xl-qemut-win7-amd64 17 guest-stop fail like 127301
test-amd64-amd64-xl-qemuu-win7-amd64 17 guest-stop fail like 127301
test-amd64-i386-xl-qemuu-win7-amd64 17 guest-stop fail like 127301
test-amd64-i386-xl-qemut-win7-amd64 17 guest-stop fail like 127301
test-amd64-amd64-xl-qemuu-ws16-amd64 17 guest-stop fail like 127301
test-amd64-amd64-xl-qemut-ws16-amd64 17 guest-stop fail like 127301
test-amd64-i386-xl-qemuu-ws16-amd64 17 guest-stop fail like 127301
build-amd64-xen-xsm-freebsd 7 xen-build-freebsd fail never pass
test-amd64-i386-xl-pvshim 12 guest-start fail never pass
test-amd64-i386-libvirt-xsm 13 migrate-support-check fail never pass
test-amd64-amd64-libvirt 13 migrate-support-check fail never pass
test-arm64-arm64-xl-xsm 13 migrate-support-check fail never pass
test-arm64-arm64-xl-xsm 14 saverestore-support-check fail never pass
test-arm64-arm64-xl-credit2 13 migrate-support-check fail never pass
test-arm64-arm64-xl 13 migrate-support-check fail never pass
test-arm64-arm64-xl-credit2 14 saverestore-support-check fail never pass
test-arm64-arm64-xl 14 saverestore-support-check fail never pass
test-arm64-arm64-libvirt-xsm 13 migrate-support-check fail never pass
test-arm64-arm64-libvirt-xsm 14 saverestore-support-check fail never pass
test-amd64-i386-libvirt 13 migrate-support-check fail never pass
test-amd64-amd64-libvirt-xsm 13 migrate-support-check fail never pass
test-amd64-i386-libvirt-qemuu-debianhvm-amd64-xsm 11 migrate-support-check fail never pass
test-amd64-amd64-libvirt-qemuu-debianhvm-amd64-xsm 11 migrate-support-check fail never pass
test-armhf-armhf-xl-arndale 13 migrate-support-check fail never pass
test-armhf-armhf-xl-arndale 14 saverestore-support-check fail never pass
test-amd64-amd64-qemuu-nested-amd 17 debian-hvm-install/l1/l2 fail never pass
test-amd64-amd64-libvirt-vhd 12 migrate-support-check fail never pass
test-armhf-armhf-xl-credit2 13 migrate-support-check fail never pass
test-armhf-armhf-xl-credit2 14 saverestore-support-check fail never pass
test-armhf-armhf-xl-cubietruck 13 migrate-support-check fail never pass
test-armhf-armhf-xl-rtds 13 migrate-support-check fail never pass
test-armhf-armhf-xl-rtds 14 saverestore-support-check fail never pass
test-armhf-armhf-xl-cubietruck 14 saverestore-support-check fail never pass
test-armhf-armhf-libvirt 13 migrate-support-check fail never pass
test-armhf-armhf-xl-multivcpu 13 migrate-support-check fail never pass
test-armhf-armhf-xl-multivcpu 14 saverestore-support-check fail never pass
test-armhf-armhf-libvirt-raw 12 migrate-support-check fail never pass
test-armhf-armhf-xl 13 migrate-support-check fail never pass
test-armhf-armhf-xl 14 saverestore-support-check fail never pass
test-amd64-i386-xl-qemut-ws16-amd64 17 guest-stop fail never pass
test-armhf-armhf-xl-vhd 12 migrate-support-check fail never pass
test-armhf-armhf-xl-vhd 13 saverestore-support-check fail never pass
test-amd64-i386-xl-qemuu-win10-i386 10 windows-install fail never pass
test-amd64-amd64-xl-qemuu-win10-i386 10 windows-install fail never pass
test-amd64-amd64-xl-qemut-win10-i386 10 windows-install fail never pass
test-amd64-i386-xl-qemut-win10-i386 10 windows-install fail never pass
version targeted for testing:
xen 2c0b1824b1cb33a2610f3f55299247f9e0464466
baseline version:
xen da3bd8111858a1fb045a6ddc0b36d72164d9c5dd
Last test of basis 127301 2018-09-05 08:15:56 Z 1 days
Testing same since 127327 2018-09-06 03:41:22 Z 0 days 1 attempts
------------------------------------------------------------
People who touched revisions under test:
Boris Ostrovsky <boris.ostrovsky@oracle.com>
Jan Beulich <jbeulich@suse.com>
Juergen Gross <jgross@suse.com>
Julien Grall <julien.grall@arm.com>
Razvan Cojocaru <rcojocaru@bitdefender.com>
Vitaly Kuznetsov <vkuznets@redhat.com>
Wei Liu <wei.liu2@citrix.com>
jobs:
build-amd64-xsm pass
build-arm64-xsm pass
build-i386-xsm pass
build-amd64-xtf pass
build-amd64 pass
build-arm64 pass
build-armhf pass
build-amd64-xen-freebsd broken
build-amd64-xen-xsm-freebsd fail
build-i386 pass
build-amd64-libvirt pass
build-arm64-libvirt pass
build-armhf-libvirt pass
build-i386-libvirt pass
build-amd64-prev pass
build-i386-prev pass
build-amd64-pvops pass
build-arm64-pvops pass
build-armhf-pvops pass
build-i386-pvops pass
build-amd64-rumprun pass
build-i386-rumprun pass
test-xtf-amd64-amd64-1 pass
test-xtf-amd64-amd64-2 pass
test-xtf-amd64-amd64-3 pass
test-xtf-amd64-amd64-4 pass
test-xtf-amd64-amd64-5 pass
test-amd64-amd64-xl pass
test-arm64-arm64-xl pass
test-armhf-armhf-xl pass
test-amd64-i386-xl pass
test-amd64-amd64-xl-qemut-debianhvm-amd64-xsm pass
test-amd64-i386-xl-qemut-debianhvm-amd64-xsm pass
test-amd64-amd64-libvirt-qemuu-debianhvm-amd64-xsm pass
test-amd64-i386-libvirt-qemuu-debianhvm-amd64-xsm pass
test-amd64-amd64-xl-qemuu-debianhvm-amd64-xsm pass
test-amd64-i386-xl-qemuu-debianhvm-amd64-xsm pass
test-amd64-amd64-xl-qemut-stubdom-debianhvm-amd64-xsm pass
test-amd64-i386-xl-qemut-stubdom-debianhvm-amd64-xsm pass
test-amd64-amd64-libvirt-xsm pass
test-arm64-arm64-libvirt-xsm pass
test-amd64-i386-libvirt-xsm pass
test-amd64-amd64-xl-xsm pass
test-arm64-arm64-xl-xsm pass
test-amd64-i386-xl-xsm pass
test-amd64-amd64-qemuu-nested-amd fail
test-amd64-amd64-xl-pvhv2-amd pass
test-amd64-i386-qemut-rhel6hvm-amd pass
test-amd64-i386-qemuu-rhel6hvm-amd pass
test-amd64-amd64-xl-qemut-debianhvm-amd64 pass
test-amd64-i386-xl-qemut-debianhvm-amd64 pass
test-amd64-amd64-xl-qemuu-debianhvm-amd64 pass
test-amd64-i386-xl-qemuu-debianhvm-amd64 pass
test-amd64-i386-freebsd10-amd64 pass
test-amd64-amd64-xl-qemuu-ovmf-amd64 pass
test-amd64-i386-xl-qemuu-ovmf-amd64 pass
test-amd64-amd64-rumprun-amd64 pass
test-amd64-amd64-xl-qemut-win7-amd64 fail
test-amd64-i386-xl-qemut-win7-amd64 fail
test-amd64-amd64-xl-qemuu-win7-amd64 fail
test-amd64-i386-xl-qemuu-win7-amd64 fail
test-amd64-amd64-xl-qemut-ws16-amd64 fail
test-amd64-i386-xl-qemut-ws16-amd64 fail
test-amd64-amd64-xl-qemuu-ws16-amd64 fail
test-amd64-i386-xl-qemuu-ws16-amd64 fail
test-armhf-armhf-xl-arndale pass
test-amd64-amd64-xl-credit2 pass
test-arm64-arm64-xl-credit2 pass
test-armhf-armhf-xl-credit2 pass
test-armhf-armhf-xl-cubietruck pass
test-amd64-amd64-xl-qemuu-dmrestrict-amd64-dmrestrict pass
test-amd64-i386-xl-qemuu-dmrestrict-amd64-dmrestrict pass
test-amd64-amd64-examine pass
test-arm64-arm64-examine pass
test-armhf-armhf-examine fail
test-amd64-i386-examine pass
test-amd64-i386-freebsd10-i386 pass
test-amd64-i386-rumprun-i386 pass
test-amd64-amd64-xl-qemut-win10-i386 fail
test-amd64-i386-xl-qemut-win10-i386 fail
test-amd64-amd64-xl-qemuu-win10-i386 fail
test-amd64-i386-xl-qemuu-win10-i386 fail
test-amd64-amd64-qemuu-nested-intel pass
test-amd64-amd64-xl-pvhv2-intel pass
test-amd64-i386-qemut-rhel6hvm-intel pass
test-amd64-i386-qemuu-rhel6hvm-intel pass
test-amd64-amd64-libvirt pass
test-armhf-armhf-libvirt pass
test-amd64-i386-libvirt pass
test-amd64-amd64-livepatch pass
test-amd64-i386-livepatch pass
test-amd64-amd64-migrupgrade pass
test-amd64-i386-migrupgrade pass
test-amd64-amd64-xl-multivcpu pass
test-armhf-armhf-xl-multivcpu pass
test-amd64-amd64-pair pass
test-amd64-i386-pair pass
test-amd64-amd64-libvirt-pair pass
test-amd64-i386-libvirt-pair pass
test-amd64-amd64-amd64-pvgrub pass
test-amd64-amd64-i386-pvgrub pass
test-amd64-amd64-xl-pvshim pass
test-amd64-i386-xl-pvshim fail
test-amd64-amd64-pygrub pass
test-amd64-amd64-xl-qcow2 pass
test-armhf-armhf-libvirt-raw pass
test-amd64-i386-xl-raw pass
test-amd64-amd64-xl-rtds pass
test-armhf-armhf-xl-rtds pass
test-amd64-amd64-xl-qemuu-debianhvm-amd64-shadow pass
test-amd64-i386-xl-qemuu-debianhvm-amd64-shadow pass
test-amd64-amd64-xl-shadow pass
test-amd64-i386-xl-shadow pass
test-amd64-amd64-libvirt-vhd pass
test-armhf-armhf-xl-vhd pass
------------------------------------------------------------
sg-report-flight on osstest.test-lab.xenproject.org
logs: /home/logs/logs
images: /home/logs/images
Logs, config files, etc. are available at
http://logs.test-lab.xenproject.org/osstest/logs
Explanation of these reports, and of osstest in general, is at
http://xenbits.xen.org/gitweb/?p=osstest.git;a=blob;f=README.email;hb=master
http://xenbits.xen.org/gitweb/?p=osstest.git;a=blob;f=README;hb=master
Test harness code can be found at
http://xenbits.xen.org/gitweb?p=osstest.git;a=summary
broken-job build-amd64-xen-freebsd broken
broken-step build-amd64-xen-freebsd host-install(5)
Not pushing.
------------------------------------------------------------
commit 2c0b1824b1cb33a2610f3f55299247f9e0464466
Author: Juergen Gross <jgross@suse.com>
Date: Mon Sep 3 14:59:42 2018 +0200
tools/xl: refuse to set number of vcpus to 0 via xl vcpu-set
Trying to set the number of vcpus of a domain to 0 isn't refused.
We should not allow that.
Signed-off-by: Juergen Gross <jgross@suse.com>
Acked-by: Wei Liu <wei.liu2@citrix.com>
Signed-off-by: Wei Liu <wei.liu2@citrix.com>
commit 780e2d309812e54353259bb9e6c28886e994b065
Author: Juergen Gross <jgross@suse.com>
Date: Fri Aug 31 17:22:05 2018 +0200
xen: fill topology info for all present cpus
The topology information obtainable via XEN_SYSCTL_cputopoinfo is
filled rather weird: the size of the array is derived from the highest
online cpu number, so in case there are trailing offline cpus they
will not be included.
On a dual core system with 4 threads booted with smt=0 without this
patch xl info -n will print:
cpu_topology :
cpu: core socket node
0: 0 0 0
1: 0 0 0
2: 1 0 0
while with this patch the output is:
cpu_topology :
cpu: core socket node
0: 0 0 0
1: 0 0 0
2: 1 0 0
3: 1 0 0
Signed-off-by: Juergen Gross <jgross@suse.com>
Reviewed-by: Wei Liu <wei.liu2@citrix.com>
Reviewed-by: Jan Beulich <jbeulich@suse.com>
Acked-by: Julien Grall <julien.grall@arm.com>
commit 2ec5339ec9218fbf1583fa85b74d1d2f15f1b3b8
Author: Juergen Gross <jgross@suse.com>
Date: Fri Aug 31 17:22:04 2018 +0200
tools/libxl: correct vcpu affinity output with sparse physical cpu map
With not all physical cpus online (e.g. with smt=0) the output of hte
vcpu affinities is wrong, as the affinity bitmaps are capped after
nr_cpus bits, instead of using max_cpu_id.
Signed-off-by: Juergen Gross <jgross@suse.com>
Acked-by: Wei Liu <wei.liu2@citrix.com>
commit 30a970906038a4d360e1f7ee29ba80ef832dd78b
Author: Vitaly Kuznetsov <vkuznets@redhat.com>
Date: Tue Sep 4 13:39:29 2018 +0200
libxl: create control/sysrq xenstore node
'xl sysrq' command doesn't work with modern Linux guests with the following
message in guest's log:
xen:manage: sysrq_handler: Error -13 writing sysrq in control/sysrq
xenstore trace confirms:
IN 0x24bd9a0 20180904 04:36:32 WRITE (control/sysrq )
OUT 0x24bd9a0 20180904 04:36:32 ERROR (EACCES )
The problem seems to be in the fact that we don't pre-create control/sysrq
xenstore node and libxl_send_sysrq() doing libxl__xs_printf() creates it as
read-only. As we want to allow guests to clean 'control/sysrq' after the
requested action is performed, we need to make this node writable.
Signed-off-by: Vitaly Kuznetsov <vkuznets@redhat.com>
Acked-by: Wei Liu <wei.liu2@citrix.com>
commit 6de6c8d306c091eb7381575d250beaf2eeaf02df
Author: Juergen Gross <jgross@suse.com>
Date: Mon Sep 3 13:26:30 2018 +0200
tools/xl: fix output of xl vcpu-pin dry run with smt=0
Fix another smt=0 fallout: xl -N vcpu-pin prints only parts of the
affinities as it is using the number of online cpus instead of the
maximum cpu number.
Signed-off-by: Juergen Gross <jgross@suse.com>
Acked-by: Wei Liu <wei.liu2@citrix.com>
commit e2f092127a8ce9c2b0538d1804329f364cc9da2c
Author: Wei Liu <wei.liu2@citrix.com>
Date: Tue Sep 4 17:15:21 2018 +0100
x86: monitor.o is currently HVM only
There has been plan to make PV work, but it is not yet there. Provide
stubs to make it build with !CONFIG_HVM.
Signed-off-by: Wei Liu <wei.liu2@citrix.com>
Acked-by: Razvan Cojocaru <rcojocaru@bitdefender.com>
commit 9d7cda4c2deeae38a322ae28ea4eeb08e7ae8729
Author: Wei Liu <wei.liu2@citrix.com>
Date: Tue Sep 4 17:15:18 2018 +0100
x86: change name of parameter for various invlpg functions
They all incorrectly named a parameter virtual address while it should
have been linear address.
Requested-by: Andrew Cooper <andrew.cooper3@citrix.com>
Signed-off-by: Wei Liu <wei.liu2@citrix.com>
Acked-by: Jan Beulich <jbeulich@suse.com>
Reviewed-by: Kevin Tian <kevin.tian@intel.com>
Acked-by: Boris Ostrovsky <boris.ostrovsky@oracle.com>
(qemu changes not included)
_______________________________________________
Xen-devel mailing list
Xen-devel@lists.xenproject.org
https://lists.xenproject.org/mailman/listinfo/xen-devel
^ permalink raw reply [flat|nested] only message in thread
only message in thread, other threads:[~2018-09-06 21:16 UTC | newest]
Thread overview: (only message) (download: mbox.gz follow: Atom feed
-- links below jump to the message on this page --
2018-09-06 21:16 [xen-unstable test] 127327: regressions - trouble: broken/fail/pass osstest service owner
This is a public inbox, see mirroring instructions
for how to clone and mirror all data and code used for this inbox;
as well as URLs for NNTP newsgroup(s).