xen-devel.lists.xenproject.org archive mirror
 help / color / mirror / Atom feed
From: osstest service owner <osstest-admin@xenproject.org>
To: xen-devel@lists.xenproject.org, osstest-admin@xenproject.org
Subject: [linux-4.14 test] 127464: tolerable FAIL - PUSHED
Date: Mon, 10 Sep 2018 19:23:05 +0000	[thread overview]
Message-ID: <osstest-127464-mainreport@xen.org> (raw)

flight 127464 linux-4.14 real [real]
http://logs.test-lab.xenproject.org/osstest/logs/127464/

Failures :-/ but no regressions.

Tests which are failing intermittently (not blocking):
 test-amd64-amd64-xl-qemuu-debianhvm-amd64-xsm 16 guest-localmigrate/x10 fail in 127453 pass in 127464
 test-amd64-amd64-examine      4 memdisk-try-append         fail pass in 127453

Tests which did not succeed, but are not blocking:
 test-amd64-amd64-libvirt-xsm 13 migrate-support-check        fail   never pass
 test-amd64-amd64-libvirt     13 migrate-support-check        fail   never pass
 test-amd64-i386-xl-pvshim    12 guest-start                  fail   never pass
 test-amd64-i386-libvirt-xsm  13 migrate-support-check        fail   never pass
 test-amd64-i386-libvirt      13 migrate-support-check        fail   never pass
 test-arm64-arm64-libvirt-xsm 13 migrate-support-check        fail   never pass
 test-arm64-arm64-libvirt-xsm 14 saverestore-support-check    fail   never pass
 test-arm64-arm64-xl          13 migrate-support-check        fail   never pass
 test-arm64-arm64-xl          14 saverestore-support-check    fail   never pass
 test-amd64-i386-libvirt-qemuu-debianhvm-amd64-xsm 11 migrate-support-check fail never pass
 test-arm64-arm64-xl-credit2  13 migrate-support-check        fail   never pass
 test-arm64-arm64-xl-credit2  14 saverestore-support-check    fail   never pass
 test-amd64-amd64-libvirt-qemuu-debianhvm-amd64-xsm 11 migrate-support-check fail never pass
 test-armhf-armhf-xl-rtds     13 migrate-support-check        fail   never pass
 test-armhf-armhf-xl-rtds     14 saverestore-support-check    fail   never pass
 test-armhf-armhf-xl-arndale  13 migrate-support-check        fail   never pass
 test-armhf-armhf-xl-arndale  14 saverestore-support-check    fail   never pass
 test-amd64-amd64-qemuu-nested-amd 17 debian-hvm-install/l1/l2  fail never pass
 test-amd64-amd64-libvirt-vhd 12 migrate-support-check        fail   never pass
 test-armhf-armhf-xl-credit2  13 migrate-support-check        fail   never pass
 test-armhf-armhf-xl-credit2  14 saverestore-support-check    fail   never pass
 test-armhf-armhf-libvirt     13 migrate-support-check        fail   never pass
 test-armhf-armhf-libvirt     14 saverestore-support-check    fail   never pass
 test-armhf-armhf-xl          13 migrate-support-check        fail   never pass
 test-armhf-armhf-xl          14 saverestore-support-check    fail   never pass
 test-armhf-armhf-xl-multivcpu 13 migrate-support-check        fail  never pass
 test-armhf-armhf-xl-multivcpu 14 saverestore-support-check    fail  never pass
 test-armhf-armhf-xl-cubietruck 13 migrate-support-check        fail never pass
 test-armhf-armhf-xl-cubietruck 14 saverestore-support-check    fail never pass
 test-amd64-i386-xl-qemut-win7-amd64 17 guest-stop              fail never pass
 test-amd64-amd64-xl-qemuu-win7-amd64 17 guest-stop             fail never pass
 test-amd64-amd64-xl-qemuu-ws16-amd64 17 guest-stop             fail never pass
 test-armhf-armhf-xl-vhd      12 migrate-support-check        fail   never pass
 test-armhf-armhf-xl-vhd      13 saverestore-support-check    fail   never pass
 test-amd64-i386-xl-qemuu-win7-amd64 17 guest-stop              fail never pass
 test-arm64-arm64-xl-xsm      13 migrate-support-check        fail   never pass
 test-arm64-arm64-xl-xsm      14 saverestore-support-check    fail   never pass
 test-armhf-armhf-libvirt-raw 12 migrate-support-check        fail   never pass
 test-armhf-armhf-libvirt-raw 13 saverestore-support-check    fail   never pass
 test-amd64-amd64-xl-qemut-ws16-amd64 17 guest-stop             fail never pass
 test-amd64-amd64-xl-qemut-win7-amd64 17 guest-stop             fail never pass
 test-amd64-i386-xl-qemuu-ws16-amd64 17 guest-stop              fail never pass
 test-amd64-i386-xl-qemut-ws16-amd64 17 guest-stop              fail never pass
 test-amd64-i386-xl-qemut-win10-i386 10 windows-install         fail never pass
 test-amd64-amd64-xl-qemut-win10-i386 10 windows-install        fail never pass
 test-amd64-amd64-xl-qemuu-win10-i386 10 windows-install        fail never pass
 test-amd64-i386-xl-qemuu-win10-i386 10 windows-install         fail never pass

version targeted for testing:
 linux                7fe7a0f4c5cf9e7f5b7cb67c1341cdbf62ed4c30
baseline version:
 linux                ee13f7edca5838436feefde90ed1b2ebb07c4184

Last test of basis   127297  2018-09-05 07:46:02 Z    5 days
Testing same since   127453  2018-09-09 18:11:08 Z    1 days    2 attempts

------------------------------------------------------------
People who touched revisions under test:
  Aditya Kali <adityakali@google.com>
  Adrian Hunter <adrian.hunter@intel.com>
  Alexander Aring <aring@mojatatu.com>
  Alexandre Belloni <alexandre.belloni@bootlin.com>
  Alexandru Ardelean <alexandru.ardelean@analog.com>
  Amir Goldstein <amir73il@gmail.com>
  Andrew Donnellan <andrew.donnellan@au1.ibm.com>
  Andrew Morton <akpm@linux-foundation.org>
  Anna Schumaker <Anna.Schumaker@Netapp.com>
  Arnaldo Carvalho de Melo <acme@redhat.com>
  Bart Van Assche <bart.vanassche@wdc.com>
  Bartlomiej Zolnierkiewicz <b.zolnierkie@samsung.com>
  Bartosz Golaszewski <bgolaszewski@baylibre.com>
  Benjamin Herrenschmidt <benh@kernel.crashing.org>
  Bill Baker <bill.baker@oracle.com>
  Bjorn Helgaas <bhelgaas@google.com>
  Chanwoo Choi <cw00.choi@samsung.com>
  Chirantan Ekbote <chirantan@chromium.org>
  Chris Wilson <chris@chris-wilson.co.uk>
  Christian Brauner <christian@brauner.io>
  Coly Li <colyli@suse.de>
  Dan Carpenter <dan.carpenter@oracle.com>
  Daniel Mack <daniel@zonque.org>
  David Howells <dhowells@redhat.com>
  Dexuan Cui <decui@microsoft.com>
  Dominique Martinet <dominique.martinet@cea.fr>
  Eddie Horng <eddie.horng@mediatek.com>
  Eddie.Horng <eddie.horng@mediatek.com>
  Eric W. Biederman <ebiederm@xmission.com>
  Frederic Barrat <fbarrat@linux.vnet.ibm.com>
  Frederick Lawler <fred@fredlawl.com>
  Greg Kroah-Hartman <gregkh@linuxfoundation.org>
  Greg Kurz <groug@kaod.org>
  Gustavo A. R. Silva <gustavo@embeddedor.com>
  Hans Verkuil <hans.verkuil@cisco.com>
  Hari Bathini <hbathini@linux.ibm.com>
  Helen Chao <helen.chao@oracle.com>
  Henry Willard <henry.willard@oracle.com>
  Herbert Xu <herbert@gondor.apana.org.au>
  Horia Geantă <horia.geanta@nxp.com>
  Hou Tao <houtao1@huawei.com>
  Ilya Dryomov <idryomov@gmail.com>
  Jacob Pan <jacob.jun.pan@linux.intel.com>
  James Morse <james.morse@arm.com>
  Jan Kara <jack@suse.cz>
  Jan Kotas <jank@cadence.com>
  Janek Kotas <jank@cadence.com>
  Jann Horn <jannh@google.com>
  Jarkko Nikula <jarkko.nikula@linux.intel.com>
  Jason Gunthorpe <jgg@mellanox.com>
  Jassi Brar <jaswinder.singh@linaro.org>
  Javier Martinez Canillas <javierm@redhat.com>
  Jens Axboe <axboe@kernel.dk>
  Jeremy Cline <jcline@redhat.com>
  jiangyiwen <jiangyiwen@huawei.com>
  Jiri Kosina <jkosina@suse.cz>
  Joerg Roedel <jroedel@suse.de>
  Johan Hovold <johan@kernel.org>
  Jon Hunter <jonathanh@nvidia.com>
  Jonathan Cameron <Jonathan.Cameron@huawei.com>
  Josh Poimboeuf <jpoimboe@redhat.com>
  Jun Piao <piaojun@huawei.com>
  K. Y. Srinivasan <kys@microsoft.com>
  Kalle Valo <kvalo@codeaurora.org>
  Kamalesh Babulal <kamalesh@linux.vnet.ibm.com>
  Krzysztof Kozlowski <krzk@kernel.org>
  Lars-Peter Clausen <lars@metafoo.de>
  Lee Jones <lee.jones@linaro.org>
  Linus Torvalds <torvalds@linux-foundation.org>
  Maciej S. Szmigiero <mail@maciej.szmigiero.name>
  Mahesh Salgaonkar <mahesh@linux.vnet.ibm.com>
  Mark Brown <broonie@kernel.org>
  Markus Stockhausen <stockhausen@collogia.de>
  Markus Stockhausen stockhausen@collogia.de
  Masami Hiramatsu <mhiramat@kernel.org>
  Matthew Auld <matthew.auld@intel.com>
  Mauro Carvalho Chehab <mchehab+samsung@kernel.org>
  Max Filippov <jcmvbkbc@gmail.com>
  Michael Ellerman <mpe@ellerman.id.au>
  Mika Westerberg <mika.westerberg@linux.intel.com>
  Mike Snitzer <snitzer@redhat.com>
  Miklos Szeredi <mszeredi@redhat.com>
  Mikulas Patocka <mpatocka@redhat.com>
  Minchan Kim <minchan@kernel.org>
  Ming Lei <ming.lei@redhat.com>
  Nadav Amit <nadav.amit@gmail.com>
  Nadav Amit <namit@vmware.com>
  Oleg Nesterov <oleg@redhat.com>
  Ondrej Mosnacek <omosnace@redhat.com>
  Paolo Bonzini <pbonzini@redhat.com>
  Patrick Steinhardt <ps@pks.im>
  Paul Mackerras <paulus@ozlabs.org>
  Peter Kalauskas <peskal@google.com>
  Peter Zijlstra (Intel) <peterz@infradead.org>
  Peter Zijlstra <peterz@infradead.org>
  Petr Mladek <pmladek@suse.com>
  piaojun <piaojun@huawei.com>
  Rafael David Tinoco <rafael.tinoco@linaro.org>
  Rafael J. Wysocki <rafael.j.wysocki@intel.com>
  Richard Weinberger <richard@nod.at>
  Rik van Riel <riel@surriel.com>
  Serge E. Hallyn <serge@hallyn.com>
  Serge Hallyn <serge@hallyn.com>
  Sergei Shtylyov <sergei.shtylyov@cogentembedded.com>
  Sergey Senozhatsky <sergey.senozhatsky@gmail.com>
  Shan Hai <shan.hai@oracle.com>
  Shenghui Wang <shhuiw@foxmail.com>
  Stefan Schmidt <stefan@datenfreihafen.org>
  Steven Rostedt (VMware) <rostedt@goodmis.org>
  Thierry Reding <thierry.reding@gmail.com>
  Thierry Reding <treding@nvidia.com>
  Tomas Bortoli <tomasbortoli@gmail.com>
  Tony Lindgren <tony@atomide.com>
  Trond Myklebust <trond.myklebust@hammerspace.com>
  Trond Myklebust <trondmy@gmail.com>
  Tycho Andersen <tycho@tycho.ws>
  Ulf Hansson <ulf.hansson@linaro.org>
  Vaibhav Jain <vaibhav@linux.ibm.com>
  Vignesh R <vigneshr@ti.com>
  Vishal Verma <vishal.l.verma@intel.com>
  Will Deacon <will.deacon@arm.com>
  xiao jin <jin.xiao@intel.com>
  Yannik Sembritzki <yannik@sembritzki.me>
  Yiwen Jiang <jiangyiwen@huawei.com>
  zhangyi (F) <yi.zhang@huawei.com>

jobs:
 build-amd64-xsm                                              pass    
 build-arm64-xsm                                              pass    
 build-i386-xsm                                               pass    
 build-amd64                                                  pass    
 build-arm64                                                  pass    
 build-armhf                                                  pass    
 build-i386                                                   pass    
 build-amd64-libvirt                                          pass    
 build-arm64-libvirt                                          pass    
 build-armhf-libvirt                                          pass    
 build-i386-libvirt                                           pass    
 build-amd64-pvops                                            pass    
 build-arm64-pvops                                            pass    
 build-armhf-pvops                                            pass    
 build-i386-pvops                                             pass    
 build-amd64-rumprun                                          pass    
 build-i386-rumprun                                           pass    
 test-amd64-amd64-xl                                          pass    
 test-arm64-arm64-xl                                          pass    
 test-armhf-armhf-xl                                          pass    
 test-amd64-i386-xl                                           pass    
 test-amd64-amd64-xl-qemut-debianhvm-amd64-xsm                pass    
 test-amd64-i386-xl-qemut-debianhvm-amd64-xsm                 pass    
 test-amd64-amd64-libvirt-qemuu-debianhvm-amd64-xsm           pass    
 test-amd64-i386-libvirt-qemuu-debianhvm-amd64-xsm            pass    
 test-amd64-amd64-xl-qemuu-debianhvm-amd64-xsm                pass    
 test-amd64-i386-xl-qemuu-debianhvm-amd64-xsm                 pass    
 test-amd64-amd64-xl-qemut-stubdom-debianhvm-amd64-xsm        pass    
 test-amd64-i386-xl-qemut-stubdom-debianhvm-amd64-xsm         pass    
 test-amd64-amd64-libvirt-xsm                                 pass    
 test-arm64-arm64-libvirt-xsm                                 pass    
 test-amd64-i386-libvirt-xsm                                  pass    
 test-amd64-amd64-xl-xsm                                      pass    
 test-arm64-arm64-xl-xsm                                      pass    
 test-amd64-i386-xl-xsm                                       pass    
 test-amd64-amd64-qemuu-nested-amd                            fail    
 test-amd64-amd64-xl-pvhv2-amd                                pass    
 test-amd64-i386-qemut-rhel6hvm-amd                           pass    
 test-amd64-i386-qemuu-rhel6hvm-amd                           pass    
 test-amd64-amd64-xl-qemut-debianhvm-amd64                    pass    
 test-amd64-i386-xl-qemut-debianhvm-amd64                     pass    
 test-amd64-amd64-xl-qemuu-debianhvm-amd64                    pass    
 test-amd64-i386-xl-qemuu-debianhvm-amd64                     pass    
 test-amd64-i386-freebsd10-amd64                              pass    
 test-amd64-amd64-xl-qemuu-ovmf-amd64                         pass    
 test-amd64-i386-xl-qemuu-ovmf-amd64                          pass    
 test-amd64-amd64-rumprun-amd64                               pass    
 test-amd64-amd64-xl-qemut-win7-amd64                         fail    
 test-amd64-i386-xl-qemut-win7-amd64                          fail    
 test-amd64-amd64-xl-qemuu-win7-amd64                         fail    
 test-amd64-i386-xl-qemuu-win7-amd64                          fail    
 test-amd64-amd64-xl-qemut-ws16-amd64                         fail    
 test-amd64-i386-xl-qemut-ws16-amd64                          fail    
 test-amd64-amd64-xl-qemuu-ws16-amd64                         fail    
 test-amd64-i386-xl-qemuu-ws16-amd64                          fail    
 test-armhf-armhf-xl-arndale                                  pass    
 test-amd64-amd64-xl-credit2                                  pass    
 test-arm64-arm64-xl-credit2                                  pass    
 test-armhf-armhf-xl-credit2                                  pass    
 test-armhf-armhf-xl-cubietruck                               pass    
 test-amd64-amd64-xl-qemuu-dmrestrict-amd64-dmrestrict        pass    
 test-amd64-i386-xl-qemuu-dmrestrict-amd64-dmrestrict         pass    
 test-amd64-amd64-examine                                     pass    
 test-arm64-arm64-examine                                     pass    
 test-armhf-armhf-examine                                     pass    
 test-amd64-i386-examine                                      pass    
 test-amd64-i386-freebsd10-i386                               pass    
 test-amd64-i386-rumprun-i386                                 pass    
 test-amd64-amd64-xl-qemut-win10-i386                         fail    
 test-amd64-i386-xl-qemut-win10-i386                          fail    
 test-amd64-amd64-xl-qemuu-win10-i386                         fail    
 test-amd64-i386-xl-qemuu-win10-i386                          fail    
 test-amd64-amd64-qemuu-nested-intel                          pass    
 test-amd64-amd64-xl-pvhv2-intel                              pass    
 test-amd64-i386-qemut-rhel6hvm-intel                         pass    
 test-amd64-i386-qemuu-rhel6hvm-intel                         pass    
 test-amd64-amd64-libvirt                                     pass    
 test-armhf-armhf-libvirt                                     pass    
 test-amd64-i386-libvirt                                      pass    
 test-amd64-amd64-xl-multivcpu                                pass    
 test-armhf-armhf-xl-multivcpu                                pass    
 test-amd64-amd64-pair                                        pass    
 test-amd64-i386-pair                                         pass    
 test-amd64-amd64-libvirt-pair                                pass    
 test-amd64-i386-libvirt-pair                                 pass    
 test-amd64-amd64-amd64-pvgrub                                pass    
 test-amd64-amd64-i386-pvgrub                                 pass    
 test-amd64-amd64-xl-pvshim                                   pass    
 test-amd64-i386-xl-pvshim                                    fail    
 test-amd64-amd64-pygrub                                      pass    
 test-amd64-amd64-xl-qcow2                                    pass    
 test-armhf-armhf-libvirt-raw                                 pass    
 test-amd64-i386-xl-raw                                       pass    
 test-amd64-amd64-xl-rtds                                     pass    
 test-armhf-armhf-xl-rtds                                     pass    
 test-amd64-amd64-xl-qemuu-debianhvm-amd64-shadow             pass    
 test-amd64-i386-xl-qemuu-debianhvm-amd64-shadow              pass    
 test-amd64-amd64-xl-shadow                                   pass    
 test-amd64-i386-xl-shadow                                    pass    
 test-amd64-amd64-libvirt-vhd                                 pass    
 test-armhf-armhf-xl-vhd                                      pass    


------------------------------------------------------------
sg-report-flight on osstest.test-lab.xenproject.org
logs: /home/logs/logs
images: /home/logs/images

Logs, config files, etc. are available at
    http://logs.test-lab.xenproject.org/osstest/logs

Explanation of these reports, and of osstest in general, is at
    http://xenbits.xen.org/gitweb/?p=osstest.git;a=blob;f=README.email;hb=master
    http://xenbits.xen.org/gitweb/?p=osstest.git;a=blob;f=README;hb=master

Test harness code can be found at
    http://xenbits.xen.org/gitweb?p=osstest.git;a=summary


Pushing revision :

To xenbits.xen.org:/home/xen/git/linux-pvops.git
   ee13f7edca58..7fe7a0f4c5cf  7fe7a0f4c5cf9e7f5b7cb67c1341cdbf62ed4c30 -> tested/linux-4.14

_______________________________________________
Xen-devel mailing list
Xen-devel@lists.xenproject.org
https://lists.xenproject.org/mailman/listinfo/xen-devel

                 reply	other threads:[~2018-09-10 19:23 UTC|newest]

Thread overview: [no followups] expand[flat|nested]  mbox.gz  Atom feed

Reply instructions:

You may reply publicly to this message via plain-text email
using any one of the following methods:

* Save the following mbox file, import it into your mail client,
  and reply-to-all from there: mbox

  Avoid top-posting and favor interleaved quoting:
  https://en.wikipedia.org/wiki/Posting_style#Interleaved_style

* Reply using the --to, --cc, and --in-reply-to
  switches of git-send-email(1):

  git send-email \
    --in-reply-to=osstest-127464-mainreport@xen.org \
    --to=osstest-admin@xenproject.org \
    --cc=xen-devel@lists.xenproject.org \
    /path/to/YOUR_REPLY

  https://kernel.org/pub/software/scm/git/docs/git-send-email.html

* If your mail client supports setting the In-Reply-To header
  via mailto: links, try the mailto: link
Be sure your reply has a Subject: header at the top and a blank line before the message body.
This is a public inbox, see mirroring instructions
for how to clone and mirror all data and code used for this inbox;
as well as URLs for NNTP newsgroup(s).