From: osstest service owner <osstest-admin@xenproject.org>
To: xen-devel@lists.xenproject.org, osstest-admin@xenproject.org
Subject: [linux-linus test] 127535: regressions - FAIL
Date: Wed, 12 Sep 2018 23:08:09 +0000 [thread overview]
Message-ID: <osstest-127535-mainreport@xen.org> (raw)
flight 127535 linux-linus real [real]
http://logs.test-lab.xenproject.org/osstest/logs/127535/
Regressions :-(
Tests which did not succeed and are blocking,
including tests which could not be run:
test-amd64-amd64-xl-qemut-stubdom-debianhvm-amd64-xsm 10 debian-hvm-install fail REGR. vs. 125898
test-amd64-i386-rumprun-i386 12 guest-start fail REGR. vs. 125898
test-amd64-amd64-qemuu-nested-intel 10 debian-hvm-install fail REGR. vs. 125898
test-amd64-amd64-rumprun-amd64 12 guest-start fail REGR. vs. 125898
test-amd64-i386-xl-shadow 12 guest-start fail REGR. vs. 125898
test-amd64-amd64-xl-qemuu-debianhvm-amd64-shadow 10 debian-hvm-install fail REGR. vs. 125898
test-amd64-i386-xl-qemuu-debianhvm-amd64-shadow 10 debian-hvm-install fail REGR. vs. 125898
test-amd64-amd64-libvirt-vhd 10 debian-di-install fail REGR. vs. 125898
test-amd64-amd64-pair 21 guest-start/debian fail REGR. vs. 125898
test-amd64-i386-libvirt-xsm 12 guest-start fail REGR. vs. 125898
test-amd64-amd64-qemuu-nested-amd 10 debian-hvm-install fail REGR. vs. 125898
test-amd64-amd64-xl-qemuu-ovmf-amd64 10 debian-hvm-install fail REGR. vs. 125898
test-amd64-amd64-libvirt 12 guest-start fail REGR. vs. 125898
test-amd64-i386-xl-qemuu-debianhvm-amd64-xsm 10 debian-hvm-install fail REGR. vs. 125898
test-amd64-i386-libvirt-qemuu-debianhvm-amd64-xsm 10 debian-hvm-install fail REGR. vs. 125898
test-amd64-amd64-xl-pvshim 12 guest-start fail REGR. vs. 125898
test-amd64-amd64-xl-shadow 12 guest-start fail REGR. vs. 125898
test-amd64-i386-freebsd10-i386 11 guest-start fail REGR. vs. 125898
test-amd64-i386-xl-qemut-stubdom-debianhvm-amd64-xsm 10 debian-hvm-install fail REGR. vs. 125898
test-amd64-i386-xl-xsm 12 guest-start fail REGR. vs. 125898
test-amd64-i386-qemuu-rhel6hvm-intel 10 redhat-install fail REGR. vs. 125898
test-amd64-i386-xl 12 guest-start fail REGR. vs. 125898
test-amd64-amd64-xl-credit2 12 guest-start fail REGR. vs. 125898
test-amd64-i386-qemuu-rhel6hvm-amd 10 redhat-install fail REGR. vs. 125898
test-amd64-amd64-libvirt-pair 21 guest-start/debian fail REGR. vs. 125898
test-amd64-i386-xl-qemuu-ws16-amd64 10 windows-install fail REGR. vs. 125898
test-amd64-amd64-libvirt-qemuu-debianhvm-amd64-xsm 10 debian-hvm-install fail REGR. vs. 125898
test-amd64-i386-xl-qemuu-debianhvm-amd64 10 debian-hvm-install fail REGR. vs. 125898
test-amd64-i386-xl-qemuu-win7-amd64 10 windows-install fail REGR. vs. 125898
test-amd64-amd64-xl-pvhv2-intel 7 xen-boot fail REGR. vs. 125898
test-amd64-amd64-xl-qemuu-win7-amd64 7 xen-boot fail REGR. vs. 125898
test-amd64-amd64-xl-multivcpu 7 xen-boot fail REGR. vs. 125898
test-amd64-amd64-pygrub 7 xen-boot fail REGR. vs. 125898
test-amd64-amd64-xl-qcow2 7 xen-boot fail REGR. vs. 125898
test-amd64-amd64-xl-xsm 12 guest-start fail REGR. vs. 125898
test-amd64-i386-examine 8 reboot fail REGR. vs. 125898
test-amd64-amd64-xl-qemuu-ws16-amd64 10 windows-install fail REGR. vs. 125898
test-amd64-i386-xl-qemut-debianhvm-amd64 7 xen-boot fail REGR. vs. 125898
test-amd64-amd64-xl-qemut-debianhvm-amd64-xsm 7 xen-boot fail REGR. vs. 125898
test-amd64-amd64-xl-qemuu-debianhvm-amd64 10 debian-hvm-install fail REGR. vs. 125898
test-amd64-i386-libvirt 12 guest-start fail REGR. vs. 125898
test-amd64-i386-xl-qemut-win10-i386 7 xen-boot fail REGR. vs. 125898
test-amd64-amd64-xl-qemuu-debianhvm-amd64-xsm 10 debian-hvm-install fail REGR. vs. 125898
test-amd64-i386-xl-qemuu-ovmf-amd64 10 debian-hvm-install fail REGR. vs. 125898
test-amd64-i386-libvirt-pair 21 guest-start/debian fail REGR. vs. 125898
test-amd64-amd64-xl 12 guest-start fail REGR. vs. 125898
test-amd64-amd64-xl-pvhv2-amd 12 guest-start fail REGR. vs. 125898
test-amd64-amd64-examine 8 reboot fail REGR. vs. 125898
test-amd64-i386-qemut-rhel6hvm-intel 10 redhat-install fail REGR. vs. 125898
test-amd64-i386-pair 21 guest-start/debian fail REGR. vs. 125898
test-amd64-i386-qemut-rhel6hvm-amd 10 redhat-install fail REGR. vs. 125898
test-amd64-amd64-xl-qemut-debianhvm-amd64 10 debian-hvm-install fail REGR. vs. 125898
test-amd64-i386-xl-qemut-debianhvm-amd64-xsm 10 debian-hvm-install fail REGR. vs. 125898
test-amd64-amd64-libvirt-xsm 12 guest-start fail REGR. vs. 125898
test-amd64-i386-freebsd10-amd64 11 guest-start fail REGR. vs. 125898
test-amd64-amd64-amd64-pvgrub 10 debian-di-install fail REGR. vs. 125898
test-amd64-i386-xl-raw 10 debian-di-install fail REGR. vs. 125898
test-amd64-amd64-i386-pvgrub 10 debian-di-install fail REGR. vs. 125898
test-amd64-amd64-xl-qemut-win7-amd64 10 windows-install fail REGR. vs. 125898
test-amd64-amd64-xl-qemut-ws16-amd64 10 windows-install fail REGR. vs. 125898
test-amd64-i386-xl-qemut-ws16-amd64 10 windows-install fail REGR. vs. 125898
test-amd64-i386-xl-qemut-win7-amd64 10 windows-install fail REGR. vs. 125898
Regressions which are regarded as allowable (not blocking):
test-amd64-amd64-xl-rtds 7 xen-boot fail REGR. vs. 125898
Tests which did not succeed, but are not blocking:
test-amd64-amd64-xl-qemuu-dmrestrict-amd64-dmrestrict 10 debian-hvm-install fail like 125898
test-armhf-armhf-libvirt 14 saverestore-support-check fail like 125898
test-armhf-armhf-libvirt-raw 13 saverestore-support-check fail like 125898
test-amd64-i386-xl-qemuu-dmrestrict-amd64-dmrestrict 10 debian-hvm-install fail never pass
test-amd64-amd64-xl-qemuu-win10-i386 10 windows-install fail never pass
test-amd64-i386-xl-pvshim 12 guest-start fail never pass
test-amd64-i386-xl-qemuu-win10-i386 10 windows-install fail never pass
test-arm64-arm64-xl-xsm 13 migrate-support-check fail never pass
test-arm64-arm64-xl-xsm 14 saverestore-support-check fail never pass
test-arm64-arm64-libvirt-xsm 13 migrate-support-check fail never pass
test-arm64-arm64-libvirt-xsm 14 saverestore-support-check fail never pass
test-arm64-arm64-xl-credit2 13 migrate-support-check fail never pass
test-arm64-arm64-xl-credit2 14 saverestore-support-check fail never pass
test-armhf-armhf-xl-arndale 13 migrate-support-check fail never pass
test-armhf-armhf-xl-arndale 14 saverestore-support-check fail never pass
test-armhf-armhf-libvirt 13 migrate-support-check fail never pass
test-armhf-armhf-xl-credit2 13 migrate-support-check fail never pass
test-armhf-armhf-xl-credit2 14 saverestore-support-check fail never pass
test-armhf-armhf-xl-cubietruck 13 migrate-support-check fail never pass
test-armhf-armhf-xl-cubietruck 14 saverestore-support-check fail never pass
test-armhf-armhf-xl-multivcpu 13 migrate-support-check fail never pass
test-armhf-armhf-xl-multivcpu 14 saverestore-support-check fail never pass
test-armhf-armhf-xl 13 migrate-support-check fail never pass
test-armhf-armhf-xl 14 saverestore-support-check fail never pass
test-armhf-armhf-xl-rtds 13 migrate-support-check fail never pass
test-armhf-armhf-xl-rtds 14 saverestore-support-check fail never pass
test-arm64-arm64-xl 13 migrate-support-check fail never pass
test-arm64-arm64-xl 14 saverestore-support-check fail never pass
test-armhf-armhf-libvirt-raw 12 migrate-support-check fail never pass
test-armhf-armhf-xl-vhd 12 migrate-support-check fail never pass
test-armhf-armhf-xl-vhd 13 saverestore-support-check fail never pass
test-amd64-amd64-xl-qemut-win10-i386 10 windows-install fail never pass
version targeted for testing:
linux 5e335542de83558e46d28de1008a1c37d5d6679a
baseline version:
linux 94710cac0ef4ee177a63b5227664b38c95bbf703
Last test of basis 125898 2018-08-13 21:20:55 Z 30 days
Failing since 125921 2018-08-15 13:06:56 Z 28 days 29 attempts
Testing same since 127535 2018-09-12 10:45:26 Z 0 days 1 attempts
------------------------------------------------------------
2170 people touched revisions under test,
not listing them all
jobs:
build-amd64-xsm pass
build-arm64-xsm pass
build-i386-xsm pass
build-amd64 pass
build-arm64 pass
build-armhf pass
build-i386 pass
build-amd64-libvirt pass
build-arm64-libvirt pass
build-armhf-libvirt pass
build-i386-libvirt pass
build-amd64-pvops pass
build-arm64-pvops pass
build-armhf-pvops pass
build-i386-pvops pass
build-amd64-rumprun pass
build-i386-rumprun pass
test-amd64-amd64-xl fail
test-arm64-arm64-xl pass
test-armhf-armhf-xl pass
test-amd64-i386-xl fail
test-amd64-amd64-xl-qemut-debianhvm-amd64-xsm fail
test-amd64-i386-xl-qemut-debianhvm-amd64-xsm fail
test-amd64-amd64-libvirt-qemuu-debianhvm-amd64-xsm fail
test-amd64-i386-libvirt-qemuu-debianhvm-amd64-xsm fail
test-amd64-amd64-xl-qemuu-debianhvm-amd64-xsm fail
test-amd64-i386-xl-qemuu-debianhvm-amd64-xsm fail
test-amd64-amd64-xl-qemut-stubdom-debianhvm-amd64-xsm fail
test-amd64-i386-xl-qemut-stubdom-debianhvm-amd64-xsm fail
test-amd64-amd64-libvirt-xsm fail
test-arm64-arm64-libvirt-xsm pass
test-amd64-i386-libvirt-xsm fail
test-amd64-amd64-xl-xsm fail
test-arm64-arm64-xl-xsm pass
test-amd64-i386-xl-xsm fail
test-amd64-amd64-qemuu-nested-amd fail
test-amd64-amd64-xl-pvhv2-amd fail
test-amd64-i386-qemut-rhel6hvm-amd fail
test-amd64-i386-qemuu-rhel6hvm-amd fail
test-amd64-amd64-xl-qemut-debianhvm-amd64 fail
test-amd64-i386-xl-qemut-debianhvm-amd64 fail
test-amd64-amd64-xl-qemuu-debianhvm-amd64 fail
test-amd64-i386-xl-qemuu-debianhvm-amd64 fail
test-amd64-i386-freebsd10-amd64 fail
test-amd64-amd64-xl-qemuu-ovmf-amd64 fail
test-amd64-i386-xl-qemuu-ovmf-amd64 fail
test-amd64-amd64-rumprun-amd64 fail
test-amd64-amd64-xl-qemut-win7-amd64 fail
test-amd64-i386-xl-qemut-win7-amd64 fail
test-amd64-amd64-xl-qemuu-win7-amd64 fail
test-amd64-i386-xl-qemuu-win7-amd64 fail
test-amd64-amd64-xl-qemut-ws16-amd64 fail
test-amd64-i386-xl-qemut-ws16-amd64 fail
test-amd64-amd64-xl-qemuu-ws16-amd64 fail
test-amd64-i386-xl-qemuu-ws16-amd64 fail
test-armhf-armhf-xl-arndale pass
test-amd64-amd64-xl-credit2 fail
test-arm64-arm64-xl-credit2 pass
test-armhf-armhf-xl-credit2 pass
test-armhf-armhf-xl-cubietruck pass
test-amd64-amd64-xl-qemuu-dmrestrict-amd64-dmrestrict fail
test-amd64-i386-xl-qemuu-dmrestrict-amd64-dmrestrict fail
test-amd64-amd64-examine fail
test-arm64-arm64-examine pass
test-armhf-armhf-examine pass
test-amd64-i386-examine fail
test-amd64-i386-freebsd10-i386 fail
test-amd64-i386-rumprun-i386 fail
test-amd64-amd64-xl-qemut-win10-i386 fail
test-amd64-i386-xl-qemut-win10-i386 fail
test-amd64-amd64-xl-qemuu-win10-i386 fail
test-amd64-i386-xl-qemuu-win10-i386 fail
test-amd64-amd64-qemuu-nested-intel fail
test-amd64-amd64-xl-pvhv2-intel fail
test-amd64-i386-qemut-rhel6hvm-intel fail
test-amd64-i386-qemuu-rhel6hvm-intel fail
test-amd64-amd64-libvirt fail
test-armhf-armhf-libvirt pass
test-amd64-i386-libvirt fail
test-amd64-amd64-xl-multivcpu fail
test-armhf-armhf-xl-multivcpu pass
test-amd64-amd64-pair fail
test-amd64-i386-pair fail
test-amd64-amd64-libvirt-pair fail
test-amd64-i386-libvirt-pair fail
test-amd64-amd64-amd64-pvgrub fail
test-amd64-amd64-i386-pvgrub fail
test-amd64-amd64-xl-pvshim fail
test-amd64-i386-xl-pvshim fail
test-amd64-amd64-pygrub fail
test-amd64-amd64-xl-qcow2 fail
test-armhf-armhf-libvirt-raw pass
test-amd64-i386-xl-raw fail
test-amd64-amd64-xl-rtds fail
test-armhf-armhf-xl-rtds pass
test-amd64-amd64-xl-qemuu-debianhvm-amd64-shadow fail
test-amd64-i386-xl-qemuu-debianhvm-amd64-shadow fail
test-amd64-amd64-xl-shadow fail
test-amd64-i386-xl-shadow fail
test-amd64-amd64-libvirt-vhd fail
test-armhf-armhf-xl-vhd pass
------------------------------------------------------------
sg-report-flight on osstest.test-lab.xenproject.org
logs: /home/logs/logs
images: /home/logs/images
Logs, config files, etc. are available at
http://logs.test-lab.xenproject.org/osstest/logs
Explanation of these reports, and of osstest in general, is at
http://xenbits.xen.org/gitweb/?p=osstest.git;a=blob;f=README.email;hb=master
http://xenbits.xen.org/gitweb/?p=osstest.git;a=blob;f=README;hb=master
Test harness code can be found at
http://xenbits.xen.org/gitweb?p=osstest.git;a=summary
Not pushing.
(No revision log; it would be 268591 lines long.)
_______________________________________________
Xen-devel mailing list
Xen-devel@lists.xenproject.org
https://lists.xenproject.org/mailman/listinfo/xen-devel
reply other threads:[~2018-09-12 23:08 UTC|newest]
Thread overview: [no followups] expand[flat|nested] mbox.gz Atom feed
Reply instructions:
You may reply publicly to this message via plain-text email
using any one of the following methods:
* Save the following mbox file, import it into your mail client,
and reply-to-all from there: mbox
Avoid top-posting and favor interleaved quoting:
https://en.wikipedia.org/wiki/Posting_style#Interleaved_style
* Reply using the --to, --cc, and --in-reply-to
switches of git-send-email(1):
git send-email \
--in-reply-to=osstest-127535-mainreport@xen.org \
--to=osstest-admin@xenproject.org \
--cc=xen-devel@lists.xenproject.org \
/path/to/YOUR_REPLY
https://kernel.org/pub/software/scm/git/docs/git-send-email.html
* If your mail client supports setting the In-Reply-To header
via mailto: links, try the mailto: link
Be sure your reply has a Subject: header at the top and a blank line
before the message body.
This is a public inbox, see mirroring instructions
for how to clone and mirror all data and code used for this inbox;
as well as URLs for NNTP newsgroup(s).