* [xen-unstable-smoke test] 127542: tolerable all pass - PUSHED
@ 2018-09-12 17:33 osstest service owner
0 siblings, 0 replies; only message in thread
From: osstest service owner @ 2018-09-12 17:33 UTC (permalink / raw)
To: xen-devel, osstest-admin
flight 127542 xen-unstable-smoke real [real]
http://logs.test-lab.xenproject.org/osstest/logs/127542/
Failures :-/ but no regressions.
Tests which did not succeed, but are not blocking:
test-arm64-arm64-xl-xsm 13 migrate-support-check fail never pass
test-arm64-arm64-xl-xsm 14 saverestore-support-check fail never pass
test-amd64-amd64-libvirt 13 migrate-support-check fail never pass
test-armhf-armhf-xl 13 migrate-support-check fail never pass
test-armhf-armhf-xl 14 saverestore-support-check fail never pass
version targeted for testing:
xen efaf9122b8d66cef9c67a9ca85e1ca9f7622e478
baseline version:
xen 1dfb8e6e0948912d1fd96d6ed9034527c5c74f31
Last test of basis 127508 2018-09-11 18:00:28 Z 0 days
Testing same since 127542 2018-09-12 15:00:45 Z 0 days 1 attempts
------------------------------------------------------------
People who touched revisions under test:
Adrian Pop <apop@bitdefender.com>
Alexandru Isaila <aisaila@bitdefender.com>
Alexandru Isaila <aisaila@bitdefender.com>i
Jan Beulich <jbeulich@suse.com>
Julien Grall <julien.grall@arm.com>
Roger Pau Monné <roger.pau@citrix.com>
Suravee Suthikulpanit <suravee.suthikulpanit@amd.com>
Tamas K Lengyel <tamas@tklengyel.com>
Vlad Ioan Topan <itopan@bitdefender.com>
jobs:
build-arm64-xsm pass
build-amd64 pass
build-armhf pass
build-amd64-libvirt pass
test-armhf-armhf-xl pass
test-arm64-arm64-xl-xsm pass
test-amd64-amd64-xl-qemuu-debianhvm-i386 pass
test-amd64-amd64-libvirt pass
------------------------------------------------------------
sg-report-flight on osstest.test-lab.xenproject.org
logs: /home/logs/logs
images: /home/logs/images
Logs, config files, etc. are available at
http://logs.test-lab.xenproject.org/osstest/logs
Explanation of these reports, and of osstest in general, is at
http://xenbits.xen.org/gitweb/?p=osstest.git;a=blob;f=README.email;hb=master
http://xenbits.xen.org/gitweb/?p=osstest.git;a=blob;f=README;hb=master
Test harness code can be found at
http://xenbits.xen.org/gitweb?p=osstest.git;a=summary
Pushing revision :
To xenbits.xen.org:/home/xen/git/xen.git
1dfb8e6e09..efaf9122b8 efaf9122b8d66cef9c67a9ca85e1ca9f7622e478 -> smoke
_______________________________________________
Xen-devel mailing list
Xen-devel@lists.xenproject.org
https://lists.xenproject.org/mailman/listinfo/xen-devel
^ permalink raw reply [flat|nested] only message in thread
only message in thread, other threads:[~2018-09-12 17:33 UTC | newest]
Thread overview: (only message) (download: mbox.gz follow: Atom feed
-- links below jump to the message on this page --
2018-09-12 17:33 [xen-unstable-smoke test] 127542: tolerable all pass - PUSHED osstest service owner
This is a public inbox, see mirroring instructions
for how to clone and mirror all data and code used for this inbox;
as well as URLs for NNTP newsgroup(s).