From: osstest service owner <osstest-admin@xenproject.org>
To: xen-devel@lists.xenproject.org, osstest-admin@xenproject.org
Subject: [libvirt test] 127593: regressions - FAIL
Date: Fri, 14 Sep 2018 09:21:39 +0000 [thread overview]
Message-ID: <osstest-127593-mainreport@xen.org> (raw)
flight 127593 libvirt real [real]
http://logs.test-lab.xenproject.org/osstest/logs/127593/
Regressions :-(
Tests which did not succeed and are blocking,
including tests which could not be run:
build-i386-libvirt 6 libvirt-build fail REGR. vs. 123814
build-amd64-libvirt 6 libvirt-build fail REGR. vs. 123814
build-arm64-libvirt 6 libvirt-build fail REGR. vs. 123814
build-armhf-libvirt 6 libvirt-build fail REGR. vs. 123814
Tests which did not succeed, but are not blocking:
test-amd64-amd64-libvirt-xsm 1 build-check(1) blocked n/a
test-amd64-amd64-libvirt-vhd 1 build-check(1) blocked n/a
test-armhf-armhf-libvirt 1 build-check(1) blocked n/a
test-amd64-i386-libvirt 1 build-check(1) blocked n/a
test-arm64-arm64-libvirt-qcow2 1 build-check(1) blocked n/a
test-armhf-armhf-libvirt-raw 1 build-check(1) blocked n/a
test-amd64-amd64-libvirt-qemuu-debianhvm-amd64-xsm 1 build-check(1) blocked n/a
test-amd64-i386-libvirt-qemuu-debianhvm-amd64-xsm 1 build-check(1) blocked n/a
test-amd64-i386-libvirt-xsm 1 build-check(1) blocked n/a
test-amd64-amd64-libvirt-pair 1 build-check(1) blocked n/a
test-arm64-arm64-libvirt 1 build-check(1) blocked n/a
test-amd64-amd64-libvirt 1 build-check(1) blocked n/a
test-arm64-arm64-libvirt-xsm 1 build-check(1) blocked n/a
test-amd64-i386-libvirt-pair 1 build-check(1) blocked n/a
version targeted for testing:
libvirt b907fd75fa826a8285dc33fcf6117c7833e2853b
baseline version:
libvirt 076a2b409667dd9f716a2a2085e1ffea9d58fe8b
Last test of basis 123814 2018-06-05 04:19:23 Z 101 days
Failing since 123840 2018-06-06 04:19:28 Z 100 days 82 attempts
Testing same since 127593 2018-09-14 04:18:46 Z 0 days 1 attempts
------------------------------------------------------------
People who touched revisions under test:
Ales Musil <amusil@redhat.com>
Andrea Bolognani <abologna@redhat.com>
Anya Harter <aharter@redhat.com>
Bing Niu <bing.niu@intel.com>
Bjoern Walk <bwalk@linux.ibm.com>
Bobo Du <dubo163@126.com>
Boris Fiuczynski <fiuczy@linux.ibm.com>
Brijesh Singh <brijesh.singh@amd.com>
Changkuo Shi <shi.changkuo@h3c.com>
Chen Hanxiao <chenhanxiao@gmail.com>
Christian Ehrhardt <christian.ehrhardt@canonical.com>
Clementine Hayat <clem@lse.epita.fr>
Cole Robinson <crobinso@redhat.com>
Dan Kenigsberg <danken@redhat.com>
Daniel Nicoletti <dantti12@gmail.com>
Daniel P. Berrangé <berrange@redhat.com>
Daniel Veillard <veillard@redhat.com>
Eric Blake <eblake@redhat.com>
Erik Skultety <eskultet@redhat.com>
Fabiano Fidêncio <fabiano@fidencio.org>
Fabiano Fidêncio <fidencio@redhat.com>
Farhan Ali <alifm@linux.ibm.com>
Filip Alac <filipalac@gmail.com>
Han Han <hhan@redhat.com>
intrigeri <intrigeri+libvirt@boum.org>
intrigeri <intrigeri@boum.org>
Jamie Strandboge <jamie@canonical.com>
Jie Wang <wangjie88.huawei.com>
Jim Fehlig <jfehlig@suse.com>
Jiri Denemark <jdenemar@redhat.com>
John Ferlan <jferlan@redhat.com>
Julio Faracco <jcfaracco@gmail.com>
Ján Tomko <jtomko@redhat.com>
Kashyap Chamarthy <kchamart@redhat.com>
Katerina Koukiou <kkoukiou@redhat.com>
Laine Stump <laine@laine.org>
Laszlo Ersek <lersek@redhat.com>
Lubomir Rintel <lkundrak@v3.sk>
Luyao Huang <lhuang@redhat.com>
Marc Hartmayer <mhartmay@linux.ibm.com>
Marc Hartmayer <mhartmay@linux.vnet.ibm.com>
Marcos Paulo de Souza <marcos.souza.org@gmail.com>
Marek Marczykowski-Górecki <marmarek@invisiblethingslab.com>
Martin Kletzander <mkletzan@redhat.com>
Matthias Bolte <matthias.bolte@googlemail.com>
Michal Privoznik <mprivozn@redhat.com>
Michal Prívozník <mprivozn@redhat.com>
Nikolay Shirokovskiy <nshirokovskiy@virtuozzo.com>
Pavel Hrdina <phrdina@redhat.com>
Peter Krempa <pkrempa@redhat.com>
Pino Toscano <ptoscano@redhat.com>
Radostin Stoyanov <rstoyanov1@gmail.com>
Ramy Elkest <ramyelkest@gmail.com>
ramyelkest <ramyelkest@gmail.com>
Richard W.M. Jones <rjones@redhat.com>
Roman Bogorodskiy <bogorodskiy@gmail.com>
Roman Bolshakov <r.bolshakov@yadro.com>
Shi Lei <shi_lei@massclouds.com>
Shi Lei <shilei.massclouds@gmx.com>
Shichangkuo <shi.changkuo@h3c.com>
Shivaprasad G Bhat <sbhat@linux.vnet.ibm.com>
Simon Kobyda <skobyda@redhat.com>
Stefan Bader <stefan.bader@canonical.com>
Stefan Berger <stefanb@linux.vnet.ibm.com>
Sukrit Bhatnagar <skrtbhtngr@gmail.com>
Tomáš Golembiovský <tgolembi@redhat.com>
Vitaly Kuznetsov <vkuznets@redhat.com>
w00251574 <wangjie88@huawei.com>
Wang Huaqiang <huaqiang.wang@intel.com>
Weilun Zhu <zhuweilun@huawei.com>
xinhua.Cao <caoxinhua@huawei.com>
jobs:
build-amd64-xsm pass
build-arm64-xsm pass
build-i386-xsm pass
build-amd64 pass
build-arm64 pass
build-armhf pass
build-i386 pass
build-amd64-libvirt fail
build-arm64-libvirt fail
build-armhf-libvirt fail
build-i386-libvirt fail
build-amd64-pvops pass
build-arm64-pvops pass
build-armhf-pvops pass
build-i386-pvops pass
test-amd64-amd64-libvirt-qemuu-debianhvm-amd64-xsm blocked
test-amd64-i386-libvirt-qemuu-debianhvm-amd64-xsm blocked
test-amd64-amd64-libvirt-xsm blocked
test-arm64-arm64-libvirt-xsm blocked
test-amd64-i386-libvirt-xsm blocked
test-amd64-amd64-libvirt blocked
test-arm64-arm64-libvirt blocked
test-armhf-armhf-libvirt blocked
test-amd64-i386-libvirt blocked
test-amd64-amd64-libvirt-pair blocked
test-amd64-i386-libvirt-pair blocked
test-arm64-arm64-libvirt-qcow2 blocked
test-armhf-armhf-libvirt-raw blocked
test-amd64-amd64-libvirt-vhd blocked
------------------------------------------------------------
sg-report-flight on osstest.test-lab.xenproject.org
logs: /home/logs/logs
images: /home/logs/images
Logs, config files, etc. are available at
http://logs.test-lab.xenproject.org/osstest/logs
Explanation of these reports, and of osstest in general, is at
http://xenbits.xen.org/gitweb/?p=osstest.git;a=blob;f=README.email;hb=master
http://xenbits.xen.org/gitweb/?p=osstest.git;a=blob;f=README;hb=master
Test harness code can be found at
http://xenbits.xen.org/gitweb?p=osstest.git;a=summary
Not pushing.
(No revision log; it would be 17517 lines long.)
_______________________________________________
Xen-devel mailing list
Xen-devel@lists.xenproject.org
https://lists.xenproject.org/mailman/listinfo/xen-devel
reply other threads:[~2018-09-14 9:21 UTC|newest]
Thread overview: [no followups] expand[flat|nested] mbox.gz Atom feed
Reply instructions:
You may reply publicly to this message via plain-text email
using any one of the following methods:
* Save the following mbox file, import it into your mail client,
and reply-to-all from there: mbox
Avoid top-posting and favor interleaved quoting:
https://en.wikipedia.org/wiki/Posting_style#Interleaved_style
* Reply using the --to, --cc, and --in-reply-to
switches of git-send-email(1):
git send-email \
--in-reply-to=osstest-127593-mainreport@xen.org \
--to=osstest-admin@xenproject.org \
--cc=xen-devel@lists.xenproject.org \
/path/to/YOUR_REPLY
https://kernel.org/pub/software/scm/git/docs/git-send-email.html
* If your mail client supports setting the In-Reply-To header
via mailto: links, try the mailto: link
Be sure your reply has a Subject: header at the top and a blank line
before the message body.
This is a public inbox, see mirroring instructions
for how to clone and mirror all data and code used for this inbox;
as well as URLs for NNTP newsgroup(s).