xen-devel.lists.xenproject.org archive mirror
 help / color / mirror / Atom feed
* [linux-4.14 test] 127747: tolerable FAIL - PUSHED
@ 2018-09-19  6:12 osstest service owner
  0 siblings, 0 replies; only message in thread
From: osstest service owner @ 2018-09-19  6:12 UTC (permalink / raw)
  To: xen-devel, osstest-admin

flight 127747 linux-4.14 real [real]
http://logs.test-lab.xenproject.org/osstest/logs/127747/

Failures :-/ but no regressions.

Tests which did not succeed, but are not blocking:
 test-amd64-amd64-examine      4 memdisk-try-append           fail  like 127464
 test-amd64-amd64-libvirt     13 migrate-support-check        fail   never pass
 test-amd64-amd64-libvirt-xsm 13 migrate-support-check        fail   never pass
 test-amd64-i386-xl-pvshim    12 guest-start                  fail   never pass
 test-amd64-i386-libvirt      13 migrate-support-check        fail   never pass
 test-arm64-arm64-libvirt-xsm 13 migrate-support-check        fail   never pass
 test-arm64-arm64-libvirt-xsm 14 saverestore-support-check    fail   never pass
 test-arm64-arm64-xl          13 migrate-support-check        fail   never pass
 test-arm64-arm64-xl          14 saverestore-support-check    fail   never pass
 test-amd64-i386-libvirt-xsm  13 migrate-support-check        fail   never pass
 test-arm64-arm64-xl-credit2  13 migrate-support-check        fail   never pass
 test-arm64-arm64-xl-credit2  14 saverestore-support-check    fail   never pass
 test-amd64-amd64-libvirt-qemuu-debianhvm-amd64-xsm 11 migrate-support-check fail never pass
 test-amd64-i386-libvirt-qemuu-debianhvm-amd64-xsm 11 migrate-support-check fail never pass
 test-armhf-armhf-xl-arndale  13 migrate-support-check        fail   never pass
 test-armhf-armhf-xl-arndale  14 saverestore-support-check    fail   never pass
 test-amd64-amd64-qemuu-nested-amd 17 debian-hvm-install/l1/l2  fail never pass
 test-amd64-amd64-libvirt-vhd 12 migrate-support-check        fail   never pass
 test-armhf-armhf-xl-rtds     13 migrate-support-check        fail   never pass
 test-armhf-armhf-xl-rtds     14 saverestore-support-check    fail   never pass
 test-armhf-armhf-xl          13 migrate-support-check        fail   never pass
 test-armhf-armhf-xl          14 saverestore-support-check    fail   never pass
 test-armhf-armhf-xl-credit2  13 migrate-support-check        fail   never pass
 test-armhf-armhf-xl-credit2  14 saverestore-support-check    fail   never pass
 test-armhf-armhf-xl-multivcpu 13 migrate-support-check        fail  never pass
 test-armhf-armhf-xl-multivcpu 14 saverestore-support-check    fail  never pass
 test-armhf-armhf-xl-cubietruck 13 migrate-support-check        fail never pass
 test-armhf-armhf-xl-cubietruck 14 saverestore-support-check    fail never pass
 test-amd64-i386-xl-qemut-win7-amd64 17 guest-stop              fail never pass
 test-amd64-amd64-xl-qemuu-win7-amd64 17 guest-stop             fail never pass
 test-amd64-amd64-xl-qemuu-ws16-amd64 17 guest-stop             fail never pass
 test-amd64-i386-xl-qemuu-win7-amd64 17 guest-stop              fail never pass
 test-arm64-arm64-xl-xsm      13 migrate-support-check        fail   never pass
 test-arm64-arm64-xl-xsm      14 saverestore-support-check    fail   never pass
 test-armhf-armhf-libvirt-raw 12 migrate-support-check        fail   never pass
 test-armhf-armhf-libvirt-raw 13 saverestore-support-check    fail   never pass
 test-amd64-amd64-xl-qemut-ws16-amd64 17 guest-stop             fail never pass
 test-amd64-amd64-xl-qemut-win7-amd64 17 guest-stop             fail never pass
 test-armhf-armhf-xl-vhd      12 migrate-support-check        fail   never pass
 test-armhf-armhf-xl-vhd      13 saverestore-support-check    fail   never pass
 test-armhf-armhf-libvirt     13 migrate-support-check        fail   never pass
 test-armhf-armhf-libvirt     14 saverestore-support-check    fail   never pass
 test-amd64-i386-xl-qemuu-ws16-amd64 17 guest-stop              fail never pass
 test-amd64-i386-xl-qemut-ws16-amd64 17 guest-stop              fail never pass
 test-amd64-i386-xl-qemut-win10-i386 10 windows-install         fail never pass
 test-amd64-amd64-xl-qemut-win10-i386 10 windows-install        fail never pass
 test-amd64-amd64-xl-qemuu-win10-i386 10 windows-install        fail never pass
 test-amd64-i386-xl-qemuu-win10-i386 10 windows-install         fail never pass

version targeted for testing:
 linux                5dfe87ac34e2326ae2957fc68b63212d84f78701
baseline version:
 linux                7fe7a0f4c5cf9e7f5b7cb67c1341cdbf62ed4c30

Last test of basis   127464  2018-09-10 01:59:42 Z    9 days
Testing same since   127636  2018-09-15 08:10:59 Z    3 days    3 attempts

------------------------------------------------------------
People who touched revisions under test:
  Aleh Filipovich <aleh@vaolix.com>
  Aleh Filipovich<aleh@appnexus.com>
  Alex Deucher <alexander.deucher@amd.com>
  Alexei Starovoitov <ast@kernel.org>
  Alexey Kodanev <alexey.kodanev@oracle.com>
  Anatoly Trosinenko <anatoly.trosinenko@gmail.com>
  Andrew Morton <akpm@linux-foundation.org>
  Andrey Ryabinin <aryabinin@virtuozzo.com>
  Andy Shevchenko <andriy.shevchenko@linux.intel.com>
  Anna Schumaker <Anna.Schumaker@Netapp.com>
  Anssi Hannula <anssi.hannula@bitwise.fi>
  Anthony Wong <anthony.wong@ubuntu.com>
  Arnaldo Carvalho de Melo <acme@redhat.com>
  Arnd Bergmann <arnd@arndb.de>
  Bart Van Assche <bart.vanassche@wdc.com>
  Benno Evers <bevers@mesosphere.com>
  Boris Ostrovsky <boris.ostrovsky@oracle.com>
  Breno Leitao <leitao@debian.org>
  Catalin Marinas <catalin.marinas@arm.com>
  Chao Yu <yuchao0@huawei.com>
  Charles Keepax <ckeepax@opensource.cirrus.com>
  Chris Wilson <chris@chris-wilson.co.uk>
  Claudiu Beznea <claudiu.beznea@microchip.com>
  Cong Wang <xiyou.wangcong@gmail.com>
  Dan Carpenter <dan.carpenter@oracle.com>
  Dan Williams <dan.j.williams@intel.com>
  Daniel Borkmann <daniel@iogearbox.net>
  Daniel Vetter <daniel.vetter@ffwll.ch>
  Dave Young <dyoung@redhat.com>
  David S. Miller <davem@davemloft.net>
  David Sterba <dsterba@suse.com>
  Davide Caratti <dcaratti@redhat.com>
  Dennis Dalessandro <dennis.dalessandro@intel.com>
  Dexuan Cui <decui@microsoft.com>
  Dmitry Torokhov <dmitry.torokhov@gmail.com>
  Dmitry Vyukov <dvyukov@google.com>
  Dominique Martinet <dominique.martinet@cea.fr>
  Doug Berger <opendmb@gmail.com>
  Eric Dumazet <edumazet@google.com>
  Ernesto A. Fernández <ernesto.mnd.fernandez@gmail.com>
  Fabio Estevam <fabio.estevam@nxp.com>
  Felipe Balbi <felipe.balbi@linux.intel.com>
  Florian Westphal <fw@strlen.de>
  Fredrik Schön <fredrik.schon@gmail.com>
  Fredrik Schön <fredrikschon@gmail.com>
  Gal Pressman <pressmangal@gmail.com>
  Geoff Alexander <alexandg@cs.unm.edu>
  Greg Edwards <gedwards@ddn.com>
  Greg Kroah-Hartman <gregkh@linuxfoundation.org>
  Gu Jinxiang <gujx@cn.fujitsu.com>
  Guenter Roeck <linux@roeck-us.net>
  Gustavo A. R. Silva <gustavo@embeddedor.com>
  Gustavo Romero <gromero@linux.vnet.ibm.com>
  Hans de Goede <hdegoede@redhat.com>
  Heiko Carstens <heiko.carstens@de.ibm.com>
  Heiko Stuebner <heiko@sntech.de>
  Huang Rui <ray.huang@amd.com>
  Ian Abbott <abbotti@mev.co.uk>
  Ido Schimmel <idosch@mellanox.com>
  Ingo Molnar <mingo@kernel.org>
  J. Bruce Fields <bfields@redhat.com>
  Jaegeuk Kim <jaegeuk@kernel.org>
  Jakub Kicinski <jakub.kicinski@netronome.com>
  Jamal Hadi Salim <jhs@mojatatu.com>
  James Morse <james.morse@arm.com>
  James Zhu <James.Zhu@amd.com>
  James Zhu <jzhums@gmail.com>
  Jan H. Schönherr <jschoenh@amazon.de>
  Jani Nikula <jani.nikula@intel.com>
  Jann Horn <jannh@google.com>
  Jason Andryuk <jandryuk@gmail.com>
  Jason Gunthorpe <jgg@mellanox.com>
  Jason Wang <jasowang@redhat.com>
  Javier González <javier@cnexlabs.com>
  Jean-Philippe Brucker <jean-philippe.brucker@arm.com>
  Jens Axboe <axboe@kernel.dk>
  Jerome Brunet <jbrunet@baylibre.com>
  Jian Shen <shenjian15@huawei.com>
  Jim Mattson <jmattson@google.com>
  Jiri Kosina <jkosina@suse.cz>
  Joel Fernandes (Google) <joel@joelfernandes.org>
  Joerg Roedel <jroedel@suse.de>
  John Fastabend <john.fastabend@gmail.com>
  John Pittman <jpittman@redhat.com>
  Jonas Gorski <jonas.gorski@gmail.com>
  Juergen Gross <jgross@suse.com>
  Julian Anastasov <ja@ssi.bg>
  Junaid Shahid <junaids@google.com>
  Kai-Heng Feng <kai.heng.feng@canonical.com>
  Kees Cook <keescook@chromium.org>
  Laura Abbott <labbott@redhat.com>
  Lee Jones <lee.jones@linaro.org>
  Levin Du <djw@t-chip.com.cn>
  Lijun Ou <oulijun@huawei.com>
  Likun Gao <Likun.Gao@amd.com>
  Linus Torvalds <torvalds@linux-foundation.org>
  Lorenzo Pieralisi <lorenzo.pieralisi@arm.com>
  luca abeni <luca.abeni@santannapisa.it>
  Mahesh Salgaonkar <mahesh@linux.vnet.ibm.com>
  Manish <manish.chopra@cavium.com>
  Manish Chopra <manish.chopra@cavium.com>
  Marc Zyngier <marc.zyngier@arm.com>
  Marcelo Ricardo Leitner <marcelo.leitner@gmail.com>
  Mark Brown <broonie@kernel.org>
  Martin K. Petersen <martin.petersen@oracle.com>
  Martin Schwidefsky <schwidefsky@de.ibm.com>
  Masahiro Yamada <yamada.masahiro@socionext.com>
  Matias Bjørling <m@bjorling.me>
  Matthias Kaehlcke <mka@chromium.org>
  Maxim Zhukov <mussitantesmortem@gmail.com>
  Michael Ellerman <mpe@ellerman.id.au>
  Michael J. Ruhl <michael.j.ruhl@intel.com>
  Michael S. Tsirkin <mst@redhat.com>
  Michal Hocko <mhocko@suse.com>
  Michel Dänzer <michel.daenzer@amd.com>
  Mike Snitzer <snitzer@redhat.com>
  Misono Tomohiro <misono.tomohiro@jp.fujitsu.com>
  Namhyung Kim <namhyung@kernel.org>
  Naveen N. Rao <naveen.n.rao@linux.vnet.ibm.com>
  Neil Armstrong <narmstrong@baylibre.com>
  Neil Horman <nhorman@tuxdriver.com>
  OGAWA Hirofumi <hirofumi@mail.parknet.co.jp>
  Olof Johansson <olof@lixom.net>
  Pablo Neira Ayuso <pablo@netfilter.org>
  Paolo Bonzini <pbonzini@redhat.com>
  Paul Menzel <pmenzel@molgen.mpg.de>
  Peng Li <lipeng321@huawei.com>
  Peter Xu <peterx@redhat.com>
  Peter Zijlstra (Intel) <peterz@infradead.org>
  Philipp Rudo <prudo@linux.ibm.com>
  Qu Wenruo <wqu@suse.com>
  Rafael J. Wysocki <rafael.j.wysocki@intel.com>
  Ralf Goebel <ralf.goebel@imago-technologies.com>
  Randy Dunlap <rdunlap@infradead.org>
  Rex Zhu <Rex.Zhu@amd.com>
  Rodrigo Vivi <rodrigo.vivi@intel.com>
  Roger Pau Monne <roger.pau@citrix.com>
  Roger Pau Monné <roger.pau@citrix.com>
  Roger Quadros <rogerq@ti.com>
  Roman Mamedov <rm@romanrm.net>
  Ronnie Sahlberg <lsahlber@redhat.com>
  Salil Mehta <salil.mehta@huawei.com>
  Sandipan Das <sandipan@linux.ibm.com>
  Santosh Shilimkar <santosh.shilimkar@oracle.com>
  Sasha Levin <alexander.levin@microsoft.com>
  Sean Christopherson <sean.j.christopherson@intel.com>
  Simon Horman <horms@verge.net.au>
  Song Liu <songliubraving@fb.com>
  Stefan Haberland <sth@linux.ibm.com>
  Steffen Klassert <steffen.klassert@secunet.com>
  Stephen Hemminger <stephen@networkplumber.org>
  Stephen Hemminger <sthemmin@microsoft.com>
  Steve French <stfrench@microsoft.com>
  Sudip Mukherjee <sudipm.mukherjee@gmail.com>
  Suman Anna <s-anna@ti.com>
  Suzuki K Poulose <suzuki.poulose@arm.com>
  Tan Hu <tan.hu@zte.com.cn>
  Tetsuo Handa <penguin-kernel@I-love.SAKURA.ne.jp>
  Thierry Reding <thierry.reding@gmail.com>
  Thomas Gleixner <tglx@linutronix.de>
  Thomas Petazzoni <thomas.petazzoni@bootlin.com>
  Tomas Bortoli <tomasbortoli@gmail.com>
  Tyler Hicks <tyhicks@canonical.com>
  Vlad Buslov <vladbu@mellanox.com>
  Waiman Long <longman@redhat.com>
  Wei Yongjun <weiyongjun1@huawei.com>
  Weichao Guo <guoweichao@huawei.com>
  Will Deacon <will.deacon@arm.com>
  Xi Wang <wangxi11@huawei.com>
  Xin Long <lucien.xin@gmail.com>
  Yang Shi <yang.shi@linux.alibaba.com>
  YueHaibing <yuehaibing@huawei.com>

jobs:
 build-amd64-xsm                                              pass    
 build-arm64-xsm                                              pass    
 build-i386-xsm                                               pass    
 build-amd64                                                  pass    
 build-arm64                                                  pass    
 build-armhf                                                  pass    
 build-i386                                                   pass    
 build-amd64-libvirt                                          pass    
 build-arm64-libvirt                                          pass    
 build-armhf-libvirt                                          pass    
 build-i386-libvirt                                           pass    
 build-amd64-pvops                                            pass    
 build-arm64-pvops                                            pass    
 build-armhf-pvops                                            pass    
 build-i386-pvops                                             pass    
 build-amd64-rumprun                                          pass    
 build-i386-rumprun                                           pass    
 test-amd64-amd64-xl                                          pass    
 test-arm64-arm64-xl                                          pass    
 test-armhf-armhf-xl                                          pass    
 test-amd64-i386-xl                                           pass    
 test-amd64-amd64-xl-qemut-debianhvm-amd64-xsm                pass    
 test-amd64-i386-xl-qemut-debianhvm-amd64-xsm                 pass    
 test-amd64-amd64-libvirt-qemuu-debianhvm-amd64-xsm           pass    
 test-amd64-i386-libvirt-qemuu-debianhvm-amd64-xsm            pass    
 test-amd64-amd64-xl-qemuu-debianhvm-amd64-xsm                pass    
 test-amd64-i386-xl-qemuu-debianhvm-amd64-xsm                 pass    
 test-amd64-amd64-xl-qemut-stubdom-debianhvm-amd64-xsm        pass    
 test-amd64-i386-xl-qemut-stubdom-debianhvm-amd64-xsm         pass    
 test-amd64-amd64-libvirt-xsm                                 pass    
 test-arm64-arm64-libvirt-xsm                                 pass    
 test-amd64-i386-libvirt-xsm                                  pass    
 test-amd64-amd64-xl-xsm                                      pass    
 test-arm64-arm64-xl-xsm                                      pass    
 test-amd64-i386-xl-xsm                                       pass    
 test-amd64-amd64-qemuu-nested-amd                            fail    
 test-amd64-amd64-xl-pvhv2-amd                                pass    
 test-amd64-i386-qemut-rhel6hvm-amd                           pass    
 test-amd64-i386-qemuu-rhel6hvm-amd                           pass    
 test-amd64-amd64-xl-qemut-debianhvm-amd64                    pass    
 test-amd64-i386-xl-qemut-debianhvm-amd64                     pass    
 test-amd64-amd64-xl-qemuu-debianhvm-amd64                    pass    
 test-amd64-i386-xl-qemuu-debianhvm-amd64                     pass    
 test-amd64-i386-freebsd10-amd64                              pass    
 test-amd64-amd64-xl-qemuu-ovmf-amd64                         pass    
 test-amd64-i386-xl-qemuu-ovmf-amd64                          pass    
 test-amd64-amd64-rumprun-amd64                               pass    
 test-amd64-amd64-xl-qemut-win7-amd64                         fail    
 test-amd64-i386-xl-qemut-win7-amd64                          fail    
 test-amd64-amd64-xl-qemuu-win7-amd64                         fail    
 test-amd64-i386-xl-qemuu-win7-amd64                          fail    
 test-amd64-amd64-xl-qemut-ws16-amd64                         fail    
 test-amd64-i386-xl-qemut-ws16-amd64                          fail    
 test-amd64-amd64-xl-qemuu-ws16-amd64                         fail    
 test-amd64-i386-xl-qemuu-ws16-amd64                          fail    
 test-armhf-armhf-xl-arndale                                  pass    
 test-amd64-amd64-xl-credit2                                  pass    
 test-arm64-arm64-xl-credit2                                  pass    
 test-armhf-armhf-xl-credit2                                  pass    
 test-armhf-armhf-xl-cubietruck                               pass    
 test-amd64-amd64-xl-qemuu-dmrestrict-amd64-dmrestrict        pass    
 test-amd64-i386-xl-qemuu-dmrestrict-amd64-dmrestrict         pass    
 test-amd64-amd64-examine                                     pass    
 test-arm64-arm64-examine                                     pass    
 test-armhf-armhf-examine                                     pass    
 test-amd64-i386-examine                                      pass    
 test-amd64-i386-freebsd10-i386                               pass    
 test-amd64-i386-rumprun-i386                                 pass    
 test-amd64-amd64-xl-qemut-win10-i386                         fail    
 test-amd64-i386-xl-qemut-win10-i386                          fail    
 test-amd64-amd64-xl-qemuu-win10-i386                         fail    
 test-amd64-i386-xl-qemuu-win10-i386                          fail    
 test-amd64-amd64-qemuu-nested-intel                          pass    
 test-amd64-amd64-xl-pvhv2-intel                              pass    
 test-amd64-i386-qemut-rhel6hvm-intel                         pass    
 test-amd64-i386-qemuu-rhel6hvm-intel                         pass    
 test-amd64-amd64-libvirt                                     pass    
 test-armhf-armhf-libvirt                                     pass    
 test-amd64-i386-libvirt                                      pass    
 test-amd64-amd64-xl-multivcpu                                pass    
 test-armhf-armhf-xl-multivcpu                                pass    
 test-amd64-amd64-pair                                        pass    
 test-amd64-i386-pair                                         pass    
 test-amd64-amd64-libvirt-pair                                pass    
 test-amd64-i386-libvirt-pair                                 pass    
 test-amd64-amd64-amd64-pvgrub                                pass    
 test-amd64-amd64-i386-pvgrub                                 pass    
 test-amd64-amd64-xl-pvshim                                   pass    
 test-amd64-i386-xl-pvshim                                    fail    
 test-amd64-amd64-pygrub                                      pass    
 test-amd64-amd64-xl-qcow2                                    pass    
 test-armhf-armhf-libvirt-raw                                 pass    
 test-amd64-i386-xl-raw                                       pass    
 test-amd64-amd64-xl-rtds                                     pass    
 test-armhf-armhf-xl-rtds                                     pass    
 test-amd64-amd64-xl-qemuu-debianhvm-amd64-shadow             pass    
 test-amd64-i386-xl-qemuu-debianhvm-amd64-shadow              pass    
 test-amd64-amd64-xl-shadow                                   pass    
 test-amd64-i386-xl-shadow                                    pass    
 test-amd64-amd64-libvirt-vhd                                 pass    
 test-armhf-armhf-xl-vhd                                      pass    


------------------------------------------------------------
sg-report-flight on osstest.test-lab.xenproject.org
logs: /home/logs/logs
images: /home/logs/images

Logs, config files, etc. are available at
    http://logs.test-lab.xenproject.org/osstest/logs

Explanation of these reports, and of osstest in general, is at
    http://xenbits.xen.org/gitweb/?p=osstest.git;a=blob;f=README.email;hb=master
    http://xenbits.xen.org/gitweb/?p=osstest.git;a=blob;f=README;hb=master

Test harness code can be found at
    http://xenbits.xen.org/gitweb?p=osstest.git;a=summary


Pushing revision :

To xenbits.xen.org:/home/xen/git/linux-pvops.git
   7fe7a0f4c5cf..5dfe87ac34e2  5dfe87ac34e2326ae2957fc68b63212d84f78701 -> tested/linux-4.14

_______________________________________________
Xen-devel mailing list
Xen-devel@lists.xenproject.org
https://lists.xenproject.org/mailman/listinfo/xen-devel

^ permalink raw reply	[flat|nested] only message in thread

only message in thread, other threads:[~2018-09-19  6:12 UTC | newest]

Thread overview: (only message) (download: mbox.gz follow: Atom feed
-- links below jump to the message on this page --
2018-09-19  6:12 [linux-4.14 test] 127747: tolerable FAIL - PUSHED osstest service owner

This is a public inbox, see mirroring instructions
for how to clone and mirror all data and code used for this inbox;
as well as URLs for NNTP newsgroup(s).