xen-devel.lists.xenproject.org archive mirror
 help / color / mirror / Atom feed
* [linux-4.9 test] 127756: FAIL
@ 2018-09-19 18:44 osstest service owner
  0 siblings, 0 replies; only message in thread
From: osstest service owner @ 2018-09-19 18:44 UTC (permalink / raw)
  To: xen-devel, osstest-admin

flight 127756 linux-4.9 real [real]
http://logs.test-lab.xenproject.org/osstest/logs/127756/

Failures and problems with tests :-(

Tests which did not succeed and are blocking,
including tests which could not be run:
 test-amd64-amd64-xl-shadow      <job status>                 broken  in 127694

Tests which are failing intermittently (not blocking):
 test-amd64-amd64-xl-shadow   4 host-install(4) broken in 127694 pass in 127756
 test-amd64-i386-xl-qemuu-ovmf-amd64 5 host-ping-check-native fail in 127694 pass in 127756
 test-amd64-i386-libvirt-xsm   6 xen-install      fail in 127694 pass in 127756
 test-amd64-amd64-amd64-pvgrub  7 xen-boot        fail in 127694 pass in 127756
 test-amd64-amd64-xl-qemut-debianhvm-amd64-xsm 16 guest-localmigrate/x10 fail pass in 127694

Tests which did not succeed, but are not blocking:
 test-amd64-amd64-xl-qemut-win7-amd64 17 guest-stop            fail like 127454
 test-amd64-i386-xl-qemut-win7-amd64 17 guest-stop             fail like 127454
 test-amd64-i386-xl-qemuu-win7-amd64 17 guest-stop             fail like 127454
 test-amd64-amd64-xl-qemuu-win7-amd64 17 guest-stop            fail like 127454
 test-amd64-amd64-xl-qemuu-ws16-amd64 17 guest-stop            fail like 127454
 test-amd64-i386-xl-qemuu-dmrestrict-amd64-dmrestrict 10 debian-hvm-install fail never pass
 test-amd64-amd64-xl-qemuu-dmrestrict-amd64-dmrestrict 10 debian-hvm-install fail never pass
 test-amd64-amd64-xl-pvhv2-intel 12 guest-start                 fail never pass
 test-amd64-amd64-xl-pvhv2-amd 12 guest-start                  fail  never pass
 test-amd64-i386-libvirt-xsm  13 migrate-support-check        fail   never pass
 test-amd64-amd64-libvirt-xsm 13 migrate-support-check        fail   never pass
 test-amd64-amd64-libvirt     13 migrate-support-check        fail   never pass
 test-amd64-i386-xl-pvshim    12 guest-start                  fail   never pass
 test-arm64-arm64-libvirt-xsm 13 migrate-support-check        fail   never pass
 test-arm64-arm64-libvirt-xsm 14 saverestore-support-check    fail   never pass
 test-arm64-arm64-xl          13 migrate-support-check        fail   never pass
 test-arm64-arm64-xl          14 saverestore-support-check    fail   never pass
 test-amd64-i386-libvirt      13 migrate-support-check        fail   never pass
 test-amd64-amd64-libvirt-qemuu-debianhvm-amd64-xsm 11 migrate-support-check fail never pass
 test-amd64-i386-libvirt-qemuu-debianhvm-amd64-xsm 11 migrate-support-check fail never pass
 test-armhf-armhf-xl-arndale  13 migrate-support-check        fail   never pass
 test-armhf-armhf-xl-arndale  14 saverestore-support-check    fail   never pass
 test-amd64-amd64-qemuu-nested-amd 17 debian-hvm-install/l1/l2  fail never pass
 test-amd64-amd64-libvirt-vhd 12 migrate-support-check        fail   never pass
 test-armhf-armhf-xl-rtds     13 migrate-support-check        fail   never pass
 test-armhf-armhf-xl-rtds     14 saverestore-support-check    fail   never pass
 test-armhf-armhf-xl-multivcpu 13 migrate-support-check        fail  never pass
 test-armhf-armhf-xl-multivcpu 14 saverestore-support-check    fail  never pass
 test-armhf-armhf-xl-cubietruck 13 migrate-support-check        fail never pass
 test-armhf-armhf-xl-cubietruck 14 saverestore-support-check    fail never pass
 test-armhf-armhf-libvirt     13 migrate-support-check        fail   never pass
 test-armhf-armhf-libvirt     14 saverestore-support-check    fail   never pass
 test-armhf-armhf-xl          13 migrate-support-check        fail   never pass
 test-armhf-armhf-xl          14 saverestore-support-check    fail   never pass
 test-armhf-armhf-xl-credit2  13 migrate-support-check        fail   never pass
 test-armhf-armhf-xl-credit2  14 saverestore-support-check    fail   never pass
 test-amd64-amd64-xl-qemut-ws16-amd64 17 guest-stop             fail never pass
 test-amd64-i386-xl-qemut-ws16-amd64 17 guest-stop              fail never pass
 test-amd64-i386-xl-qemuu-ws16-amd64 17 guest-stop              fail never pass
 test-arm64-arm64-xl-credit2  13 migrate-support-check        fail   never pass
 test-arm64-arm64-xl-credit2  14 saverestore-support-check    fail   never pass
 test-arm64-arm64-xl-xsm      13 migrate-support-check        fail   never pass
 test-arm64-arm64-xl-xsm      14 saverestore-support-check    fail   never pass
 test-armhf-armhf-libvirt-raw 12 migrate-support-check        fail   never pass
 test-armhf-armhf-libvirt-raw 13 saverestore-support-check    fail   never pass
 test-armhf-armhf-xl-vhd      12 migrate-support-check        fail   never pass
 test-armhf-armhf-xl-vhd      13 saverestore-support-check    fail   never pass
 test-amd64-amd64-xl-qemut-win10-i386 10 windows-install        fail never pass
 test-amd64-amd64-xl-qemuu-win10-i386 10 windows-install        fail never pass
 test-amd64-i386-xl-qemuu-win10-i386 10 windows-install         fail never pass
 test-amd64-i386-xl-qemut-win10-i386 10 windows-install         fail never pass

version targeted for testing:
 linux                927556eb3a72306db1ba5ab8b9bb9914433302ba
baseline version:
 linux                66f5a871e5987c8f4bff333b66c361a53cdcd350

Last test of basis   127454  2018-09-09 18:12:00 Z   10 days
Testing same since   127637  2018-09-15 08:11:49 Z    4 days    3 attempts

------------------------------------------------------------
People who touched revisions under test:
  Aleh Filipovich <aleh@vaolix.com>
  Aleh Filipovich<aleh@appnexus.com>
  Alexey Kodanev <alexey.kodanev@oracle.com>
  Amit Pundir <amit.pundir@linaro.org>
  Anatoly Trosinenko <anatoly.trosinenko@gmail.com>
  Andrew Morton <akpm@linux-foundation.org>
  Andrey Ryabinin <aryabinin@virtuozzo.com>
  Andy Shevchenko <andriy.shevchenko@linux.intel.com>
  Anthony Wong <anthony.wong@ubuntu.com>
  Arnaldo Carvalho de Melo <acme@redhat.com>
  Arnd Bergmann <arnd@arndb.de>
  Boris Ostrovsky <boris.ostrovsky@oracle.com>
  Breno Leitao <leitao@debian.org>
  Charles Keepax <ckeepax@opensource.cirrus.com>
  Chas Williams <chas3@att.com>
  Cong Wang <xiyou.wangcong@gmail.com>
  Dan Carpenter <dan.carpenter@oracle.com>
  Daniel Vetter <daniel.vetter@ffwll.ch>
  David S. Miller <davem@davemloft.net>
  David Sterba <dsterba@suse.com>
  Dominique Martinet <dominique.martinet@cea.fr>
  Doug Berger <opendmb@gmail.com>
  Eric Dumazet <edumazet@google.com>
  Ernesto A. Fernández <ernesto.mnd.fernandez@gmail.com>
  Ethan Lien <ethanlien@synology.com>
  Fabio Estevam <fabio.estevam@nxp.com>
  Florian Westphal <fw@strlen.de>
  Gal Pressman <pressmangal@gmail.com>
  Geoff Alexander <alexandg@cs.unm.edu>
  Govindarajulu Varadarajan <gvaradar@cisco.com>
  Greg Edwards <gedwards@ddn.com>
  Greg Kroah-Hartman <gregkh@linuxfoundation.org>
  Gu Jinxiang <gujx@cn.fujitsu.com>
  Guenter Roeck <linux@roeck-us.net>
  Gustavo A. R. Silva <gustavo@embeddedor.com>
  Gustavo Romero <gromero@linux.vnet.ibm.com>
  Hans de Goede <hdegoede@redhat.com>
  Heiko Carstens <heiko.carstens@de.ibm.com>
  Heiko Stuebner <heiko@sntech.de>
  Ian Abbott <abbotti@mev.co.uk>
  J. Bruce Fields <bfields@redhat.com>
  Jamal Hadi Salim <jhs@mojatatu.com>
  Jann Horn <jannh@google.com>
  Jason Andryuk <jandryuk@gmail.com>
  Jason Gunthorpe <jgg@mellanox.com>
  Jason Wang <jasowang@redhat.com>
  Jean-Philippe Brucker <jean-philippe.brucker@arm.com>
  Jens Axboe <axboe@kernel.dk>
  Joel Fernandes (Google) <joel@joelfernandes.org>
  John Pittman <jpittman@redhat.com>
  Jonas Gorski <jonas.gorski@gmail.com>
  Juergen Gross <jgross@suse.com>
  Julian Anastasov <ja@ssi.bg>
  Kai-Heng Feng <kai.heng.feng@canonical.com>
  Kees Cook <keescook@chromium.org>
  Laura Abbott <labbott@redhat.com>
  Lee Jones <lee.jones@linaro.org>
  Levin Du <djw@t-chip.com.cn>
  Lijun Ou <oulijun@huawei.com>
  Linus Torvalds <torvalds@linux-foundation.org>
  Lorenzo Pieralisi <lorenzo.pieralisi@arm.com>
  Mahesh Salgaonkar <mahesh@linux.vnet.ibm.com>
  Manish <manish.chopra@cavium.com>
  Manish Chopra <manish.chopra@cavium.com>
  Marc Zyngier <marc.zyngier@arm.com>
  Marcelo Ricardo Leitner <marcelo.leitner@gmail.com>
  Mark Brown <broonie@kernel.org>
  Martin K. Petersen <martin.petersen@oracle.com>
  Martin Schwidefsky <schwidefsky@de.ibm.com>
  Masahiro Yamada <yamada.masahiro@socionext.com>
  Matthieu Baerts <matthieu.baerts@tessares.net>
  Maxim Zhukov <mussitantesmortem@gmail.com>
  Michael Ellerman <mpe@ellerman.id.au>
  Michael S. Tsirkin <mst@redhat.com>
  Michal Hocko <mhocko@suse.com>
  Michal Hocko <mhocko@suse.cz>
  Mike Snitzer <snitzer@redhat.com>
  Misono Tomohiro <misono.tomohiro@jp.fujitsu.com>
  Naveen N. Rao <naveen.n.rao@linux.vnet.ibm.com>
  Neil Horman <nhorman@tuxdriver.com>
  Nikolay Aleksandrov <nikolay@cumulusnetworks.com>
  Nikolay Borisov <nborisov@suse.com>
  OGAWA Hirofumi <hirofumi@mail.parknet.co.jp>
  Olof Johansson <olof@lixom.net>
  Pablo Neira Ayuso <pablo@netfilter.org>
  Peter Xu <peterx@redhat.com>
  Philipp Rudo <prudo@linux.ibm.com>
  Qu Wenruo <wqu@suse.com>
  Rafael J. Wysocki <rafael.j.wysocki@intel.com>
  Randy Dunlap <rdunlap@infradead.org>
  Ronnie Sahlberg <lsahlber@redhat.com>
  Sandipan Das <sandipan@linux.ibm.com>
  Santosh Shilimkar <santosh.shilimkar@oracle.com>
  Sasha Levin <alexander.levin@microsoft.com>
  Simon Horman <horms@verge.net.au>
  Stefan Haberland <sth@linux.ibm.com>
  Steffen Klassert <steffen.klassert@secunet.com>
  Stephen Hemminger <stephen@networkplumber.org>
  Stephen Hemminger <sthemmin@microsoft.com>
  Steve French <stfrench@microsoft.com>
  Suzuki K Poulose <suzuki.poulose@arm.com>
  Tan Hu <tan.hu@zte.com.cn>
  Tetsuo Handa <penguin-kernel@I-love.SAKURA.ne.jp>
  Thomas Gleixner <tglx@linutronix.de>
  Thomas Petazzoni <thomas.petazzoni@bootlin.com>
  Tomas Bortoli <tomasbortoli@gmail.com>
  Tomas Winkler <tomas.winkler@intel.com>
  Tyler Hicks <tyhicks@canonical.com>
  Vlad Buslov <vladbu@mellanox.com>
  Vlastimil Babka <vbabka@suse.cz>
  Waiman Long <longman@redhat.com>
  Will Deacon <will.deacon@arm.com>
  Xin Long <lucien.xin@gmail.com>
  Yang Shi <yang.shi@linux.alibaba.com>
  YueHaibing <yuehaibing@huawei.com>

jobs:
 build-amd64-xsm                                              pass    
 build-arm64-xsm                                              pass    
 build-i386-xsm                                               pass    
 build-amd64                                                  pass    
 build-arm64                                                  pass    
 build-armhf                                                  pass    
 build-i386                                                   pass    
 build-amd64-libvirt                                          pass    
 build-arm64-libvirt                                          pass    
 build-armhf-libvirt                                          pass    
 build-i386-libvirt                                           pass    
 build-amd64-pvops                                            pass    
 build-arm64-pvops                                            pass    
 build-armhf-pvops                                            pass    
 build-i386-pvops                                             pass    
 build-amd64-rumprun                                          pass    
 build-i386-rumprun                                           pass    
 test-amd64-amd64-xl                                          pass    
 test-arm64-arm64-xl                                          pass    
 test-armhf-armhf-xl                                          pass    
 test-amd64-i386-xl                                           pass    
 test-amd64-amd64-xl-qemut-debianhvm-amd64-xsm                fail    
 test-amd64-i386-xl-qemut-debianhvm-amd64-xsm                 pass    
 test-amd64-amd64-libvirt-qemuu-debianhvm-amd64-xsm           pass    
 test-amd64-i386-libvirt-qemuu-debianhvm-amd64-xsm            pass    
 test-amd64-amd64-xl-qemuu-debianhvm-amd64-xsm                pass    
 test-amd64-i386-xl-qemuu-debianhvm-amd64-xsm                 pass    
 test-amd64-amd64-xl-qemut-stubdom-debianhvm-amd64-xsm        pass    
 test-amd64-i386-xl-qemut-stubdom-debianhvm-amd64-xsm         pass    
 test-amd64-amd64-libvirt-xsm                                 pass    
 test-arm64-arm64-libvirt-xsm                                 pass    
 test-amd64-i386-libvirt-xsm                                  pass    
 test-amd64-amd64-xl-xsm                                      pass    
 test-arm64-arm64-xl-xsm                                      pass    
 test-amd64-i386-xl-xsm                                       pass    
 test-amd64-amd64-qemuu-nested-amd                            fail    
 test-amd64-amd64-xl-pvhv2-amd                                fail    
 test-amd64-i386-qemut-rhel6hvm-amd                           pass    
 test-amd64-i386-qemuu-rhel6hvm-amd                           pass    
 test-amd64-amd64-xl-qemut-debianhvm-amd64                    pass    
 test-amd64-i386-xl-qemut-debianhvm-amd64                     pass    
 test-amd64-amd64-xl-qemuu-debianhvm-amd64                    pass    
 test-amd64-i386-xl-qemuu-debianhvm-amd64                     pass    
 test-amd64-i386-freebsd10-amd64                              pass    
 test-amd64-amd64-xl-qemuu-ovmf-amd64                         pass    
 test-amd64-i386-xl-qemuu-ovmf-amd64                          pass    
 test-amd64-amd64-rumprun-amd64                               pass    
 test-amd64-amd64-xl-qemut-win7-amd64                         fail    
 test-amd64-i386-xl-qemut-win7-amd64                          fail    
 test-amd64-amd64-xl-qemuu-win7-amd64                         fail    
 test-amd64-i386-xl-qemuu-win7-amd64                          fail    
 test-amd64-amd64-xl-qemut-ws16-amd64                         fail    
 test-amd64-i386-xl-qemut-ws16-amd64                          fail    
 test-amd64-amd64-xl-qemuu-ws16-amd64                         fail    
 test-amd64-i386-xl-qemuu-ws16-amd64                          fail    
 test-armhf-armhf-xl-arndale                                  pass    
 test-amd64-amd64-xl-credit2                                  pass    
 test-arm64-arm64-xl-credit2                                  pass    
 test-armhf-armhf-xl-credit2                                  pass    
 test-armhf-armhf-xl-cubietruck                               pass    
 test-amd64-amd64-xl-qemuu-dmrestrict-amd64-dmrestrict        fail    
 test-amd64-i386-xl-qemuu-dmrestrict-amd64-dmrestrict         fail    
 test-amd64-amd64-examine                                     pass    
 test-arm64-arm64-examine                                     pass    
 test-armhf-armhf-examine                                     pass    
 test-amd64-i386-examine                                      pass    
 test-amd64-i386-freebsd10-i386                               pass    
 test-amd64-i386-rumprun-i386                                 pass    
 test-amd64-amd64-xl-qemut-win10-i386                         fail    
 test-amd64-i386-xl-qemut-win10-i386                          fail    
 test-amd64-amd64-xl-qemuu-win10-i386                         fail    
 test-amd64-i386-xl-qemuu-win10-i386                          fail    
 test-amd64-amd64-qemuu-nested-intel                          pass    
 test-amd64-amd64-xl-pvhv2-intel                              fail    
 test-amd64-i386-qemut-rhel6hvm-intel                         pass    
 test-amd64-i386-qemuu-rhel6hvm-intel                         pass    
 test-amd64-amd64-libvirt                                     pass    
 test-armhf-armhf-libvirt                                     pass    
 test-amd64-i386-libvirt                                      pass    
 test-amd64-amd64-xl-multivcpu                                pass    
 test-armhf-armhf-xl-multivcpu                                pass    
 test-amd64-amd64-pair                                        pass    
 test-amd64-i386-pair                                         pass    
 test-amd64-amd64-libvirt-pair                                pass    
 test-amd64-i386-libvirt-pair                                 pass    
 test-amd64-amd64-amd64-pvgrub                                pass    
 test-amd64-amd64-i386-pvgrub                                 pass    
 test-amd64-amd64-xl-pvshim                                   pass    
 test-amd64-i386-xl-pvshim                                    fail    
 test-amd64-amd64-pygrub                                      pass    
 test-amd64-amd64-xl-qcow2                                    pass    
 test-armhf-armhf-libvirt-raw                                 pass    
 test-amd64-i386-xl-raw                                       pass    
 test-amd64-amd64-xl-rtds                                     pass    
 test-armhf-armhf-xl-rtds                                     pass    
 test-amd64-amd64-xl-qemuu-debianhvm-amd64-shadow             pass    
 test-amd64-i386-xl-qemuu-debianhvm-amd64-shadow              pass    
 test-amd64-amd64-xl-shadow                                   pass    
 test-amd64-i386-xl-shadow                                    pass    
 test-amd64-amd64-libvirt-vhd                                 pass    
 test-armhf-armhf-xl-vhd                                      pass    


------------------------------------------------------------
sg-report-flight on osstest.test-lab.xenproject.org
logs: /home/logs/logs
images: /home/logs/images

Logs, config files, etc. are available at
    http://logs.test-lab.xenproject.org/osstest/logs

Explanation of these reports, and of osstest in general, is at
    http://xenbits.xen.org/gitweb/?p=osstest.git;a=blob;f=README.email;hb=master
    http://xenbits.xen.org/gitweb/?p=osstest.git;a=blob;f=README;hb=master

Test harness code can be found at
    http://xenbits.xen.org/gitweb?p=osstest.git;a=summary

broken-job test-amd64-amd64-xl-shadow broken

Not pushing.

(No revision log; it would be 2702 lines long.)

_______________________________________________
Xen-devel mailing list
Xen-devel@lists.xenproject.org
https://lists.xenproject.org/mailman/listinfo/xen-devel

^ permalink raw reply	[flat|nested] only message in thread

only message in thread, other threads:[~2018-09-19 18:44 UTC | newest]

Thread overview: (only message) (download: mbox.gz follow: Atom feed
-- links below jump to the message on this page --
2018-09-19 18:44 [linux-4.9 test] 127756: FAIL osstest service owner

This is a public inbox, see mirroring instructions
for how to clone and mirror all data and code used for this inbox;
as well as URLs for NNTP newsgroup(s).