From mboxrd@z Thu Jan 1 00:00:00 1970 From: xen.org Subject: [qemu-upstream-unstable test] 12922: regressions - FAIL Date: Fri, 18 May 2012 19:25:01 +0100 Message-ID: Mime-Version: 1.0 Content-Type: text/plain; charset="us-ascii" Content-Transfer-Encoding: 7bit Return-path: List-Unsubscribe: , List-Post: List-Help: List-Subscribe: , Sender: xen-devel-bounces@lists.xen.org Errors-To: xen-devel-bounces@lists.xen.org To: xen-devel@lists.xensource.com Cc: ian.jackson@eu.citrix.com List-Id: xen-devel@lists.xenproject.org flight 12922 qemu-upstream-unstable real [real] http://www.chiark.greenend.org.uk/~xensrcts/logs/12922/ Regressions :-( Tests which did not succeed and are blocking, including tests which could not be run: test-amd64-i386-qemuu-rhel6hvm-amd 9 guest-start.2 fail REGR. vs. 12892 Regressions which are regarded as allowable (not blocking): test-amd64-i386-qemuu-rhel6hvm-intel 9 guest-start.2 fail like 12892 Tests which did not succeed, but are not blocking: test-amd64-i386-xl-qemuu-win-vcpus1 13 guest-stop fail never pass test-amd64-amd64-xl-qemuu-win7-amd64 11 guest-localmigrate.2 fail never pass test-amd64-i386-xl-qemuu-winxpsp3-vcpus1 13 guest-stop fail never pass test-amd64-i386-qemuu-win 16 leak-check/check fail never pass test-amd64-i386-xl-qemuu-win7-amd64 12 guest-localmigrate/x10 fail never pass test-amd64-i386-qemuu-win-vcpus1 16 leak-check/check fail never pass test-i386-i386-xl-qemuu-winxpsp3 13 guest-stop fail never pass test-amd64-i386-xend-qemuu-winxpsp3 16 leak-check/check fail never pass test-i386-i386-qemuu-win 16 leak-check/check fail never pass test-amd64-amd64-xl-qemuu-winxpsp3 13 guest-stop fail never pass test-i386-i386-xl-qemuu-win 13 guest-stop fail never pass test-amd64-amd64-qemuu-win 16 leak-check/check fail never pass test-amd64-amd64-xl-qemuu-win 13 guest-stop fail never pass version targeted for testing: qemuu 6505594b66d6f175b3311b844804c6cb582ce52a baseline version: qemuu 9efe258c19da5ef736b74217c11a610e448d1ab5 jobs: build-amd64 pass build-i386 pass build-amd64-oldkern pass build-i386-oldkern pass build-amd64-pvops pass build-i386-pvops pass test-amd64-i386-qemuu-rhel6hvm-amd fail test-amd64-amd64-xl-qemuu-win7-amd64 fail test-amd64-i386-xl-qemuu-win7-amd64 fail test-amd64-i386-qemuu-rhel6hvm-intel fail test-amd64-i386-qemuu-win-vcpus1 fail test-amd64-i386-xl-qemuu-win-vcpus1 fail test-amd64-i386-xl-qemuu-winxpsp3-vcpus1 fail test-amd64-amd64-qemuu-win fail test-amd64-i386-qemuu-win fail test-i386-i386-qemuu-win fail test-amd64-amd64-xl-qemuu-win fail test-i386-i386-xl-qemuu-win fail test-amd64-i386-xend-qemuu-winxpsp3 fail test-amd64-amd64-xl-qemuu-winxpsp3 fail test-i386-i386-xl-qemuu-winxpsp3 fail ------------------------------------------------------------ sg-report-flight on woking.cam.xci-test.com logs: /home/xc_osstest/logs images: /home/xc_osstest/images Logs, config files, etc. are available at http://www.chiark.greenend.org.uk/~xensrcts/logs Test harness code can be found at http://xenbits.xensource.com/gitweb?p=osstest.git;a=summary Not pushing.