xen-devel.lists.xenproject.org archive mirror
 help / color / mirror / Atom feed
* [qemu-upstream-unstable test] 12924: regressions - FAIL
@ 2012-05-18 23:18 xen.org
  0 siblings, 0 replies; only message in thread
From: xen.org @ 2012-05-18 23:18 UTC (permalink / raw)
  To: xen-devel; +Cc: ian.jackson

flight 12924 qemu-upstream-unstable real [real]
http://www.chiark.greenend.org.uk/~xensrcts/logs/12924/

Regressions :-(

Tests which did not succeed and are blocking,
including tests which could not be run:
 build-amd64-oldkern           4 xen-build                 fail REGR. vs. 12892
 build-amd64                   4 xen-build                 fail REGR. vs. 12892
 build-i386-oldkern            4 xen-build                 fail REGR. vs. 12892

Tests which did not succeed, but are not blocking:
 test-amd64-i386-qemuu-rhel6hvm-amd  1 xen-build-check(1)           blocked n/a
 test-amd64-i386-qemuu-rhel6hvm-intel  1 xen-build-check(1)         blocked n/a
 test-amd64-i386-xl-qemuu-win-vcpus1  1 xen-build-check(1)          blocked n/a
 test-amd64-amd64-xl-qemuu-win7-amd64  1 xen-build-check(1)         blocked n/a
 test-amd64-i386-xl-qemuu-winxpsp3-vcpus1  1 xen-build-check(1)     blocked n/a
 test-amd64-i386-qemuu-win     1 xen-build-check(1)           blocked  n/a
 test-amd64-i386-xl-qemuu-win7-amd64  1 xen-build-check(1)          blocked n/a
 test-amd64-i386-qemuu-win-vcpus1  1 xen-build-check(1)           blocked  n/a
 test-i386-i386-xl-qemuu-winxpsp3 13 guest-stop                 fail never pass
 test-amd64-i386-xend-qemuu-winxpsp3  1 xen-build-check(1)          blocked n/a
 test-i386-i386-qemuu-win     16 leak-check/check             fail   never pass
 test-amd64-amd64-xl-qemuu-winxpsp3  1 xen-build-check(1)           blocked n/a
 test-i386-i386-xl-qemuu-win  13 guest-stop                   fail   never pass
 test-amd64-amd64-qemuu-win    1 xen-build-check(1)           blocked  n/a
 test-amd64-amd64-xl-qemuu-win  1 xen-build-check(1)           blocked  n/a

version targeted for testing:
 qemuu                6505594b66d6f175b3311b844804c6cb582ce52a
baseline version:
 qemuu                9efe258c19da5ef736b74217c11a610e448d1ab5

jobs:
 build-amd64                                                  fail    
 build-i386                                                   pass    
 build-amd64-oldkern                                          fail    
 build-i386-oldkern                                           fail    
 build-amd64-pvops                                            pass    
 build-i386-pvops                                             pass    
 test-amd64-i386-qemuu-rhel6hvm-amd                           blocked 
 test-amd64-amd64-xl-qemuu-win7-amd64                         blocked 
 test-amd64-i386-xl-qemuu-win7-amd64                          blocked 
 test-amd64-i386-qemuu-rhel6hvm-intel                         blocked 
 test-amd64-i386-qemuu-win-vcpus1                             blocked 
 test-amd64-i386-xl-qemuu-win-vcpus1                          blocked 
 test-amd64-i386-xl-qemuu-winxpsp3-vcpus1                     blocked 
 test-amd64-amd64-qemuu-win                                   blocked 
 test-amd64-i386-qemuu-win                                    blocked 
 test-i386-i386-qemuu-win                                     fail    
 test-amd64-amd64-xl-qemuu-win                                blocked 
 test-i386-i386-xl-qemuu-win                                  fail    
 test-amd64-i386-xend-qemuu-winxpsp3                          blocked 
 test-amd64-amd64-xl-qemuu-winxpsp3                           blocked 
 test-i386-i386-xl-qemuu-winxpsp3                             fail    


------------------------------------------------------------
sg-report-flight on woking.cam.xci-test.com
logs: /home/xc_osstest/logs
images: /home/xc_osstest/images

Logs, config files, etc. are available at
    http://www.chiark.greenend.org.uk/~xensrcts/logs

Test harness code can be found at
    http://xenbits.xensource.com/gitweb?p=osstest.git;a=summary


Not pushing.

^ permalink raw reply	[flat|nested] only message in thread

only message in thread, other threads:[~2012-05-18 23:18 UTC | newest]

Thread overview: (only message) (download: mbox.gz follow: Atom feed
-- links below jump to the message on this page --
2012-05-18 23:18 [qemu-upstream-unstable test] 12924: regressions - FAIL xen.org

This is a public inbox, see mirroring instructions
for how to clone and mirror all data and code used for this inbox;
as well as URLs for NNTP newsgroup(s).