xen-devel.lists.xenproject.org archive mirror
 help / color / mirror / Atom feed
* [qemu-upstream-unstable test] 12926: regressions - FAIL
@ 2012-05-19  5:47 xen.org
  0 siblings, 0 replies; only message in thread
From: xen.org @ 2012-05-19  5:47 UTC (permalink / raw)
  To: xen-devel; +Cc: ian.jackson

flight 12926 qemu-upstream-unstable real [real]
http://www.chiark.greenend.org.uk/~xensrcts/logs/12926/

Regressions :-(

Tests which did not succeed and are blocking,
including tests which could not be run:
 test-amd64-i386-qemuu-rhel6hvm-amd  9 guest-start.2       fail REGR. vs. 12892

Tests which are failing intermittently (not blocking):
 test-amd64-i386-qemuu-rhel6hvm-intel  7 redhat-install      fail pass in 12922
 test-amd64-i386-xl-qemuu-win7-amd64 11 guest-localmigrate.2 fail pass in 12922

Regressions which are regarded as allowable (not blocking):
 test-amd64-i386-qemuu-rhel6hvm-intel  9 guest-start.2 fail in 12922 like 12892
 test-amd64-amd64-xl-qemuu-win7-amd64 11 guest-localmigrate.2 fail in 12922 like 12892

Tests which did not succeed, but are not blocking:
 test-amd64-i386-xl-qemuu-win-vcpus1 13 guest-stop              fail never pass
 test-amd64-i386-xl-qemuu-winxpsp3-vcpus1 13 guest-stop         fail never pass
 test-amd64-i386-qemuu-win    16 leak-check/check             fail   never pass
 test-amd64-i386-qemuu-win-vcpus1 16 leak-check/check           fail never pass
 test-amd64-amd64-xl-qemuu-win7-amd64 13 guest-stop             fail never pass
 test-i386-i386-xl-qemuu-winxpsp3 13 guest-stop                 fail never pass
 test-amd64-i386-xend-qemuu-winxpsp3 16 leak-check/check        fail never pass
 test-i386-i386-qemuu-win     16 leak-check/check             fail   never pass
 test-amd64-amd64-xl-qemuu-winxpsp3 13 guest-stop               fail never pass
 test-i386-i386-xl-qemuu-win  13 guest-stop                   fail   never pass
 test-amd64-amd64-qemuu-win   16 leak-check/check             fail   never pass
 test-amd64-amd64-xl-qemuu-win 13 guest-stop                   fail  never pass
 test-amd64-i386-xl-qemuu-win7-amd64 12 guest-localmigrate/x10 fail in 12922 never pass

version targeted for testing:
 qemuu                6505594b66d6f175b3311b844804c6cb582ce52a
baseline version:
 qemuu                9efe258c19da5ef736b74217c11a610e448d1ab5

jobs:
 build-amd64                                                  pass    
 build-i386                                                   pass    
 build-amd64-oldkern                                          pass    
 build-i386-oldkern                                           pass    
 build-amd64-pvops                                            pass    
 build-i386-pvops                                             pass    
 test-amd64-i386-qemuu-rhel6hvm-amd                           fail    
 test-amd64-amd64-xl-qemuu-win7-amd64                         fail    
 test-amd64-i386-xl-qemuu-win7-amd64                          fail    
 test-amd64-i386-qemuu-rhel6hvm-intel                         fail    
 test-amd64-i386-qemuu-win-vcpus1                             fail    
 test-amd64-i386-xl-qemuu-win-vcpus1                          fail    
 test-amd64-i386-xl-qemuu-winxpsp3-vcpus1                     fail    
 test-amd64-amd64-qemuu-win                                   fail    
 test-amd64-i386-qemuu-win                                    fail    
 test-i386-i386-qemuu-win                                     fail    
 test-amd64-amd64-xl-qemuu-win                                fail    
 test-i386-i386-xl-qemuu-win                                  fail    
 test-amd64-i386-xend-qemuu-winxpsp3                          fail    
 test-amd64-amd64-xl-qemuu-winxpsp3                           fail    
 test-i386-i386-xl-qemuu-winxpsp3                             fail    


------------------------------------------------------------
sg-report-flight on woking.cam.xci-test.com
logs: /home/xc_osstest/logs
images: /home/xc_osstest/images

Logs, config files, etc. are available at
    http://www.chiark.greenend.org.uk/~xensrcts/logs

Test harness code can be found at
    http://xenbits.xensource.com/gitweb?p=osstest.git;a=summary


Not pushing.

^ permalink raw reply	[flat|nested] only message in thread

only message in thread, other threads:[~2012-05-19  5:47 UTC | newest]

Thread overview: (only message) (download: mbox.gz follow: Atom feed
-- links below jump to the message on this page --
2012-05-19  5:47 [qemu-upstream-unstable test] 12926: regressions - FAIL xen.org

This is a public inbox, see mirroring instructions
for how to clone and mirror all data and code used for this inbox;
as well as URLs for NNTP newsgroup(s).