* [freebsd-master test] 129318: regressions - FAIL
@ 2018-11-02 14:00 osstest service owner
0 siblings, 0 replies; only message in thread
From: osstest service owner @ 2018-11-02 14:00 UTC (permalink / raw)
To: xen-devel, osstest-admin, royger
flight 129318 freebsd-master real [real]
http://logs.test-lab.xenproject.org/osstest/logs/129318/
Regressions :-(
Tests which did not succeed and are blocking,
including tests which could not be run:
build-amd64-freebsd-again 5 host-install(5) fail REGR. vs. 129229
version targeted for testing:
freebsd 3d484ab7872efb94fefe40ed0ea2c3d6c0d03152
baseline version:
freebsd 2f480ce108ecce5a6d0e78d011781a5e33bd4c67
Last test of basis 129229 2018-10-31 09:19:07 Z 2 days
Testing same since 129318 2018-11-02 09:18:52 Z 0 days 1 attempts
------------------------------------------------------------
People who touched revisions under test:
0mp <0mp@FreeBSD.org>
andrew <andrew@FreeBSD.org>
araujo <araujo@FreeBSD.org>
arichardson <arichardson@FreeBSD.org>
brooks <brooks@FreeBSD.org>
bwidawsk <bwidawsk@FreeBSD.org>
bz <bz@FreeBSD.org>
cem <cem@FreeBSD.org>
des <des@FreeBSD.org>
dteske <dteske@FreeBSD.org>
emaste <emaste@FreeBSD.org>
erj <erj@FreeBSD.org>
glebius <glebius@FreeBSD.org>
imp <imp@FreeBSD.org>
jhb <jhb@FreeBSD.org>
kevans <kevans@FreeBSD.org>
kib <kib@FreeBSD.org>
markj <markj@FreeBSD.org>
mckusick <mckusick@FreeBSD.org>
miwi <miwi@FreeBSD.org>
np <np@FreeBSD.org>
rmacklem <rmacklem@FreeBSD.org>
trasz <trasz@FreeBSD.org>
tsoome <tsoome@FreeBSD.org>
tuexen <tuexen@FreeBSD.org>
yuripv <yuripv@FreeBSD.org>
jobs:
build-amd64-freebsd-again fail
build-amd64-freebsd pass
build-amd64-xen-freebsd pass
------------------------------------------------------------
sg-report-flight on osstest.test-lab.xenproject.org
logs: /home/logs/logs
images: /home/logs/images
Logs, config files, etc. are available at
http://logs.test-lab.xenproject.org/osstest/logs
Explanation of these reports, and of osstest in general, is at
http://xenbits.xen.org/gitweb/?p=osstest.git;a=blob;f=README.email;hb=master
http://xenbits.xen.org/gitweb/?p=osstest.git;a=blob;f=README;hb=master
Test harness code can be found at
http://xenbits.xen.org/gitweb?p=osstest.git;a=summary
Not pushing.
(No revision log; it would be 932 lines long.)
_______________________________________________
Xen-devel mailing list
Xen-devel@lists.xenproject.org
https://lists.xenproject.org/mailman/listinfo/xen-devel
^ permalink raw reply [flat|nested] only message in thread
only message in thread, other threads:[~2018-11-02 14:00 UTC | newest]
Thread overview: (only message) (download: mbox.gz follow: Atom feed
-- links below jump to the message on this page --
2018-11-02 14:00 [freebsd-master test] 129318: regressions - FAIL osstest service owner
This is a public inbox, see mirroring instructions
for how to clone and mirror all data and code used for this inbox;
as well as URLs for NNTP newsgroup(s).