* [qemu-upstream-unstable test] 12957: tolerable FAIL - PUSHED
@ 2012-05-23 1:39 xen.org
0 siblings, 0 replies; only message in thread
From: xen.org @ 2012-05-23 1:39 UTC (permalink / raw)
To: xen-devel; +Cc: ian.jackson
flight 12957 qemu-upstream-unstable real [real]
http://www.chiark.greenend.org.uk/~xensrcts/logs/12957/
Failures :-/ but no regressions.
Regressions which are regarded as allowable (not blocking):
test-amd64-amd64-xl-qemuu-win7-amd64 11 guest-localmigrate.2 fail like 12892
test-amd64-i386-xl-qemuu-win7-amd64 12 guest-localmigrate/x10 fail like 12892
Tests which did not succeed, but are not blocking:
test-amd64-i386-qemuu-rhel6hvm-amd 11 leak-check/check fail never pass
test-amd64-i386-qemuu-rhel6hvm-intel 11 leak-check/check fail never pass
test-amd64-i386-xl-qemuu-winxpsp3-vcpus1 13 guest-stop fail never pass
test-amd64-i386-qemuu-win-vcpus1 16 leak-check/check fail never pass
test-amd64-i386-xend-qemuu-winxpsp3 16 leak-check/check fail never pass
test-i386-i386-xl-qemuu-winxpsp3 13 guest-stop fail never pass
test-amd64-amd64-xl-qemuu-winxpsp3 13 guest-stop fail never pass
test-amd64-i386-xl-qemuu-win-vcpus1 13 guest-stop fail never pass
test-amd64-i386-qemuu-win 16 leak-check/check fail never pass
test-i386-i386-qemuu-win 16 leak-check/check fail never pass
test-amd64-amd64-qemuu-win 16 leak-check/check fail never pass
test-amd64-amd64-xl-qemuu-win 13 guest-stop fail never pass
test-i386-i386-xl-qemuu-win 13 guest-stop fail never pass
version targeted for testing:
qemuu 6d8b472233779c2a028a03843603030d2b1aee86
baseline version:
qemuu 9efe258c19da5ef736b74217c11a610e448d1ab5
jobs:
build-amd64 pass
build-i386 pass
build-amd64-oldkern pass
build-i386-oldkern pass
build-amd64-pvops pass
build-i386-pvops pass
test-amd64-i386-qemuu-rhel6hvm-amd fail
test-amd64-amd64-xl-qemuu-win7-amd64 fail
test-amd64-i386-xl-qemuu-win7-amd64 fail
test-amd64-i386-qemuu-rhel6hvm-intel fail
test-amd64-i386-qemuu-win-vcpus1 fail
test-amd64-i386-xl-qemuu-win-vcpus1 fail
test-amd64-i386-xl-qemuu-winxpsp3-vcpus1 fail
test-amd64-amd64-qemuu-win fail
test-amd64-i386-qemuu-win fail
test-i386-i386-qemuu-win fail
test-amd64-amd64-xl-qemuu-win fail
test-i386-i386-xl-qemuu-win fail
test-amd64-i386-xend-qemuu-winxpsp3 fail
test-amd64-amd64-xl-qemuu-winxpsp3 fail
test-i386-i386-xl-qemuu-winxpsp3 fail
------------------------------------------------------------
sg-report-flight on woking.cam.xci-test.com
logs: /home/xc_osstest/logs
images: /home/xc_osstest/images
Logs, config files, etc. are available at
http://www.chiark.greenend.org.uk/~xensrcts/logs
Test harness code can be found at
http://xenbits.xensource.com/gitweb?p=osstest.git;a=summary
Pushing revision :
+ branch=qemu-upstream-unstable
+ revision=6d8b472233779c2a028a03843603030d2b1aee86
+ . cri-lock-repos
++ . cri-common
+++ umask 002
+++ getconfig Repos
+++ perl -e '
use Osstest;
readconfigonly();
print $c{Repos} or die $!;
'
++ repos=/export/home/osstest/repos
++ repos_lock=/export/home/osstest/repos/lock
++ '[' x '!=' x/export/home/osstest/repos/lock ']'
++ OSSTEST_REPOS_LOCK_LOCKED=/export/home/osstest/repos/lock
++ exec with-lock-ex -w /export/home/osstest/repos/lock ./ap-push qemu-upstream-unstable 6d8b472233779c2a028a03843603030d2b1aee86
+ branch=qemu-upstream-unstable
+ revision=6d8b472233779c2a028a03843603030d2b1aee86
+ . cri-lock-repos
++ . cri-common
+++ umask 002
+++ getconfig Repos
+++ perl -e '
use Osstest;
readconfigonly();
print $c{Repos} or die $!;
'
++ repos=/export/home/osstest/repos
++ repos_lock=/export/home/osstest/repos/lock
++ '[' x/export/home/osstest/repos/lock '!=' x/export/home/osstest/repos/lock ']'
+ . cri-common
++ umask 002
+ select_xenbranch
+ case "$branch" in
+ tree=qemuu
+ xenbranch=xen-unstable
+ '[' xqemuu = xlinux ']'
+ linuxbranch=linux
+ : master
+ : tested/2.6.39.x
+ . ap-common
++ : xen@xenbits.xensource.com
++ : http://xenbits.xen.org/staging/xen-unstable.hg
++ : git://xenbits.xen.org/staging/qemu-xen-unstable.git
++ : git://git.kernel.org
++ : git://git.kernel.org/pub/scm/linux/kernel/git
++ : git
++ : git://xenbits.xen.org/linux-pvops.git
++ : master
++ : xen@xenbits.xensource.com:git/linux-pvops.git
++ : git://xenbits.xen.org/linux-pvops.git
++ : master
++ : git://git.kernel.org/pub/scm/linux/kernel/git/konrad/xen.git
++ : tested/2.6.39.x
++ : daily-cron.qemu-upstream-unstable
++ : http://hg.uk.xensource.com/carbon/trunk/linux-2.6.27
++ : git://xenbits.xen.org/staging/qemu-upstream-unstable.git
++ : daily-cron.qemu-upstream-unstable
+ TREE_LINUX=xen@xenbits.xensource.com:git/linux-pvops.git
+ TREE_QEMU_UPSTREAM=xen@xenbits.xensource.com:git/qemu-upstream-unstable.git
+ info_linux_tree qemu-upstream-unstable
+ case $1 in
+ return 1
+ case "$branch" in
+ cd /export/home/osstest/repos/qemu-upstream-unstable
+ git push xen@xenbits.xensource.com:git/qemu-upstream-unstable.git 6d8b472233779c2a028a03843603030d2b1aee86:master
Counting objects: 1
Counting objects: 11
Counting objects: 19, done.
Compressing objects: 8% (1/12)
Compressing objects: 16% (2/12)
Compressing objects: 25% (3/12)
Compressing objects: 33% (4/12)
Compressing objects: 41% (5/12)
Compressing objects: 50% (6/12)
Compressing objects: 58% (7/12)
Compressing objects: 66% (8/12)
Compressing objects: 75% (9/12)
Compressing objects: 83% (10/12)
Compressing objects: 91% (11/12)
Compressing objects: 100% (12/12)
Compressing objects: 100% (12/12), done.
Writing objects: 8% (1/12)
Writing objects: 16% (2/12)
Writing objects: 25% (3/12)
Writing objects: 33% (4/12)
Writing objects: 41% (5/12)
Writing objects: 50% (6/12)
Writing objects: 58% (7/12)
Writing objects: 66% (8/12)
Writing objects: 75% (9/12)
Writing objects: 83% (10/12)
Writing objects: 91% (11/12)
Writing objects: 100% (12/12)
Writing objects: 100% (12/12), 2.11 KiB, done.
Total 12 (delta 9), reused 0 (delta 0)
To xen@xenbits.xensource.com:git/qemu-upstream-unstable.git
9efe258..6d8b472 6d8b472233779c2a028a03843603030d2b1aee86 -> master
^ permalink raw reply [flat|nested] only message in thread
only message in thread, other threads:[~2012-05-23 1:39 UTC | newest]
Thread overview: (only message) (download: mbox.gz follow: Atom feed
-- links below jump to the message on this page --
2012-05-23 1:39 [qemu-upstream-unstable test] 12957: tolerable FAIL - PUSHED xen.org
This is a public inbox, see mirroring instructions
for how to clone and mirror all data and code used for this inbox;
as well as URLs for NNTP newsgroup(s).