* [linux-3.0 test] 13017: tolerable FAIL - PUSHED
@ 2012-06-05 16:44 xen.org
0 siblings, 0 replies; only message in thread
From: xen.org @ 2012-06-05 16:44 UTC (permalink / raw)
To: xen-devel; +Cc: ian.jackson
flight 13017 linux-3.0 real [real]
http://www.chiark.greenend.org.uk/~xensrcts/logs/13017/
Failures :-/ but no regressions.
Regressions which are regarded as allowable (not blocking):
test-amd64-amd64-xl-sedf 9 guest-start fail like 12965
test-amd64-amd64-win 12 guest-localmigrate/x10 fail like 12954
Tests which did not succeed, but are not blocking:
test-amd64-amd64-xl-pcipt-intel 8 debian-fixup fail never pass
test-amd64-i386-xl-winxpsp3-vcpus1 13 guest-stop fail never pass
test-amd64-i386-xend-winxpsp3 16 leak-check/check fail never pass
test-amd64-amd64-xl-winxpsp3 13 guest-stop fail never pass
test-amd64-amd64-xl-win7-amd64 13 guest-stop fail never pass
test-i386-i386-xl-qemuu-winxpsp3 13 guest-stop fail never pass
test-amd64-amd64-xl-qemuu-win7-amd64 12 guest-localmigrate/x10 fail never pass
test-amd64-i386-win 16 leak-check/check fail never pass
test-amd64-i386-win-vcpus1 16 leak-check/check fail never pass
test-i386-i386-win 16 leak-check/check fail never pass
test-amd64-i386-xl-win-vcpus1 13 guest-stop fail never pass
test-amd64-i386-xl-win7-amd64 13 guest-stop fail never pass
test-amd64-amd64-xl-qemuu-winxpsp3 12 guest-localmigrate/x10 fail never pass
test-i386-i386-xl-win 13 guest-stop fail never pass
test-i386-i386-xl-winxpsp3 13 guest-stop fail never pass
test-amd64-amd64-xl-win 13 guest-stop fail never pass
version targeted for testing:
linux 6102ace32239ad2174ffbb7d60be8dafee7341a1
baseline version:
linux 091ce3d38e5e57cf7dd44d66335725910e928f59
jobs:
build-amd64 pass
build-i386 pass
build-amd64-pvops pass
build-i386-pvops pass
test-amd64-amd64-xl pass
test-amd64-i386-xl pass
test-i386-i386-xl pass
test-amd64-i386-rhel6hvm-amd pass
test-amd64-i386-qemuu-rhel6hvm-amd pass
test-amd64-amd64-xl-qemuu-win7-amd64 fail
test-amd64-amd64-xl-win7-amd64 fail
test-amd64-i386-xl-win7-amd64 fail
test-amd64-i386-xl-credit2 pass
test-amd64-amd64-xl-pcipt-intel fail
test-amd64-i386-rhel6hvm-intel pass
test-amd64-i386-qemuu-rhel6hvm-intel pass
test-amd64-i386-xl-multivcpu pass
test-amd64-amd64-pair pass
test-amd64-i386-pair pass
test-i386-i386-pair pass
test-amd64-amd64-xl-sedf-pin pass
test-amd64-amd64-pv pass
test-amd64-i386-pv pass
test-i386-i386-pv pass
test-amd64-amd64-xl-sedf fail
test-amd64-i386-win-vcpus1 fail
test-amd64-i386-xl-win-vcpus1 fail
test-amd64-i386-xl-winxpsp3-vcpus1 fail
test-amd64-amd64-win fail
test-amd64-i386-win fail
test-i386-i386-win fail
test-amd64-amd64-xl-win fail
test-i386-i386-xl-win fail
test-amd64-amd64-xl-qemuu-winxpsp3 fail
test-i386-i386-xl-qemuu-winxpsp3 fail
test-amd64-i386-xend-winxpsp3 fail
test-amd64-amd64-xl-winxpsp3 fail
test-i386-i386-xl-winxpsp3 fail
------------------------------------------------------------
sg-report-flight on woking.cam.xci-test.com
logs: /home/xc_osstest/logs
images: /home/xc_osstest/images
Logs, config files, etc. are available at
http://www.chiark.greenend.org.uk/~xensrcts/logs
Test harness code can be found at
http://xenbits.xensource.com/gitweb?p=osstest.git;a=summary
Pushing revision :
+ branch=linux-3.0
+ revision=6102ace32239ad2174ffbb7d60be8dafee7341a1
+ . cri-lock-repos
++ . cri-common
+++ umask 002
+++ getconfig Repos
+++ perl -e '
use Osstest;
readconfigonly();
print $c{Repos} or die $!;
'
++ repos=/export/home/osstest/repos
++ repos_lock=/export/home/osstest/repos/lock
++ '[' x '!=' x/export/home/osstest/repos/lock ']'
++ OSSTEST_REPOS_LOCK_LOCKED=/export/home/osstest/repos/lock
++ exec with-lock-ex -w /export/home/osstest/repos/lock ./ap-push linux-3.0 6102ace32239ad2174ffbb7d60be8dafee7341a1
+ branch=linux-3.0
+ revision=6102ace32239ad2174ffbb7d60be8dafee7341a1
+ . cri-lock-repos
++ . cri-common
+++ umask 002
+++ getconfig Repos
+++ perl -e '
use Osstest;
readconfigonly();
print $c{Repos} or die $!;
'
++ repos=/export/home/osstest/repos
++ repos_lock=/export/home/osstest/repos/lock
++ '[' x/export/home/osstest/repos/lock '!=' x/export/home/osstest/repos/lock ']'
+ . cri-common
++ umask 002
+ select_xenbranch
+ case "$branch" in
+ tree=linux
+ xenbranch=xen-unstable
+ '[' xlinux = xlinux ']'
+ linuxbranch=linux-3.0
+ : master
+ : tested/2.6.39.x
+ . ap-common
++ : xen@xenbits.xensource.com
++ : http://xenbits.xen.org/staging/xen-unstable.hg
++ : git://xenbits.xen.org/staging/qemu-xen-unstable.git
++ : git://git.kernel.org
++ : git://git.kernel.org/pub/scm/linux/kernel/git
++ : git
++ : git://git.kernel.org/pub/scm/linux/kernel/git/stable/linux-stable.git
++ : master
++ : xen@xenbits.xensource.com:git/linux-pvops.git
++ : git://xenbits.xen.org/linux-pvops.git
++ : master
++ : git://git.kernel.org/pub/scm/linux/kernel/git/konrad/xen.git
++ : tested/2.6.39.x
++ : daily-cron.linux-3.0
++ : http://hg.uk.xensource.com/carbon/trunk/linux-2.6.27
++ : git://xenbits.xen.org/staging/qemu-upstream-unstable.git
++ : daily-cron.linux-3.0
+ TREE_LINUX=xen@xenbits.xensource.com:git/linux-pvops.git
+ TREE_QEMU_UPSTREAM=xen@xenbits.xensource.com:git/qemu-upstream-unstable.git
+ info_linux_tree linux-3.0
+ case $1 in
+ : git://git.kernel.org/pub/scm/linux/kernel/git/stable/linux-stable.git
+ : linux-3.0.y
+ : linux-3.0.y
+ : git
+ : git
+ : git://xenbits.xen.org/linux-pvops.git
+ : xen@xenbits.xensource.com:git/linux-pvops.git
+ : tested/linux-3.0
+ : tested/linux-3.0
+ return 0
+ cd /export/home/osstest/repos/linux
+ git push xen@xenbits.xensource.com:git/linux-pvops.git 6102ace32239ad2174ffbb7d60be8dafee7341a1:tested/linux-3.0
Counting objects: 1
Counting objects: 203
Counting objects: 487, done.
Compressing objects: 1% (1/64)
Compressing objects: 3% (2/64)
Compressing objects: 4% (3/64)
Compressing objects: 6% (4/64)
Compressing objects: 7% (5/64)
Compressing objects: 9% (6/64)
Compressing objects: 10% (7/64)
Compressing objects: 12% (8/64)
Compressing objects: 14% (9/64)
Compressing objects: 15% (10/64)
Compressing objects: 17% (11/64)
Compressing objects: 18% (12/64)
Compressing objects: 20% (13/64)
Compressing objects: 21% (14/64)
Compressing objects: 23% (15/64)
Compressing objects: 25% (16/64)
Compressing objects: 26% (17/64)
Compressing objects: 28% (18/64)
Compressing objects: 29% (19/64)
Compressing objects: 31% (20/64)
Compressing objects: 32% (21/64)
Compressing objects: 34% (22/64)
Compressing objects: 35% (23/64)
Compressing objects: 37% (24/64)
Compressing objects: 39% (25/64)
Compressing objects: 40% (26/64)
Compressing objects: 42% (27/64)
Compressing objects: 43% (28/64)
Compressing objects: 45% (29/64)
Compressing objects: 46% (30/64)
Compressing objects: 48% (31/64)
Compressing objects: 50% (32/64)
Compressing objects: 51% (33/64)
Compressing objects: 53% (34/64)
Compressing objects: 54% (35/64)
Compressing objects: 56% (36/64)
Compressing objects: 57% (37/64)
Compressing objects: 59% (38/64)
Compressing objects: 60% (39/64)
Compressing objects: 62% (40/64)
Compressing objects: 64% (41/64)
Compressing objects: 65% (42/64)
Compressing objects: 67% (43/64)
Compressing objects: 68% (44/64)
Compressing objects: 70% (45/64)
Compressing objects: 71% (46/64)
Compressing objects: 73% (47/64)
Compressing objects: 75% (48/64)
Compressing objects: 76% (49/64)
Compressing objects: 78% (50/64)
Compressing objects: 79% (51/64)
Compressing objects: 81% (52/64)
Compressing objects: 82% (53/64)
Compressing objects: 84% (54/64)
Compressing objects: 85% (55/64)
Compressing objects: 87% (56/64)
Compressing objects: 89% (57/64)
Compressing objects: 90% (58/64)
Compressing objects: 92% (59/64)
Compressing objects: 93% (60/64)
Compressing objects: 95% (61/64)
Compressing objects: 96% (62/64)
Compressing objects: 98% (63/64)
Compressing objects: 100% (64/64)
Compressing objects: 100% (64/64), done.
Writing objects: 0% (1/346)
Writing objects: 1% (4/346)
Writing objects: 2% (7/346)
Writing objects: 3% (11/346)
Writing objects: 4% (14/346)
Writing objects: 5% (18/346)
Writing objects: 6% (21/346)
Writing objects: 7% (25/346)
Writing objects: 8% (28/346)
Writing objects: 9% (32/346)
Writing objects: 10% (35/346)
Writing objects: 11% (39/346)
Writing objects: 12% (42/346)
Writing objects: 13% (45/346)
Writing objects: 14% (49/346)
Writing objects: 15% (52/346)
Writing objects: 16% (56/346)
Writing objects: 17% (59/346)
Writing objects: 18% (63/346)
Writing objects: 19% (66/346)
Writing objects: 20% (70/346)
Writing objects: 21% (73/346)
Writing objects: 22% (77/346)
Writing objects: 23% (80/346)
Writing objects: 24% (84/346)
Writing objects: 25% (87/346)
Writing objects: 26% (90/346)
Writing objects: 27% (94/346)
Writing objects: 28% (97/346)
Writing objects: 29% (101/346)
Writing objects: 30% (104/346)
Writing objects: 31% (108/346)
Writing objects: 32% (111/346)
Writing objects: 33% (115/346)
Writing objects: 34% (118/346)
Writing objects: 35% (122/346)
Writing objects: 36% (125/346)
Writing objects: 37% (129/346)
Writing objects: 38% (132/346)
Writing objects: 39% (135/346)
Writing objects: 40% (139/346)
Writing objects: 41% (142/346)
Writing objects: 42% (146/346)
Writing objects: 43% (149/346)
Writing objects: 44% (153/346)
Writing objects: 45% (156/346)
Writing objects: 46% (160/346)
Writing objects: 47% (163/346)
Writing objects: 48% (167/346)
Writing objects: 49% (170/346)
Writing objects: 50% (173/346)
Writing objects: 51% (177/346)
Writing objects: 52% (180/346)
Writing objects: 53% (184/346)
Writing objects: 54% (187/346)
Writing objects: 55% (191/346)
Writing objects: 56% (194/346)
Writing objects: 57% (198/346)
Writing objects: 58% (201/346)
Writing objects: 59% (205/346)
Writing objects: 60% (208/346)
Writing objects: 61% (212/346)
Writing objects: 62% (215/346)
Writing objects: 63% (218/346)
Writing objects: 64% (222/346)
Writing objects: 65% (225/346)
Writing objects: 66% (229/346)
Writing objects: 67% (232/346)
Writing objects: 68% (236/346)
Writing objects: 69% (239/346)
Writing objects: 70% (243/346)
Writing objects: 71% (246/346)
Writing objects: 72% (250/346)
Writing objects: 73% (253/346)
Writing objects: 74% (257/346)
Writing objects: 75% (260/346)
Writing objects: 76% (263/346)
Writing objects: 77% (267/346)
Writing objects: 78% (270/346)
Writing objects: 79% (274/346)
Writing objects: 80% (277/346)
Writing objects: 81% (281/346)
Writing objects: 82% (284/346)
Writing objects: 83% (288/346)
Writing objects: 84% (291/346)
Writing objects: 85% (295/346)
Writing objects: 86% (298/346)
Writing objects: 87% (302/346)
Writing objects: 88% (305/346)
Writing objects: 89% (308/346)
Writing objects: 90% (312/346)
Writing objects: 91% (315/346)
Writing objects: 92% (319/346)
Writing objects: 93% (322/346)
Writing objects: 94% (326/346)
Writing objects: 95% (329/346)
Writing objects: 96% (333/346)
Writing objects: 97% (336/346)
Writing objects: 98% (340/346)
Writing objects: 99% (343/346)
Writing objects: 100% (346/346)
Writing objects: 100% (346/346), 59.53 KiB, done.
Total 346 (delta 280), reused 346 (delta 280)
To xen@xenbits.xensource.com:git/linux-pvops.git
091ce3d..6102ace 6102ace32239ad2174ffbb7d60be8dafee7341a1 -> tested/linux-3.0
+ exit 0
^ permalink raw reply [flat|nested] only message in thread
only message in thread, other threads:[~2012-06-05 16:44 UTC | newest]
Thread overview: (only message) (download: mbox.gz follow: Atom feed
-- links below jump to the message on this page --
2012-06-05 16:44 [linux-3.0 test] 13017: tolerable FAIL - PUSHED xen.org
This is a public inbox, see mirroring instructions
for how to clone and mirror all data and code used for this inbox;
as well as URLs for NNTP newsgroup(s).