xen-devel.lists.xenproject.org archive mirror
 help / color / mirror / Atom feed
From: osstest service owner <osstest-admin@xenproject.org>
To: xen-devel@lists.xenproject.org, osstest-admin@xenproject.org
Subject: [libvirt test] 130430: regressions - trouble: blocked/broken/fail/pass
Date: Mon, 19 Nov 2018 16:51:30 +0000	[thread overview]
Message-ID: <osstest-130430-mainreport@xen.org> (raw)

flight 130430 libvirt real [real]
http://logs.test-lab.xenproject.org/osstest/logs/130430/

Regressions :-(

Tests which did not succeed and are blocking,
including tests which could not be run:
 build-arm64                     <job status>                 broken
 build-arm64-pvops               <job status>                 broken
 build-arm64-xsm                 <job status>                 broken
 build-arm64                   4 host-install(4)        broken REGR. vs. 129914
 build-arm64-xsm               4 host-install(4)        broken REGR. vs. 129914
 build-arm64-pvops             4 host-install(4)        broken REGR. vs. 129914
 build-i386-libvirt            6 libvirt-build            fail REGR. vs. 129914

Tests which did not succeed, but are not blocking:
 test-arm64-arm64-libvirt-xsm  1 build-check(1)               blocked  n/a
 test-amd64-i386-libvirt       1 build-check(1)               blocked  n/a
 test-arm64-arm64-libvirt      1 build-check(1)               blocked  n/a
 test-amd64-i386-libvirt-xsm   1 build-check(1)               blocked  n/a
 test-arm64-arm64-libvirt-qcow2  1 build-check(1)               blocked  n/a
 test-amd64-i386-libvirt-pair  1 build-check(1)               blocked  n/a
 test-amd64-i386-libvirt-qemuu-debianhvm-amd64-xsm 1 build-check(1) blocked n/a
 build-arm64-libvirt           1 build-check(1)               blocked  n/a
 test-armhf-armhf-libvirt     14 saverestore-support-check    fail  like 129914
 test-armhf-armhf-libvirt-raw 13 saverestore-support-check    fail  like 129914
 test-amd64-amd64-libvirt     13 migrate-support-check        fail   never pass
 test-amd64-amd64-libvirt-xsm 13 migrate-support-check        fail   never pass
 test-amd64-amd64-libvirt-qemuu-debianhvm-amd64-xsm 11 migrate-support-check fail never pass
 test-amd64-amd64-libvirt-vhd 12 migrate-support-check        fail   never pass
 test-armhf-armhf-libvirt     13 migrate-support-check        fail   never pass
 test-armhf-armhf-libvirt-raw 12 migrate-support-check        fail   never pass

version targeted for testing:
 libvirt              20118c0e79f5eb25885a820486143c845bf1d425
baseline version:
 libvirt              f1e8d2f09a4329641825b0c0e784d8e339dd71ea

Last test of basis   129914  2018-11-13 04:23:30 Z    6 days
Failing since        130113  2018-11-15 12:20:30 Z    4 days    3 attempts
Testing same since   130430  2018-11-18 21:11:39 Z    0 days    1 attempts

------------------------------------------------------------
People who touched revisions under test:
  Andrea Bolognani <abologna@redhat.com>
  Daniel Henrique Barboza <danielhb413@gmail.com>
  Daniel P. Berrangé <berrange@redhat.com>
  Erik Skultety <eskultet@redhat.com>
  Jim Fehlig <jfehlig@suse.com>
  John Ferlan <jferlan@redhat.com>
  Julio Faracco <jcfaracco@gmail.com>
  Marc Hartmayer <mhartmay@linux.ibm.com>
  Marc-André Lureau <marcandre.lureau@redhat.com>
  Michal Privoznik <mprivozn@redhat.com>
  Nikolay Shirokovskiy <nshirokovskiy@virtuozzo.com>
  Pavel Hrdina <phrdina@redhat.com>
  Peter Chubb <peter.chubb@data61.csiro.au>
  Vitaly Kuznetsov <vkuznets@redhat.com>
  Wang Huaqiang <huaqiang.wang@intel.com>
  Wang Yechao <wang.yechao255@zte.com.cn>
  Yi Min Zhao <zyimin@linux.ibm.com>

jobs:
 build-amd64-xsm                                              pass    
 build-arm64-xsm                                              broken  
 build-i386-xsm                                               pass    
 build-amd64                                                  pass    
 build-arm64                                                  broken  
 build-armhf                                                  pass    
 build-i386                                                   pass    
 build-amd64-libvirt                                          pass    
 build-arm64-libvirt                                          blocked 
 build-armhf-libvirt                                          pass    
 build-i386-libvirt                                           fail    
 build-amd64-pvops                                            pass    
 build-arm64-pvops                                            broken  
 build-armhf-pvops                                            pass    
 build-i386-pvops                                             pass    
 test-amd64-amd64-libvirt-qemuu-debianhvm-amd64-xsm           pass    
 test-amd64-i386-libvirt-qemuu-debianhvm-amd64-xsm            blocked 
 test-amd64-amd64-libvirt-xsm                                 pass    
 test-arm64-arm64-libvirt-xsm                                 blocked 
 test-amd64-i386-libvirt-xsm                                  blocked 
 test-amd64-amd64-libvirt                                     pass    
 test-arm64-arm64-libvirt                                     blocked 
 test-armhf-armhf-libvirt                                     pass    
 test-amd64-i386-libvirt                                      blocked 
 test-amd64-amd64-libvirt-pair                                pass    
 test-amd64-i386-libvirt-pair                                 blocked 
 test-arm64-arm64-libvirt-qcow2                               blocked 
 test-armhf-armhf-libvirt-raw                                 pass    
 test-amd64-amd64-libvirt-vhd                                 pass    


------------------------------------------------------------
sg-report-flight on osstest.test-lab.xenproject.org
logs: /home/logs/logs
images: /home/logs/images

Logs, config files, etc. are available at
    http://logs.test-lab.xenproject.org/osstest/logs

Explanation of these reports, and of osstest in general, is at
    http://xenbits.xen.org/gitweb/?p=osstest.git;a=blob;f=README.email;hb=master
    http://xenbits.xen.org/gitweb/?p=osstest.git;a=blob;f=README;hb=master

Test harness code can be found at
    http://xenbits.xen.org/gitweb?p=osstest.git;a=summary

broken-job build-arm64 broken
broken-job build-arm64-pvops broken
broken-job build-arm64-xsm broken
broken-step build-arm64 host-install(4)
broken-step build-arm64-xsm host-install(4)
broken-step build-arm64-pvops host-install(4)

Not pushing.

(No revision log; it would be 1274 lines long.)

_______________________________________________
Xen-devel mailing list
Xen-devel@lists.xenproject.org
https://lists.xenproject.org/mailman/listinfo/xen-devel

                 reply	other threads:[~2018-11-19 16:51 UTC|newest]

Thread overview: [no followups] expand[flat|nested]  mbox.gz  Atom feed

Reply instructions:

You may reply publicly to this message via plain-text email
using any one of the following methods:

* Save the following mbox file, import it into your mail client,
  and reply-to-all from there: mbox

  Avoid top-posting and favor interleaved quoting:
  https://en.wikipedia.org/wiki/Posting_style#Interleaved_style

* Reply using the --to, --cc, and --in-reply-to
  switches of git-send-email(1):

  git send-email \
    --in-reply-to=osstest-130430-mainreport@xen.org \
    --to=osstest-admin@xenproject.org \
    --cc=xen-devel@lists.xenproject.org \
    /path/to/YOUR_REPLY

  https://kernel.org/pub/software/scm/git/docs/git-send-email.html

* If your mail client supports setting the In-Reply-To header
  via mailto: links, try the mailto: link
Be sure your reply has a Subject: header at the top and a blank line before the message body.
This is a public inbox, see mirroring instructions
for how to clone and mirror all data and code used for this inbox;
as well as URLs for NNTP newsgroup(s).