xen-devel.lists.xenproject.org archive mirror
 help / color / mirror / Atom feed
From: osstest service owner <osstest-admin@xenproject.org>
To: xen-devel@lists.xenproject.org, osstest-admin@xenproject.org
Subject: [linux-3.18 test] 130468: regressions - trouble: blocked/broken/fail/pass
Date: Mon, 19 Nov 2018 20:37:33 +0000	[thread overview]
Message-ID: <osstest-130468-mainreport@xen.org> (raw)

flight 130468 linux-3.18 real [real]
http://logs.test-lab.xenproject.org/osstest/logs/130468/

Regressions :-(

Tests which did not succeed and are blocking,
including tests which could not be run:
 build-arm64-pvops               <job status>                 broken
 build-arm64-xsm                 <job status>                 broken
 build-arm64                     <job status>                 broken
 build-arm64-pvops             4 host-install(4)        broken REGR. vs. 128858
 build-arm64-xsm               4 host-install(4)        broken REGR. vs. 128858
 build-arm64                   4 host-install(4)        broken REGR. vs. 128858
 test-amd64-i386-examine       8 reboot                   fail REGR. vs. 128858
 test-amd64-i386-xl-raw        7 xen-boot                 fail REGR. vs. 128858
 test-amd64-i386-xl-qemuu-debianhvm-amd64-shadow 7 xen-boot fail REGR. vs. 128858
 test-amd64-i386-libvirt-qemuu-debianhvm-amd64-xsm 7 xen-boot fail REGR. vs. 128858
 test-amd64-amd64-xl-qemuu-dmrestrict-amd64-dmrestrict 7 xen-boot fail REGR. vs. 128858
 test-amd64-amd64-xl-multivcpu  7 xen-boot                fail REGR. vs. 128858
 test-amd64-i386-libvirt-xsm   7 xen-boot                 fail REGR. vs. 128858
 test-amd64-amd64-xl-qemut-stubdom-debianhvm-amd64-xsm 7 xen-boot fail REGR. vs. 128858
 test-amd64-i386-freebsd10-i386  7 xen-boot               fail REGR. vs. 128858
 test-amd64-i386-xl            7 xen-boot                 fail REGR. vs. 128858
 test-amd64-i386-xl-qemuu-ovmf-amd64  7 xen-boot          fail REGR. vs. 128858
 test-amd64-i386-pair         10 xen-boot/src_host        fail REGR. vs. 128858
 test-amd64-i386-pair         11 xen-boot/dst_host        fail REGR. vs. 128858
 test-amd64-amd64-xl-xsm       7 xen-boot                 fail REGR. vs. 128858
 test-amd64-i386-freebsd10-amd64 10 freebsd-install       fail REGR. vs. 128858

Tests which are failing intermittently (not blocking):
 test-armhf-armhf-xl-multivcpu 16 guest-start/debian.repeat fail in 129845 pass in 130468
 test-amd64-i386-xl-xsm        7 xen-boot         fail in 130367 pass in 130468
 test-amd64-amd64-rumprun-amd64  7 xen-boot                 fail pass in 129845
 test-amd64-amd64-qemuu-nested-intel 17 debian-hvm-install/l1/l2 fail pass in 130367

Tests which did not succeed, but are not blocking:
 test-arm64-arm64-xl           1 build-check(1)               blocked  n/a
 test-arm64-arm64-xl-xsm       1 build-check(1)               blocked  n/a
 test-arm64-arm64-xl-credit1   1 build-check(1)               blocked  n/a
 test-arm64-arm64-libvirt-xsm  1 build-check(1)               blocked  n/a
 test-arm64-arm64-examine      1 build-check(1)               blocked  n/a
 build-arm64-libvirt           1 build-check(1)               blocked  n/a
 test-arm64-arm64-xl-credit2   1 build-check(1)               blocked  n/a
 test-armhf-armhf-xl-credit2 16 guest-start/debian.repeat fail in 129845 like 128691
 test-amd64-i386-xl-qemut-stubdom-debianhvm-amd64-xsm 16 guest-localmigrate/x10 fail in 129845 like 128858
 build-arm64-pvops             6 kernel-build         fail in 129845 never pass
 test-armhf-armhf-libvirt-raw 10 debian-di-install   fail in 130367 like 128841
 test-armhf-armhf-xl-vhd      10 debian-di-install   fail in 130367 like 128841
 test-amd64-amd64-pair 24 guest-migrate/dst_host/src_host/debian.repeat fail like 128841
 test-armhf-armhf-libvirt     14 saverestore-support-check    fail  like 128858
 test-armhf-armhf-libvirt-raw 13 saverestore-support-check    fail  like 128858
 test-amd64-amd64-xl-qemut-win7-amd64 17 guest-stop            fail like 128858
 test-amd64-amd64-xl-qemuu-win7-amd64 17 guest-stop            fail like 128858
 test-amd64-i386-xl-qemuu-win7-amd64 17 guest-stop             fail like 128858
 test-amd64-i386-xl-qemut-win7-amd64 17 guest-stop             fail like 128858
 test-amd64-i386-xl-qemuu-dmrestrict-amd64-dmrestrict 10 debian-hvm-install fail never pass
 test-amd64-amd64-xl-pvhv2-intel 12 guest-start                 fail never pass
 test-amd64-amd64-xl-pvhv2-amd 12 guest-start                  fail  never pass
 test-amd64-i386-xl-pvshim    12 guest-start                  fail   never pass
 test-amd64-amd64-libvirt-xsm 13 migrate-support-check        fail   never pass
 test-amd64-i386-libvirt      13 migrate-support-check        fail   never pass
 test-amd64-amd64-libvirt     13 migrate-support-check        fail   never pass
 test-amd64-amd64-libvirt-qemuu-debianhvm-amd64-xsm 11 migrate-support-check fail never pass
 test-armhf-armhf-xl-arndale  13 migrate-support-check        fail   never pass
 test-armhf-armhf-xl-arndale  14 saverestore-support-check    fail   never pass
 test-amd64-amd64-libvirt-vhd 12 migrate-support-check        fail   never pass
 test-amd64-amd64-qemuu-nested-amd 17 debian-hvm-install/l1/l2  fail never pass
 test-armhf-armhf-libvirt     13 migrate-support-check        fail   never pass
 test-armhf-armhf-xl-cubietruck 13 migrate-support-check        fail never pass
 test-armhf-armhf-xl-cubietruck 14 saverestore-support-check    fail never pass
 test-armhf-armhf-xl          13 migrate-support-check        fail   never pass
 test-armhf-armhf-xl          14 saverestore-support-check    fail   never pass
 test-armhf-armhf-xl-multivcpu 13 migrate-support-check        fail  never pass
 test-armhf-armhf-xl-multivcpu 14 saverestore-support-check    fail  never pass
 test-armhf-armhf-xl-credit2  13 migrate-support-check        fail   never pass
 test-armhf-armhf-xl-credit2  14 saverestore-support-check    fail   never pass
 test-armhf-armhf-libvirt-raw 12 migrate-support-check        fail   never pass
 test-armhf-armhf-xl-rtds     13 migrate-support-check        fail   never pass
 test-armhf-armhf-xl-rtds     14 saverestore-support-check    fail   never pass
 test-amd64-amd64-xl-qemuu-ws16-amd64 17 guest-stop             fail never pass
 test-amd64-i386-xl-qemut-ws16-amd64 17 guest-stop              fail never pass
 test-armhf-armhf-xl-credit1  13 migrate-support-check        fail   never pass
 test-armhf-armhf-xl-credit1  14 saverestore-support-check    fail   never pass
 test-armhf-armhf-xl-vhd      12 migrate-support-check        fail   never pass
 test-armhf-armhf-xl-vhd      13 saverestore-support-check    fail   never pass
 test-amd64-i386-xl-qemuu-ws16-amd64 17 guest-stop              fail never pass
 test-amd64-amd64-xl-qemut-ws16-amd64 17 guest-stop             fail never pass
 test-amd64-i386-xl-qemuu-win10-i386 10 windows-install         fail never pass
 test-amd64-amd64-xl-qemut-win10-i386 10 windows-install        fail never pass
 test-amd64-i386-xl-qemut-win10-i386 10 windows-install         fail never pass
 test-amd64-amd64-xl-qemuu-win10-i386 10 windows-install        fail never pass

version targeted for testing:
 linux                78e0897dd8b321ba1b4a2137778ab7ae7d400af5
baseline version:
 linux                0d63979c1bc9c85578be4c589768a13dc0a7c5eb

Last test of basis   128858  2018-10-17 21:47:39 Z   32 days
Testing same since   129760  2018-11-10 16:17:30 Z    9 days    6 attempts

------------------------------------------------------------
People who touched revisions under test:
  Aaron Brown <aaron.f.brown@intel.com>
  Abhilash Kesavan <a.kesavan@samsung.com>
  Al Viro <viro@zeniv.linux.org.uk>
  Alan Stern <stern@rowland.harvard.edu>
  Alex Chen <alex.chen@huawei.com>
  Alex Williamson <alex.williamson@redhat.com>
  Alexander Potapenko <glider@google.com>
  Alexander Stein <alexanders83@web.de>
  Alexandre Belloni <alexandre.belloni@free-electrons.com>
  Alexei Starovoitov <alexei.starovoitov@gmail.com>
  Alexey Brodkin <abrodkin@synopsys.com>
  Andrei Otcheretianski <andrei.otcheretianski@intel.com>
  Andrew Morton <akpm@linux-foundation.org>
  Anssi Hannula <anssi.hannula@iki.fi>
  Arik Nemtsov <arikx.nemtsov@intel.com>
  Arnaldo Carvalho de Melo <acme@redhat.com>
  Bhuvanchandra DV <bhuvanchandra.dv@toradex.com>
  Bjorn Helgaas <bhelgaas@google.com>
  Bjorn Helgaas <helgaas@kernel.org>
  Bjørn Mork <bjorn@mork.no>
  Bo Shen <voice.shen@atmel.com>
  Brian Norris <computersforpeace@gmail.com>
  Chanwoo Choi <cw00.choi@samsung.com>
  Chris Mason <clm@fb.com>
  Chris Mi <chrism@mellanox.com>
  Chris Wilson <chris@chris-wilson.co.uk>
  Christian Borntraeger <borntraeger@de.ibm.com>
  Christoph Hellwig <hch@lst.de>
  Chuck Lever <chuck.lever@oracle.com>
  Colin Ian King <colin.king@canonical.com>
  Cong Wang <xiyou.wangcong@gmail.com>
  Dan Carpenter <dan.carpenter@oracle.com>
  Daniel Borkmann <daniel@iogearbox.net>
  Daniel Vetter <daniel.vetter@ffwll.ch>
  Darrick J. Wong <darrick.wong@oracle.com>
  David Ahern <dsahern@gmail.com>
  David Dueck <davidcdueck@googlemail.com>
  David Howells <dhowells@redhat.com>
  David S. Miller <davem@davemloft.net>
  Dmitry Vyukov <dvyukov@google.com>
  Edgar Cherkasov <echerkasov@dev.rtsoft.ru>
  Emmanuel Grumbach <emmanuel.grumbach@intel.com>
  Eran Ben Elisha <eranbe@mellanox.com>
  Eric Biggers <ebiggers@google.com>
  Eric Dumazet <edumazet@google.com>
  Eugenia Emantayev <eugenia@mellanox.com>
  Ezequiel Garcia <ezequiel.garcia@imgtec.com>
  Fabien Proriol <fabien.proriol@jdsu.com>
  Felipe Balbi <balbi@ti.com>
  Filipe Manana <fdmanana@suse.com>
  Florian Fainelli <f.fainelli@gmail.com>
  Geert Uytterhoeven <geert+renesas@glider.be>
  Geunsik Lim <geunsik.lim@samsung.com>
  Greg Hackmann <ghackmann@google.com>
  Greg Kroah-Hartman <gregkh@linuxfoundation.org>
  Hannes Frederic Sowa <hannes@stressinduktion.org>
  Hans de Goede <hdegoede@redhat.com>
  Heiko Stuebner <heiko@sntech.de>
  Heiko Stübner <heiko@sntech.de>
  Heiner Kallweit <hkallweit1@gmail.com>
  Herbert Xu <herbert@gondor.apana.org.au>
  Huang, Ying <ying.huang@intel.com>
  Ian Munsie <imunsie@au1.ibm.com>
  Ido Schimmel <idosch@mellanox.com>
  Ingo Molnar <mingo@kernel.org>
  Inki Dae <inki.dae@samsung.com>
  Jakub Kicinski <jakub.kicinski@netronome.com>
  Jamal Hadi Salim <jhs@mojatatu.com>
  James Morris <james.l.morris@oracle.com>
  Jan Beulich <jbeulich@suse.com>
  Jan Kara <jack@suse.cz>
  Javier Martinez Canillas <javier.martinez@collabora.co.uk>
  Jeff Barnhill <0xeffeff@gmail.com>
  Jeff Kirsher <jeffrey.t.kirsher@intel.com>
  Jeff Layton <jeff.layton@primarydata.com>
  Jeff Layton <jlayton@poochiereds.net>
  Jiri Olsa <jolsa@kernel.org>
  Jiri Olsa <jolsa@redhat.com>
  Jisheng Zhang <jszhang@marvell.com>
  Joe Thornber <ejt@redhat.com>
  Joerg Roedel <jroedel@suse.de>
  Johan Hovold <johan@kernel.org>
  Johannes Berg <johannes.berg@intel.com>
  Johannes Thumshirn <johannes.thumshirn@men.de>
  Jonathan Cameron <jic23@kernel.org>
  Jongsung Kim <neidhard.kim@lge.com>
  Jozef Balga <jozef.balga@gmail.com>
  Jun'ichi Nomura <j-nomura@ce.jp.nec.com>
  Junichi Nomura <j-nomura@ce.jp.nec.com>
  Kalle Valo <kvalo@codeaurora.org>
  Kan Liang <kan.liang@intel.com>
  Ken Xue <Ken.Xue@amd.com>
  Kevin Hilman <khilman@linaro.org>
  Khazhismel Kumykov <khazhy@google.com>
  Kishon Vijay Abraham I <kishon@ti.com>
  Krzysztof Kozlowski <k.kozlowski@samsung.com>
  Kukjin Kim <kgene@kernel.org>
  Larry Finger <Larry.Finger@lwfinger.net>
  Lars-Peter Clausen <lars@metafoo.de>
  Laura Abbott <labbott@fedoraproject.org>
  Lee Jones <lee.jones@linaro.org>
  Lei Yang <Lei.Yang@windriver.com>
  Len Sorensen <lsorense@csclub.uwaterloo.ca>
  Lennart Sorensen <lsorense@csclub.uwaterloo.ca>
  Linus Torvalds <torvalds@linux-foundation.org>
  Linus Walleij <linus.walleij@linaro.org>
  Lokesh Vutla <lokeshvutla@ti.com>
  Lorenzo Pieralisi <lorenzo.pieralisi@arm.com>
  Luca Coelho <luciano.coelho@intel.com>
  Lucas Bates <lucasb@mojatatu.com>
  Ludovic Desroches <ludovic.desroches@atmel.com>
  Maik Broemme <mbroemme@libmpq.org>
  Marc Zyngier <marc.zyngier@arm.com>
  Marcel Ziswiler <marcel@ziswiler.com>
  Marcelo Ricardo Leitner <marcelo.leitner@gmail.com>
  Mark Brown <broonie@kernel.org>
  Mark Rustad <mark.d.rustad@intel.com>
  Mark Salyzyn <salyzyn@android.com>
  Martin Hauke <mardnh@gmx.de>
  Martin K. Petersen <martin.petersen@oracle.com>
  Martin Schwidefsky <schwidefsky@de.ibm.com>
  Mateusz Sylwestrzak <matisec7@gmail.com>
  Mathias Nyman <mathias.nyman@linux.intel.com>
  Mauro Carvalho Chehab <mchehab+samsung@kernel.org>
  Maxime Chevallier <maxime.chevallier@bootlin.com>
  Michael Brunner <Michael.Brunner@kontron.com>
  Michael Ellerman <mpe@ellerman.id.au>
  Michael Neuling <mikey@neuling.org>
  Michael Turquette <mturquette@linaro.org>
  Mike Snitzer <snitzer@redhat.com>
  Miklos Szeredi <miklos@szeredi.hu>
  Mikulas Patocka <mpatocka@redhat.com>
  Myron Stowe <myron.stowe@redhat.com>
  Namhyung Kim <namhyung@kernel.org>
  Naoya Horiguchi <n-horiguchi@ah.jp.nec.com>
  Neil Horman <nhorman@tuxdriver.com>
  Nicolas Ferre <nicolas.ferre@atmel.com>
  Nicolas Pitre <nico@linaro.org>
  Niklas Cassel <niklas.cassel@linaro.org>
  Niklas Cassel <niklass@axis.com>
  OGAWA Hirofumi <hirofumi@mail.parknet.co.jp>
  Oliver Neukum <oneukum@suse.com>
  Olof Johansson <olof@lixom.net>
  Or Gerlitz <ogerlitz@mellanox.com>
  Paolo Abeni <pabeni@redhat.com>
  Paul E. McKenney <paulmck@linux.vnet.ibm.com>
  Paul Zimmerman <paulz@synopsys.com>
  Peter Chen <peter.chen@freescale.com>
  Peter Hurley <peter@hurleysoftware.com>
  Peter Zijlstra (Intel) <peterz@infradead.org>
  Peter Zijlstra <peterz@infradead.org>
  Phil Auld <pauld@redhat.com>
  Prarit Bhargava <prarit@redhat.com>
  Ralf Baechle <ralf@linux-mips.org>
  Rasmus Villemoes <linux@rasmusvillemoes.dk>
  Robert Baldyga <r.baldyga@samsung.com>
  Robert Jarzmik <robert.jarzmik@free.fr>
  Rodrigo Vivi <rodrigo.vivi@intel.com>
  Roger Quadros <rogerq@ti.com>
  Ross Zwisler <zwisler@google.com>
  Russell King <rmk+kernel@armlinux.org.uk>
  Sasha Levin <alexander.levin@microsoft.com>
  Sasha Levin <sasha.levin@oracle.com>
  Sasha Levin <sashal@kernel.org>
  Sean Tranchetti <stranche@codeaurora.org>
  Sergei Ianovich <ynvich@gmail.com>
  Shahed Shaikh <shahed.shaikh@cavium.com>
  Shota Suzuki <suzuki_shota_t3@lab.ntt.co.jp>
  Shuah Khan (Samsung OSG) <shuah@kernel.org>
  Simon Horman <horms+renesas@verge.net.au>
  Srikar Dronamraju <srikar@linux.vnet.ibm.com>
  Stefan Agner <stefan@agner.ch>
  Stefano Brivio <sbrivio@redhat.com>
  Steffen Klassert <steffen.klassert@secunet.com>
  Stephan Mueller <smueller@chronox.de>
  Stephane Eranian <eranian@google.com>
  Steven Rostedt (Red Hat) <rostedt@goodmis.org>
  Steven Rostedt <rostedt@goodmis.org>
  Sudeep Holla <sudeep.holla@arm.com>
  Sudip Mukherjee <sudipm.mukherjee@gmail.com>
  Suman Tripathi <stripathi@apm.com>
  Suzuki K Poulose <suzuki.poulose@arm.com>
  Sylwester Nawrocki <s.nawrocki@samsung.com>
  Takashi Iwai <tiwai@suse.de>
  Tejun Heo <tj@kernel.org>
  Thadeu Lima de Souza Cascardo <cascardo@canonical.com>
  Theodore Ts'o <tytso@mit.edu>
  Thomas Gleixner <tglx@linutronix.de>
  Thomas Petazzoni <thomas.petazzoni@bootlin.com>
  Thomas Petazzoni <thomas.petazzoni@free-electrons.com>
  Tobias Herzog <t-herzog@gmx.de>
  Tomeu Vizoso <tomeu.vizoso@collabora.com>
  Tomi Valkeinen <tomi.valkeinen@ti.com>
  Tony Lindgren <tony@atomide.com>
  Trond Myklebust <trond.myklebust@primarydata.com>
  Tyler Baker <tyler.baker@linaro.org>
  Ulf Hansson <ulf.hansson@linaro.org>
  Uwe Kleine-König <u.kleine-koenig@pengutronix.de>
  Vignesh R <vigneshr@ti.com>
  Viktor Krasnov <vkrasnov@dev.rtsoft.ru>
  Vince Hsu <vinceh@nvidia.com>
  Vineet Gupta <vgupta@synopsys.com>
  Vineet Gupta <Vineet.Gupta1@synopsys.com>
  Vivek Gautam <gautam.vivek@samsung.com>
  Wenwen Wang <wang6495@umn.edu>
  Wenyou Yang <wenyou.yang@atmel.com>
  Will Deacon <will.deacon@arm.com>
  Wolfram Sang <wsa@the-dreams.de>
  Xin Long <lucien.xin@gmail.com>
  Yoshihiro Shimoda <yoshihiro.shimoda.uh@renesas.com>
  Yu Zhao <yuzhao@google.com>

jobs:
 build-amd64-xsm                                              pass    
 build-arm64-xsm                                              broken  
 build-i386-xsm                                               pass    
 build-amd64                                                  pass    
 build-arm64                                                  broken  
 build-armhf                                                  pass    
 build-i386                                                   pass    
 build-amd64-libvirt                                          pass    
 build-arm64-libvirt                                          blocked 
 build-armhf-libvirt                                          pass    
 build-i386-libvirt                                           pass    
 build-amd64-pvops                                            pass    
 build-arm64-pvops                                            broken  
 build-armhf-pvops                                            pass    
 build-i386-pvops                                             pass    
 build-amd64-rumprun                                          pass    
 build-i386-rumprun                                           pass    
 test-amd64-amd64-xl                                          pass    
 test-arm64-arm64-xl                                          blocked 
 test-armhf-armhf-xl                                          pass    
 test-amd64-i386-xl                                           fail    
 test-amd64-amd64-xl-qemut-debianhvm-amd64-xsm                pass    
 test-amd64-i386-xl-qemut-debianhvm-amd64-xsm                 pass    
 test-amd64-amd64-libvirt-qemuu-debianhvm-amd64-xsm           pass    
 test-amd64-i386-libvirt-qemuu-debianhvm-amd64-xsm            fail    
 test-amd64-amd64-xl-qemuu-debianhvm-amd64-xsm                pass    
 test-amd64-i386-xl-qemuu-debianhvm-amd64-xsm                 pass    
 test-amd64-amd64-xl-qemut-stubdom-debianhvm-amd64-xsm        fail    
 test-amd64-i386-xl-qemut-stubdom-debianhvm-amd64-xsm         pass    
 test-amd64-amd64-libvirt-xsm                                 pass    
 test-arm64-arm64-libvirt-xsm                                 blocked 
 test-amd64-i386-libvirt-xsm                                  fail    
 test-amd64-amd64-xl-xsm                                      fail    
 test-arm64-arm64-xl-xsm                                      blocked 
 test-amd64-i386-xl-xsm                                       pass    
 test-amd64-amd64-qemuu-nested-amd                            fail    
 test-amd64-amd64-xl-pvhv2-amd                                fail    
 test-amd64-i386-qemut-rhel6hvm-amd                           pass    
 test-amd64-i386-qemuu-rhel6hvm-amd                           pass    
 test-amd64-amd64-xl-qemut-debianhvm-amd64                    pass    
 test-amd64-i386-xl-qemut-debianhvm-amd64                     pass    
 test-amd64-amd64-xl-qemuu-debianhvm-amd64                    pass    
 test-amd64-i386-xl-qemuu-debianhvm-amd64                     pass    
 test-amd64-i386-freebsd10-amd64                              fail    
 test-amd64-amd64-xl-qemuu-ovmf-amd64                         pass    
 test-amd64-i386-xl-qemuu-ovmf-amd64                          fail    
 test-amd64-amd64-rumprun-amd64                               fail    
 test-amd64-amd64-xl-qemut-win7-amd64                         fail    
 test-amd64-i386-xl-qemut-win7-amd64                          fail    
 test-amd64-amd64-xl-qemuu-win7-amd64                         fail    
 test-amd64-i386-xl-qemuu-win7-amd64                          fail    
 test-amd64-amd64-xl-qemut-ws16-amd64                         fail    
 test-amd64-i386-xl-qemut-ws16-amd64                          fail    
 test-amd64-amd64-xl-qemuu-ws16-amd64                         fail    
 test-amd64-i386-xl-qemuu-ws16-amd64                          fail    
 test-armhf-armhf-xl-arndale                                  pass    
 test-amd64-amd64-xl-credit1                                  pass    
 test-arm64-arm64-xl-credit1                                  blocked 
 test-armhf-armhf-xl-credit1                                  pass    
 test-amd64-amd64-xl-credit2                                  pass    
 test-arm64-arm64-xl-credit2                                  blocked 
 test-armhf-armhf-xl-credit2                                  pass    
 test-armhf-armhf-xl-cubietruck                               pass    
 test-amd64-amd64-xl-qemuu-dmrestrict-amd64-dmrestrict        fail    
 test-amd64-i386-xl-qemuu-dmrestrict-amd64-dmrestrict         fail    
 test-amd64-amd64-examine                                     pass    
 test-arm64-arm64-examine                                     blocked 
 test-armhf-armhf-examine                                     pass    
 test-amd64-i386-examine                                      fail    
 test-amd64-i386-freebsd10-i386                               fail    
 test-amd64-i386-rumprun-i386                                 pass    
 test-amd64-amd64-xl-qemut-win10-i386                         fail    
 test-amd64-i386-xl-qemut-win10-i386                          fail    
 test-amd64-amd64-xl-qemuu-win10-i386                         fail    
 test-amd64-i386-xl-qemuu-win10-i386                          fail    
 test-amd64-amd64-qemuu-nested-intel                          fail    
 test-amd64-amd64-xl-pvhv2-intel                              fail    
 test-amd64-i386-qemut-rhel6hvm-intel                         pass    
 test-amd64-i386-qemuu-rhel6hvm-intel                         pass    
 test-amd64-amd64-libvirt                                     pass    
 test-armhf-armhf-libvirt                                     pass    
 test-amd64-i386-libvirt                                      pass    
 test-amd64-amd64-xl-multivcpu                                fail    
 test-armhf-armhf-xl-multivcpu                                pass    
 test-amd64-amd64-pair                                        fail    
 test-amd64-i386-pair                                         fail    
 test-amd64-amd64-libvirt-pair                                pass    
 test-amd64-i386-libvirt-pair                                 pass    
 test-amd64-amd64-amd64-pvgrub                                pass    
 test-amd64-amd64-i386-pvgrub                                 pass    
 test-amd64-amd64-xl-pvshim                                   pass    
 test-amd64-i386-xl-pvshim                                    fail    
 test-amd64-amd64-pygrub                                      pass    
 test-amd64-amd64-xl-qcow2                                    pass    
 test-armhf-armhf-libvirt-raw                                 pass    
 test-amd64-i386-xl-raw                                       fail    
 test-amd64-amd64-xl-rtds                                     pass    
 test-armhf-armhf-xl-rtds                                     pass    
 test-amd64-amd64-xl-qemuu-debianhvm-amd64-shadow             pass    
 test-amd64-i386-xl-qemuu-debianhvm-amd64-shadow              fail    
 test-amd64-amd64-xl-shadow                                   pass    
 test-amd64-i386-xl-shadow                                    pass    
 test-amd64-amd64-libvirt-vhd                                 pass    
 test-armhf-armhf-xl-vhd                                      pass    


------------------------------------------------------------
sg-report-flight on osstest.test-lab.xenproject.org
logs: /home/logs/logs
images: /home/logs/images

Logs, config files, etc. are available at
    http://logs.test-lab.xenproject.org/osstest/logs

Explanation of these reports, and of osstest in general, is at
    http://xenbits.xen.org/gitweb/?p=osstest.git;a=blob;f=README.email;hb=master
    http://xenbits.xen.org/gitweb/?p=osstest.git;a=blob;f=README;hb=master

Test harness code can be found at
    http://xenbits.xen.org/gitweb?p=osstest.git;a=summary

broken-job build-arm64-pvops broken
broken-job build-arm64-xsm broken
broken-job build-arm64 broken
broken-step build-arm64-pvops host-install(4)
broken-step build-arm64-xsm host-install(4)
broken-step build-arm64 host-install(4)

Not pushing.

(No revision log; it would be 4644 lines long.)

_______________________________________________
Xen-devel mailing list
Xen-devel@lists.xenproject.org
https://lists.xenproject.org/mailman/listinfo/xen-devel

                 reply	other threads:[~2018-11-19 20:37 UTC|newest]

Thread overview: [no followups] expand[flat|nested]  mbox.gz  Atom feed

Reply instructions:

You may reply publicly to this message via plain-text email
using any one of the following methods:

* Save the following mbox file, import it into your mail client,
  and reply-to-all from there: mbox

  Avoid top-posting and favor interleaved quoting:
  https://en.wikipedia.org/wiki/Posting_style#Interleaved_style

* Reply using the --to, --cc, and --in-reply-to
  switches of git-send-email(1):

  git send-email \
    --in-reply-to=osstest-130468-mainreport@xen.org \
    --to=osstest-admin@xenproject.org \
    --cc=xen-devel@lists.xenproject.org \
    /path/to/YOUR_REPLY

  https://kernel.org/pub/software/scm/git/docs/git-send-email.html

* If your mail client supports setting the In-Reply-To header
  via mailto: links, try the mailto: link
Be sure your reply has a Subject: header at the top and a blank line before the message body.
This is a public inbox, see mirroring instructions
for how to clone and mirror all data and code used for this inbox;
as well as URLs for NNTP newsgroup(s).