* [qemu-mainline test] 130482: trouble: blocked/broken/fail/pass
@ 2018-11-19 20:30 osstest service owner
0 siblings, 0 replies; only message in thread
From: osstest service owner @ 2018-11-19 20:30 UTC (permalink / raw)
To: xen-devel, osstest-admin
flight 130482 qemu-mainline real [real]
http://logs.test-lab.xenproject.org/osstest/logs/130482/
Failures and problems with tests :-(
Tests which did not succeed and are blocking,
including tests which could not be run:
build-arm64 <job status> broken
build-arm64-xsm <job status> broken
build-arm64-pvops <job status> broken
build-arm64 4 host-install(4) broken REGR. vs. 129996
build-arm64-xsm 4 host-install(4) broken REGR. vs. 129996
build-arm64-pvops 4 host-install(4) broken REGR. vs. 129996
Tests which did not succeed, but are not blocking:
test-arm64-arm64-xl-xsm 1 build-check(1) blocked n/a
test-arm64-arm64-xl-credit2 1 build-check(1) blocked n/a
test-arm64-arm64-xl 1 build-check(1) blocked n/a
test-arm64-arm64-xl-credit1 1 build-check(1) blocked n/a
build-arm64-libvirt 1 build-check(1) blocked n/a
test-arm64-arm64-libvirt-xsm 1 build-check(1) blocked n/a
test-amd64-amd64-xl-qemuu-win7-amd64 17 guest-stop fail like 129996
test-armhf-armhf-libvirt 14 saverestore-support-check fail like 129996
test-amd64-i386-xl-qemuu-win7-amd64 17 guest-stop fail like 129996
test-amd64-amd64-xl-qemuu-ws16-amd64 17 guest-stop fail like 129996
test-armhf-armhf-libvirt-raw 13 saverestore-support-check fail like 129996
test-amd64-i386-xl-pvshim 12 guest-start fail never pass
test-amd64-amd64-libvirt 13 migrate-support-check fail never pass
test-amd64-i386-libvirt-xsm 13 migrate-support-check fail never pass
test-amd64-amd64-libvirt-xsm 13 migrate-support-check fail never pass
test-amd64-i386-libvirt 13 migrate-support-check fail never pass
test-amd64-amd64-libvirt-qemuu-debianhvm-amd64-xsm 11 migrate-support-check fail never pass
test-amd64-i386-libvirt-qemuu-debianhvm-amd64-xsm 11 migrate-support-check fail never pass
test-amd64-amd64-qemuu-nested-amd 17 debian-hvm-install/l1/l2 fail never pass
test-amd64-amd64-libvirt-vhd 12 migrate-support-check fail never pass
test-armhf-armhf-xl-credit2 13 migrate-support-check fail never pass
test-armhf-armhf-xl-credit2 14 saverestore-support-check fail never pass
test-armhf-armhf-xl 13 migrate-support-check fail never pass
test-armhf-armhf-xl 14 saverestore-support-check fail never pass
test-armhf-armhf-xl-rtds 13 migrate-support-check fail never pass
test-armhf-armhf-libvirt 13 migrate-support-check fail never pass
test-armhf-armhf-xl-rtds 14 saverestore-support-check fail never pass
test-armhf-armhf-xl-cubietruck 13 migrate-support-check fail never pass
test-armhf-armhf-xl-cubietruck 14 saverestore-support-check fail never pass
test-armhf-armhf-xl-credit1 13 migrate-support-check fail never pass
test-armhf-armhf-xl-credit1 14 saverestore-support-check fail never pass
test-armhf-armhf-libvirt-raw 12 migrate-support-check fail never pass
test-armhf-armhf-xl-arndale 13 migrate-support-check fail never pass
test-armhf-armhf-xl-arndale 14 saverestore-support-check fail never pass
test-armhf-armhf-xl-multivcpu 13 migrate-support-check fail never pass
test-armhf-armhf-xl-multivcpu 14 saverestore-support-check fail never pass
test-armhf-armhf-xl-vhd 12 migrate-support-check fail never pass
test-armhf-armhf-xl-vhd 13 saverestore-support-check fail never pass
test-amd64-i386-xl-qemuu-ws16-amd64 17 guest-stop fail never pass
test-amd64-amd64-xl-qemuu-win10-i386 10 windows-install fail never pass
test-amd64-i386-xl-qemuu-win10-i386 10 windows-install fail never pass
version targeted for testing:
qemuu 83c496599cc04926ecbc3e47a37debaa3e38b686
baseline version:
qemuu cb968d275c145467c8b385a3618a207ec111eab1
Last test of basis 129996 2018-11-13 22:49:16 Z 5 days
Failing since 130168 2018-11-16 04:27:30 Z 3 days 3 attempts
Testing same since 130353 2018-11-17 23:04:28 Z 1 days 2 attempts
------------------------------------------------------------
People who touched revisions under test:
Alex Bennée <alex.bennee@linaro.org>
Cornelia Huck <cohuck@redhat.com>
David Hildenbrand <david@redhat.com>
Erik Skultety <eskultet@redhat.com>
Gerd Hoffmann <kraxel@redhat.com>
Jason Wang <jasowang@redhat.com>
Laurent Vivier <laurent@vivier.eu>
Michael Roth <mdroth@linux.vnet.ibm.com>
Peter Maydell <peter.maydell@linaro.org>
Prasad J Pandit <pjp@fedoraproject.org>
Stefan Berger <stefanb@linux.ibm.com>
Stefan Berger <stefanb@linux.vnet.ibm.com>
Zhang Chen <zhangckid@gmail.com>
jobs:
build-amd64-xsm pass
build-arm64-xsm broken
build-i386-xsm pass
build-amd64 pass
build-arm64 broken
build-armhf pass
build-i386 pass
build-amd64-libvirt pass
build-arm64-libvirt blocked
build-armhf-libvirt pass
build-i386-libvirt pass
build-amd64-pvops pass
build-arm64-pvops broken
build-armhf-pvops pass
build-i386-pvops pass
test-amd64-amd64-xl pass
test-arm64-arm64-xl blocked
test-armhf-armhf-xl pass
test-amd64-i386-xl pass
test-amd64-amd64-libvirt-qemuu-debianhvm-amd64-xsm pass
test-amd64-i386-libvirt-qemuu-debianhvm-amd64-xsm pass
test-amd64-amd64-xl-qemuu-debianhvm-amd64-xsm pass
test-amd64-i386-xl-qemuu-debianhvm-amd64-xsm pass
test-amd64-amd64-libvirt-xsm pass
test-arm64-arm64-libvirt-xsm blocked
test-amd64-i386-libvirt-xsm pass
test-amd64-amd64-xl-xsm pass
test-arm64-arm64-xl-xsm blocked
test-amd64-i386-xl-xsm pass
test-amd64-amd64-qemuu-nested-amd fail
test-amd64-amd64-xl-pvhv2-amd pass
test-amd64-i386-qemuu-rhel6hvm-amd pass
test-amd64-amd64-xl-qemuu-debianhvm-amd64 pass
test-amd64-i386-xl-qemuu-debianhvm-amd64 pass
test-amd64-i386-freebsd10-amd64 pass
test-amd64-amd64-xl-qemuu-ovmf-amd64 pass
test-amd64-i386-xl-qemuu-ovmf-amd64 pass
test-amd64-amd64-xl-qemuu-win7-amd64 fail
test-amd64-i386-xl-qemuu-win7-amd64 fail
test-amd64-amd64-xl-qemuu-ws16-amd64 fail
test-amd64-i386-xl-qemuu-ws16-amd64 fail
test-armhf-armhf-xl-arndale pass
test-amd64-amd64-xl-credit1 pass
test-arm64-arm64-xl-credit1 blocked
test-armhf-armhf-xl-credit1 pass
test-amd64-amd64-xl-credit2 pass
test-arm64-arm64-xl-credit2 blocked
test-armhf-armhf-xl-credit2 pass
test-armhf-armhf-xl-cubietruck pass
test-amd64-amd64-xl-qemuu-dmrestrict-amd64-dmrestrict pass
test-amd64-i386-xl-qemuu-dmrestrict-amd64-dmrestrict pass
test-amd64-i386-freebsd10-i386 pass
test-amd64-amd64-xl-qemuu-win10-i386 fail
test-amd64-i386-xl-qemuu-win10-i386 fail
test-amd64-amd64-qemuu-nested-intel pass
test-amd64-amd64-xl-pvhv2-intel pass
test-amd64-i386-qemuu-rhel6hvm-intel pass
test-amd64-amd64-libvirt pass
test-armhf-armhf-libvirt pass
test-amd64-i386-libvirt pass
test-amd64-amd64-xl-multivcpu pass
test-armhf-armhf-xl-multivcpu pass
test-amd64-amd64-pair pass
test-amd64-i386-pair pass
test-amd64-amd64-libvirt-pair pass
test-amd64-i386-libvirt-pair pass
test-amd64-amd64-amd64-pvgrub pass
test-amd64-amd64-i386-pvgrub pass
test-amd64-amd64-xl-pvshim pass
test-amd64-i386-xl-pvshim fail
test-amd64-amd64-pygrub pass
test-amd64-amd64-xl-qcow2 pass
test-armhf-armhf-libvirt-raw pass
test-amd64-i386-xl-raw pass
test-amd64-amd64-xl-rtds pass
test-armhf-armhf-xl-rtds pass
test-amd64-amd64-xl-qemuu-debianhvm-amd64-shadow pass
test-amd64-i386-xl-qemuu-debianhvm-amd64-shadow pass
test-amd64-amd64-xl-shadow pass
test-amd64-i386-xl-shadow pass
test-amd64-amd64-libvirt-vhd pass
test-armhf-armhf-xl-vhd pass
------------------------------------------------------------
sg-report-flight on osstest.test-lab.xenproject.org
logs: /home/logs/logs
images: /home/logs/images
Logs, config files, etc. are available at
http://logs.test-lab.xenproject.org/osstest/logs
Explanation of these reports, and of osstest in general, is at
http://xenbits.xen.org/gitweb/?p=osstest.git;a=blob;f=README.email;hb=master
http://xenbits.xen.org/gitweb/?p=osstest.git;a=blob;f=README;hb=master
Test harness code can be found at
http://xenbits.xen.org/gitweb?p=osstest.git;a=summary
broken-job build-arm64 broken
broken-job build-arm64-xsm broken
broken-job build-arm64-pvops broken
broken-step build-arm64 host-install(4)
broken-step build-arm64-xsm host-install(4)
broken-step build-arm64-pvops host-install(4)
Not pushing.
------------------------------------------------------------
commit 83c496599cc04926ecbc3e47a37debaa3e38b686
Merge: 6ea4161e64 144aaa990e
Author: Peter Maydell <peter.maydell@linaro.org>
Date: Fri Nov 16 13:53:01 2018 +0000
Merge remote-tracking branch 'remotes/kraxel/tags/fixes-31-20181116-pull-request' into staging
ui: add rendernode arg for egl-headless (fixes permission issues with libvirt)
# gpg: Signature made Fri 16 Nov 2018 13:29:15 GMT
# gpg: using RSA key 4CB6D8EED3E87138
# gpg: Good signature from "Gerd Hoffmann (work) <kraxel@redhat.com>"
# gpg: aka "Gerd Hoffmann <gerd@kraxel.org>"
# gpg: aka "Gerd Hoffmann (private) <kraxel@gmail.com>"
# Primary key fingerprint: A032 8CFF B93A 17A7 9901 FE7D 4CB6 D8EE D3E8 7138
* remotes/kraxel/tags/fixes-31-20181116-pull-request:
help: Provide help for egl-headless
ui: Allow specifying 'rendernode' display option for egl-headless
qapi: Add "rendernode" display option for egl-headless
Signed-off-by: Peter Maydell <peter.maydell@linaro.org>
commit 144aaa990e0d54d08865c4d98ba2138a89689530
Author: Erik Skultety <eskultet@redhat.com>
Date: Fri Nov 16 11:14:44 2018 +0100
help: Provide help for egl-headless
EGL headless has been missing from QEMU's help or man page, we should
mention that such a thing exists, especially since projects like libvirt
might rely on that. This patch also adds the newly introduced option for
egl-headless 'rendernode'.
Signed-off-by: Erik Skultety <eskultet@redhat.com>
Message-id: 87ef678b0934d3abba66c46c9e65b57119d29295.1542362949.git.eskultet@redhat.com
Signed-off-by: Gerd Hoffmann <kraxel@redhat.com>
commit 91e61947eb2be21b00091d34f5692f89cef41376
Author: Erik Skultety <eskultet@redhat.com>
Date: Fri Nov 16 11:14:43 2018 +0100
ui: Allow specifying 'rendernode' display option for egl-headless
As libvirt can't predict which rendernode QEMU would pick, it
won't adjust the permissions on the device, hence QEMU getting
"Permission denied" when opening the DRI device. Therefore, enable
'rendernode' option for egl-headless display type.
Resolves: https://bugzilla.redhat.com/show_bug.cgi?id=1648236
Signed-off-by: Erik Skultety <eskultet@redhat.com>
Message-id: 27f4617f19aa1072114f10f1aa9dd199735ef982.1542362949.git.eskultet@redhat.com
Signed-off-by: Gerd Hoffmann <kraxel@redhat.com>
commit d4dc4ab133b5d7b066aa14036f297ed20398dd32
Author: Erik Skultety <eskultet@redhat.com>
Date: Fri Nov 16 11:14:42 2018 +0100
qapi: Add "rendernode" display option for egl-headless
Unlike SPICE, egl-headless doesn't offer a way of specifying the DRM
node used for OpenGL, hence QEMU always selecting the first one that is
available. Thus, add the 'rendernode' option for egl-headless to QAPI.
Signed-off-by: Erik Skultety <eskultet@redhat.com>
Message-id: 7658e15eca72d520e7a5fb1c2e724702d83d4f7f.1542362949.git.eskultet@redhat.com
Signed-off-by: Gerd Hoffmann <kraxel@redhat.com>
commit 6ea4161e6451c8a99a3d8c197362e2113e7a5f6c
Merge: d835c61924 013a62020a
Author: Peter Maydell <peter.maydell@linaro.org>
Date: Fri Nov 16 10:01:04 2018 +0000
Merge remote-tracking branch 'remotes/jasowang/tags/net-pull-request' into staging
# gpg: Signature made Fri 16 Nov 2018 03:38:58 GMT
# gpg: using RSA key EF04965B398D6211
# gpg: Good signature from "Jason Wang (Jason Wang on RedHat) <jasowang@redhat.com>"
# gpg: WARNING: This key is not certified with sufficiently trusted signatures!
# gpg: It is not certain that the signature belongs to the owner.
# Primary key fingerprint: 215D 46F4 8246 689E C77F 3562 EF04 965B 398D 6211
* remotes/jasowang/tags/net-pull-request:
net/filter-rewriter.c: Fix coverity static analysis issue
Signed-off-by: Peter Maydell <peter.maydell@linaro.org>
commit 013a62020a92f371555c67342424f2f944b62be4
Author: Zhang Chen <zhangckid@gmail.com>
Date: Wed Oct 31 08:50:15 2018 +0800
net/filter-rewriter.c: Fix coverity static analysis issue
The original code just follow the TCP state diagram,
but in this case, we can skip the TCPS_TIME_WAIT state to simplify
the implementation.
Signed-off-by: Zhang Chen <zhangckid@gmail.com>
Signed-off-by: Jason Wang <jasowang@redhat.com>
commit d835c6192495dc5b2c3a15a0761eb57d8d310828
Merge: bba390cb9e 5e58b58c47
Author: Peter Maydell <peter.maydell@linaro.org>
Date: Thu Nov 15 14:18:25 2018 +0000
Merge remote-tracking branch 'remotes/stefanberger/tags/pull-tpm-2018-11-15-1' into staging
Merge tpm 2018/11/15 v1
# gpg: Signature made Thu 15 Nov 2018 14:03:45 GMT
# gpg: using RSA key 75AD65802A0B4211
# gpg: Good signature from "Stefan Berger <stefanb@linux.vnet.ibm.com>"
# gpg: WARNING: This key is not certified with a trusted signature!
# gpg: There is no indication that the signature belongs to the owner.
# Primary key fingerprint: B818 B9CA DF90 89C2 D5CE C66B 75AD 6580 2A0B 4211
* remotes/stefanberger/tags/pull-tpm-2018-11-15-1:
tests: tpm: Use g_test_message rather than fprintf
tpm: use loop iterator to set sts data field
Signed-off-by: Peter Maydell <peter.maydell@linaro.org>
commit bba390cb9ee31195f4b5d5b061831f5ca37614e2
Author: Peter Maydell <peter.maydell@linaro.org>
Date: Thu Nov 15 11:46:16 2018 +0000
linux-user/sparc/signal.c: Remove dead code
Coverity complains (CID 1390847) about some dead code in
do_sigreturn(). This is an if (err) clause that can never be
true, copied from the kernel (where __get_user returns an error).
The one code path that could report an error is in the
currently commented-out pseudocode for handling FPU register
restoring, so move the if into that comment (and fix the
broken indent in the comment in the process).
(The new position for the error check is also the semantically
correct one -- we should not restore the signal mask from
the signal frame if we get an error here, so the check must
be done before set_sigmask(), not after.)
Signed-off-by: Peter Maydell <peter.maydell@linaro.org>
Reviewed-by: Laurent Vivier <laurent@vivier.eu>
Message-id: 20181115114616.26265-1-peter.maydell@linaro.org
commit 3fccd3f26ef3c0c76a06c138b17af6d55a5d9904
Author: Michael Roth <mdroth@linux.vnet.ibm.com>
Date: Fri Nov 9 10:13:52 2018 -0600
make-release: add skiboot .version file
This is needed to build skiboot from tarball-distributed sources
since the git data the make_release.sh script relies on to generate
it is not available.
Cc: qemu-stable@nongnu.org
Reported-by: Michael Tokarev <mjt@tls.msk.ru>
Signed-off-by: Michael Roth <mdroth@linux.vnet.ibm.com>
Reviewed-by: Philippe Mathieu-Daudé <f4bug@amsat.org>
Message-id: 20181109161352.29873-1-mdroth@linux.vnet.ibm.com
Signed-off-by: Peter Maydell <peter.maydell@linaro.org>
commit 5eb48906d49e74061a8f1218330915b80abd7fb7
Merge: 18d30e7b59 1f442da51e
Author: Peter Maydell <peter.maydell@linaro.org>
Date: Thu Nov 15 11:26:48 2018 +0000
Merge remote-tracking branch 'remotes/stsquad/tags/pull-testing-fixes-for-3.1-141118-1' into staging
Testing tweaks:
- split MacOSX build
- fix for readdir() failures in check-tcg
# gpg: Signature made Wed 14 Nov 2018 13:08:24 GMT
# gpg: using RSA key FBD0DB095A9E2A44
# gpg: Good signature from "Alex Bennée (Master Work Key) <alex.bennee@linaro.org>"
# Primary key fingerprint: 6685 AE99 E751 67BC AFC8 DF35 FBD0 DB09 5A9E 2A44
* remotes/stsquad/tags/pull-testing-fixes-for-3.1-141118-1:
tests/tcg/multiarch: fix 32bit linux-test on 64bit host
.travis.yml: split MacOSX builds and reduce target list
Signed-off-by: Peter Maydell <peter.maydell@linaro.org>
commit 18d30e7b59b0b0c6555bfbf464617652a50a0d0f
Merge: cb968d275c b6e67ecc7b
Author: Peter Maydell <peter.maydell@linaro.org>
Date: Thu Nov 15 10:01:16 2018 +0000
Merge remote-tracking branch 'remotes/cohuck/tags/s390x-20181114' into staging
Fix error handling during zpci device creation.
# gpg: Signature made Wed 14 Nov 2018 10:08:43 GMT
# gpg: using RSA key DECF6B93C6F02FAF
# gpg: Good signature from "Cornelia Huck <conny@cornelia-huck.de>"
# gpg: aka "Cornelia Huck <huckc@linux.vnet.ibm.com>"
# gpg: aka "Cornelia Huck <cornelia.huck@de.ibm.com>"
# gpg: aka "Cornelia Huck <cohuck@kernel.org>"
# gpg: aka "Cornelia Huck <cohuck@redhat.com>"
# Primary key fingerprint: C3D0 D66D C362 4FF6 A8C0 18CE DECF 6B93 C6F0 2FAF
* remotes/cohuck/tags/s390x-20181114:
s390x/pci: properly fail if the zPCI device cannot be created
Signed-off-by: Peter Maydell <peter.maydell@linaro.org>
commit 5e58b58c478bd00c807bd7814ccab148d49cc901
Author: Stefan Berger <stefanb@linux.vnet.ibm.com>
Date: Tue Nov 6 09:08:40 2018 -0500
tests: tpm: Use g_test_message rather than fprintf
Display a message during the test using g_test_message rather
than fprintf.
Signed-off-by: Stefan Berger <stefanb@linux.ibm.com>
Reviewed-by: Thomas Huth <thuth@redhat.com>
commit 6a50bb98f24929c9fc69e9197eb21c142e061fbd
Author: Prasad J Pandit <pjp@fedoraproject.org>
Date: Tue Nov 6 10:51:44 2018 +0530
tpm: use loop iterator to set sts data field
When TIS request is done, set 'sts' data field across all localities.
Signed-off-by: Prasad J Pandit <pjp@fedoraproject.org>
Reviewed-by: Stefan Berger <stefanb@linux.ibm.com>
Signed-off-by: Stefan Berger <stefanb@linux.ibm.com>
commit 1f442da51e088160e892c4e059c154eec3f058c5
Author: Laurent Vivier <laurent@vivier.eu>
Date: Tue Nov 13 18:54:37 2018 +0100
tests/tcg/multiarch: fix 32bit linux-test on 64bit host
Fix:
TEST linux-test on i386
.../tests/tcg/multiarch/linux-test.c:201: readdir
readdir() calls getdents64() to have the list of the entries in a
directory, and getdents64() can return 64bit d_off values (with ext4,
for instance) that will not fit in the 32bit d_off field of the
readdir() dirent structure.
To avoid that, use readdir64() to use a 64bit d_off field too.
Signed-off-by: Laurent Vivier <laurent@vivier.eu>
Signed-off-by: Alex Bennée <alex.bennee@linaro.org>
commit adcf96830da80664332075e81056cde11dfeb502
Author: Alex Bennée <alex.bennee@linaro.org>
Date: Mon Oct 8 11:56:13 2018 +0100
.travis.yml: split MacOSX builds and reduce target list
We have reached the point where the MacOSX build was regularly timing
out. So as before I've reduced the target list to "major"
architectures to try and bring the build time down. I've added an
additional MacOSX build with the latest XCode with a minimal list of
"most likely" targets on MacOS.
Signed-off-by: Alex Bennée <alex.bennee@linaro.org>
commit b6e67ecc7b6e8938982ab94820c079f24845f623
Author: David Hildenbrand <david@redhat.com>
Date: Tue Nov 13 13:17:10 2018 +0100
s390x/pci: properly fail if the zPCI device cannot be created
Right now, errors during realize()/pre_plug/plug of the zPCI device
would result in QEMU crashing instead of failing nicely when creating
a zPCI device for a PCI device.
Reviewed-by: Thomas Huth <thuth@redhat.com>
Reviewed-by: Collin Walling <walling@linux.ibm.com>
Signed-off-by: David Hildenbrand <david@redhat.com>
Message-Id: <20181113121710.18490-1-david@redhat.com>
Signed-off-by: Cornelia Huck <cohuck@redhat.com>
_______________________________________________
Xen-devel mailing list
Xen-devel@lists.xenproject.org
https://lists.xenproject.org/mailman/listinfo/xen-devel
^ permalink raw reply [flat|nested] only message in thread
only message in thread, other threads:[~2018-11-19 20:30 UTC | newest]
Thread overview: (only message) (download: mbox.gz follow: Atom feed
-- links below jump to the message on this page --
2018-11-19 20:30 [qemu-mainline test] 130482: trouble: blocked/broken/fail/pass osstest service owner
This is a public inbox, see mirroring instructions
for how to clone and mirror all data and code used for this inbox;
as well as URLs for NNTP newsgroup(s).