* [xen-4.7-testing test] 130495: trouble: blocked/broken/fail/pass
@ 2018-11-19 23:36 osstest service owner
0 siblings, 0 replies; only message in thread
From: osstest service owner @ 2018-11-19 23:36 UTC (permalink / raw)
To: xen-devel, osstest-admin
flight 130495 xen-4.7-testing real [real]
http://logs.test-lab.xenproject.org/osstest/logs/130495/
Failures and problems with tests :-(
Tests which did not succeed and are blocking,
including tests which could not be run:
build-arm64 <job status> broken
build-arm64-xsm <job status> broken
build-arm64-pvops <job status> broken
build-arm64-xsm 4 host-install(4) broken REGR. vs. 129540
build-arm64 4 host-install(4) broken REGR. vs. 129540
build-arm64-pvops 4 host-install(4) broken REGR. vs. 129540
Tests which are failing intermittently (not blocking):
test-xtf-amd64-amd64-2 50 xtf/test-hvm64-lbr-tsx-vmentry fail in 130195 pass in 130495
test-xtf-amd64-amd64-5 50 xtf/test-hvm64-lbr-tsx-vmentry fail in 130195 pass in 130495
test-amd64-amd64-xl-qemut-win7-amd64 13 guest-saverestore fail in 130195 pass in 130495
test-amd64-i386-xl-qemuu-ovmf-amd64 16 guest-localmigrate/x10 fail in 130195 pass in 130495
test-amd64-i386-xl-qemuu-debianhvm-amd64-shadow 16 guest-localmigrate/x10 fail in 130195 pass in 130495
test-xtf-amd64-amd64-3 50 xtf/test-hvm64-lbr-tsx-vmentry fail pass in 130195
test-amd64-amd64-xl-rtds 7 xen-boot fail pass in 130385
test-amd64-i386-xl-qemut-debianhvm-amd64-xsm 15 guest-saverestore.2 fail pass in 130385
Tests which did not succeed, but are not blocking:
test-arm64-arm64-xl-credit1 1 build-check(1) blocked n/a
test-arm64-arm64-libvirt-xsm 1 build-check(1) blocked n/a
test-arm64-arm64-xl 1 build-check(1) blocked n/a
test-arm64-arm64-xl-credit2 1 build-check(1) blocked n/a
test-arm64-arm64-xl-xsm 1 build-check(1) blocked n/a
build-arm64-libvirt 1 build-check(1) blocked n/a
test-xtf-amd64-amd64-4 50 xtf/test-hvm64-lbr-tsx-vmentry fail in 130195 like 129540
test-amd64-amd64-xl-rtds 10 debian-install fail in 130195 like 129540
test-arm64-arm64-xl-credit2 13 migrate-support-check fail in 130195 never pass
test-arm64-arm64-xl-credit2 14 saverestore-support-check fail in 130195 never pass
test-arm64-arm64-xl-credit1 13 migrate-support-check fail in 130195 never pass
test-arm64-arm64-xl-credit1 14 saverestore-support-check fail in 130195 never pass
test-arm64-arm64-libvirt-xsm 13 migrate-support-check fail in 130195 never pass
test-arm64-arm64-libvirt-xsm 14 saverestore-support-check fail in 130195 never pass
test-arm64-arm64-xl-xsm 13 migrate-support-check fail in 130195 never pass
test-arm64-arm64-xl-xsm 14 saverestore-support-check fail in 130195 never pass
test-arm64-arm64-xl 13 migrate-support-check fail in 130195 never pass
test-arm64-arm64-xl 14 saverestore-support-check fail in 130195 never pass
test-xtf-amd64-amd64-1 50 xtf/test-hvm64-lbr-tsx-vmentry fail like 129540
test-amd64-amd64-xl-qemuu-win7-amd64 17 guest-stop fail like 129540
test-amd64-i386-xl-qemut-win7-amd64 17 guest-stop fail like 129540
test-armhf-armhf-xl-rtds 16 guest-start/debian.repeat fail like 129540
test-amd64-i386-xl-qemuu-win7-amd64 17 guest-stop fail like 129540
test-amd64-amd64-xl-qemut-win7-amd64 17 guest-stop fail like 129540
test-amd64-i386-xl-qemut-ws16-amd64 17 guest-stop fail like 129540
test-armhf-armhf-libvirt-raw 13 saverestore-support-check fail like 129540
test-amd64-i386-xl-qemuu-ws16-amd64 17 guest-stop fail like 129540
test-amd64-amd64-xl-qemuu-ws16-amd64 17 guest-stop fail like 129540
test-armhf-armhf-libvirt 14 saverestore-support-check fail like 129540
test-amd64-amd64-xl-qemut-ws16-amd64 17 guest-stop fail like 129540
test-amd64-i386-libvirt 13 migrate-support-check fail never pass
test-amd64-i386-libvirt-xsm 13 migrate-support-check fail never pass
test-amd64-amd64-libvirt-xsm 13 migrate-support-check fail never pass
test-amd64-amd64-libvirt 13 migrate-support-check fail never pass
test-amd64-amd64-libvirt-qemuu-debianhvm-amd64-xsm 11 migrate-support-check fail never pass
test-amd64-i386-libvirt-qemuu-debianhvm-amd64-xsm 11 migrate-support-check fail never pass
test-armhf-armhf-xl-arndale 13 migrate-support-check fail never pass
test-armhf-armhf-xl-arndale 14 saverestore-support-check fail never pass
test-amd64-amd64-qemuu-nested-amd 17 debian-hvm-install/l1/l2 fail never pass
test-amd64-amd64-libvirt-vhd 12 migrate-support-check fail never pass
test-armhf-armhf-xl-rtds 13 migrate-support-check fail never pass
test-armhf-armhf-xl-rtds 14 saverestore-support-check fail never pass
test-armhf-armhf-xl-credit1 13 migrate-support-check fail never pass
test-armhf-armhf-xl-credit1 14 saverestore-support-check fail never pass
test-armhf-armhf-xl-credit2 13 migrate-support-check fail never pass
test-armhf-armhf-xl-credit2 14 saverestore-support-check fail never pass
test-armhf-armhf-xl-cubietruck 13 migrate-support-check fail never pass
test-armhf-armhf-xl-cubietruck 14 saverestore-support-check fail never pass
test-armhf-armhf-xl-multivcpu 13 migrate-support-check fail never pass
test-armhf-armhf-xl-multivcpu 14 saverestore-support-check fail never pass
test-armhf-armhf-libvirt-raw 12 migrate-support-check fail never pass
test-armhf-armhf-xl 13 migrate-support-check fail never pass
test-armhf-armhf-xl 14 saverestore-support-check fail never pass
test-armhf-armhf-libvirt 13 migrate-support-check fail never pass
test-armhf-armhf-xl-vhd 12 migrate-support-check fail never pass
test-armhf-armhf-xl-vhd 13 saverestore-support-check fail never pass
test-amd64-amd64-xl-qemut-win10-i386 10 windows-install fail never pass
test-amd64-amd64-xl-qemuu-win10-i386 10 windows-install fail never pass
test-amd64-i386-xl-qemuu-win10-i386 10 windows-install fail never pass
test-amd64-i386-xl-qemut-win10-i386 10 windows-install fail never pass
version targeted for testing:
xen 9c8275944829c55af3dc708712ca5c120b1bb328
baseline version:
xen 3d3e474d68b1a063d19b9a330c3463025104970c
Last test of basis 129540 2018-11-07 09:06:14 Z 12 days
Testing same since 129688 2018-11-09 06:25:15 Z 10 days 6 attempts
------------------------------------------------------------
People who touched revisions under test:
Ian Jackson <ian.jackson@eu.citrix.com>
Olaf Hering <olaf@aepfle.de>
jobs:
build-amd64-xsm pass
build-arm64-xsm broken
build-i386-xsm pass
build-amd64-xtf pass
build-amd64 pass
build-arm64 broken
build-armhf pass
build-i386 pass
build-amd64-libvirt pass
build-arm64-libvirt blocked
build-armhf-libvirt pass
build-i386-libvirt pass
build-amd64-prev pass
build-i386-prev pass
build-amd64-pvops pass
build-arm64-pvops broken
build-armhf-pvops pass
build-i386-pvops pass
build-amd64-rumprun pass
build-i386-rumprun pass
test-xtf-amd64-amd64-1 pass
test-xtf-amd64-amd64-2 pass
test-xtf-amd64-amd64-3 pass
test-xtf-amd64-amd64-4 pass
test-xtf-amd64-amd64-5 pass
test-amd64-amd64-xl pass
test-arm64-arm64-xl blocked
test-armhf-armhf-xl pass
test-amd64-i386-xl pass
test-amd64-amd64-xl-qemut-debianhvm-amd64-xsm pass
test-amd64-i386-xl-qemut-debianhvm-amd64-xsm fail
test-amd64-amd64-libvirt-qemuu-debianhvm-amd64-xsm pass
test-amd64-i386-libvirt-qemuu-debianhvm-amd64-xsm pass
test-amd64-amd64-xl-qemuu-debianhvm-amd64-xsm pass
test-amd64-i386-xl-qemuu-debianhvm-amd64-xsm pass
test-amd64-amd64-xl-qemut-stubdom-debianhvm-amd64-xsm pass
test-amd64-i386-xl-qemut-stubdom-debianhvm-amd64-xsm pass
test-amd64-amd64-libvirt-xsm pass
test-arm64-arm64-libvirt-xsm blocked
test-amd64-i386-libvirt-xsm pass
test-amd64-amd64-xl-xsm pass
test-arm64-arm64-xl-xsm blocked
test-amd64-i386-xl-xsm pass
test-amd64-amd64-qemuu-nested-amd fail
test-amd64-i386-qemut-rhel6hvm-amd pass
test-amd64-i386-qemuu-rhel6hvm-amd pass
test-amd64-amd64-xl-qemut-debianhvm-amd64 pass
test-amd64-i386-xl-qemut-debianhvm-amd64 pass
test-amd64-amd64-xl-qemuu-debianhvm-amd64 pass
test-amd64-i386-xl-qemuu-debianhvm-amd64 pass
test-amd64-i386-freebsd10-amd64 pass
test-amd64-amd64-xl-qemuu-ovmf-amd64 pass
test-amd64-i386-xl-qemuu-ovmf-amd64 pass
test-amd64-amd64-rumprun-amd64 pass
test-amd64-amd64-xl-qemut-win7-amd64 fail
test-amd64-i386-xl-qemut-win7-amd64 fail
test-amd64-amd64-xl-qemuu-win7-amd64 fail
test-amd64-i386-xl-qemuu-win7-amd64 fail
test-amd64-amd64-xl-qemut-ws16-amd64 fail
test-amd64-i386-xl-qemut-ws16-amd64 fail
test-amd64-amd64-xl-qemuu-ws16-amd64 fail
test-amd64-i386-xl-qemuu-ws16-amd64 fail
test-armhf-armhf-xl-arndale pass
test-amd64-amd64-xl-credit1 pass
test-arm64-arm64-xl-credit1 blocked
test-armhf-armhf-xl-credit1 pass
test-amd64-amd64-xl-credit2 pass
test-arm64-arm64-xl-credit2 blocked
test-armhf-armhf-xl-credit2 pass
test-armhf-armhf-xl-cubietruck pass
test-amd64-i386-freebsd10-i386 pass
test-amd64-i386-rumprun-i386 pass
test-amd64-amd64-xl-qemut-win10-i386 fail
test-amd64-i386-xl-qemut-win10-i386 fail
test-amd64-amd64-xl-qemuu-win10-i386 fail
test-amd64-i386-xl-qemuu-win10-i386 fail
test-amd64-amd64-qemuu-nested-intel pass
test-amd64-i386-qemut-rhel6hvm-intel pass
test-amd64-i386-qemuu-rhel6hvm-intel pass
test-amd64-amd64-libvirt pass
test-armhf-armhf-libvirt pass
test-amd64-i386-libvirt pass
test-amd64-amd64-migrupgrade pass
test-amd64-i386-migrupgrade pass
test-amd64-amd64-xl-multivcpu pass
test-armhf-armhf-xl-multivcpu pass
test-amd64-amd64-pair pass
test-amd64-i386-pair pass
test-amd64-amd64-libvirt-pair pass
test-amd64-i386-libvirt-pair pass
test-amd64-amd64-amd64-pvgrub pass
test-amd64-amd64-i386-pvgrub pass
test-amd64-amd64-pygrub pass
test-amd64-amd64-xl-qcow2 pass
test-armhf-armhf-libvirt-raw pass
test-amd64-i386-xl-raw pass
test-amd64-amd64-xl-rtds fail
test-armhf-armhf-xl-rtds fail
test-amd64-amd64-xl-qemuu-debianhvm-amd64-shadow pass
test-amd64-i386-xl-qemuu-debianhvm-amd64-shadow pass
test-amd64-amd64-xl-shadow pass
test-amd64-i386-xl-shadow pass
test-amd64-amd64-libvirt-vhd pass
test-armhf-armhf-xl-vhd pass
------------------------------------------------------------
sg-report-flight on osstest.test-lab.xenproject.org
logs: /home/logs/logs
images: /home/logs/images
Logs, config files, etc. are available at
http://logs.test-lab.xenproject.org/osstest/logs
Explanation of these reports, and of osstest in general, is at
http://xenbits.xen.org/gitweb/?p=osstest.git;a=blob;f=README.email;hb=master
http://xenbits.xen.org/gitweb/?p=osstest.git;a=blob;f=README;hb=master
Test harness code can be found at
http://xenbits.xen.org/gitweb?p=osstest.git;a=summary
broken-job build-arm64 broken
broken-job build-arm64-xsm broken
broken-job build-arm64-pvops broken
broken-step build-arm64-xsm host-install(4)
broken-step build-arm64 host-install(4)
broken-step build-arm64-pvops host-install(4)
broken-job build-arm64-xsm broken
broken-job build-arm64-pvops broken
broken-job build-arm64 broken
Not pushing.
------------------------------------------------------------
commit 9c8275944829c55af3dc708712ca5c120b1bb328
Author: Olaf Hering <olaf@aepfle.de>
Date: Mon Jun 18 14:55:36 2018 +0200
stubdom/vtpm: fix memcmp in TPM_ChangeAuthAsymFinish
gcc8 spotted this error:
error: 'memcmp' reading 20 bytes from a region of size 8 [-Werror=stringop-overflow=]
Signed-off-by: Olaf Hering <olaf@aepfle.de>
Reviewed-by: Samuel Thibault <samuel.thibault@ens-lyon.org>
(cherry picked from commit 22bf5be3237cb482a2ffd772ffd20ce37285eebf)
(cherry picked from commit dea9fc0e02d92f5e6d46680aa0a52fa758eca9c4)
(cherry picked from commit e907460fd61c350487ffee5d8aa375bef56bc81c)
Conflicts:
stubdom/Makefile
Signed-off-by: Ian Jackson <ian.jackson@eu.citrix.com>
(cherry picked from commit f13983db120f5e56dfefbee5d56678d2d43e2914)
(cherry picked from commit d6798ce35707a485d9c132319d70dd654620e5e5)
(qemu changes not included)
_______________________________________________
Xen-devel mailing list
Xen-devel@lists.xenproject.org
https://lists.xenproject.org/mailman/listinfo/xen-devel
^ permalink raw reply [flat|nested] only message in thread
only message in thread, other threads:[~2018-11-19 23:36 UTC | newest]
Thread overview: (only message) (download: mbox.gz follow: Atom feed
-- links below jump to the message on this page --
2018-11-19 23:36 [xen-4.7-testing test] 130495: trouble: blocked/broken/fail/pass osstest service owner
This is a public inbox, see mirroring instructions
for how to clone and mirror all data and code used for this inbox;
as well as URLs for NNTP newsgroup(s).