xen-devel.lists.xenproject.org archive mirror
 help / color / mirror / Atom feed
From: osstest service owner <osstest-admin@xenproject.org>
To: xen-devel@lists.xenproject.org, osstest-admin@xenproject.org
Subject: [xen-unstable-smoke test] 130617: regressions - trouble: blocked/broken/fail/pass
Date: Tue, 20 Nov 2018 18:43:36 +0000	[thread overview]
Message-ID: <osstest-130617-mainreport@xen.org> (raw)

flight 130617 xen-unstable-smoke real [real]
http://logs.test-lab.xenproject.org/osstest/logs/130617/

Regressions :-(

Tests which did not succeed and are blocking,
including tests which could not be run:
 build-arm64-xsm                 <job status>                 broken
 build-arm64-xsm               4 host-install(4)        broken REGR. vs. 130289
 build-amd64                   6 xen-build                fail REGR. vs. 130289

Tests which did not succeed, but are not blocking:
 test-arm64-arm64-xl-xsm       1 build-check(1)               blocked  n/a
 test-amd64-amd64-libvirt      1 build-check(1)               blocked  n/a
 test-amd64-amd64-xl-qemuu-debianhvm-i386  1 build-check(1)         blocked n/a
 build-amd64-libvirt           1 build-check(1)               blocked  n/a
 test-armhf-armhf-xl          13 migrate-support-check        fail   never pass
 test-armhf-armhf-xl          14 saverestore-support-check    fail   never pass

version targeted for testing:
 xen                  668f14904826ea010edd927f4210dd4fd3d2094d
baseline version:
 xen                  901abfef5de149546b16fba6f4d5bd7def08c672

Last test of basis   130289  2018-11-17 11:00:36 Z    3 days
Failing since        130490  2018-11-19 09:00:27 Z    1 days   12 attempts
Testing same since   130617  2018-11-20 16:00:44 Z    0 days    1 attempts

------------------------------------------------------------
People who touched revisions under test:
  Andrew Cooper <andrew.cooper3@citrix.com>
  Doug Goldstein <cardoe@cardoe.com>
  Ian Jackson <ian.jackson@eu.citrix.com>
  Jan Beulich <jbeulich@suse.com>
  Olaf Hering <olaf@aepfle.de>
  Paul Durrant <paul.durrant@citrix.com>
  Roger Pau Monné <roger.pau@citrix.com>
  Wei Liu <wei.liu2@citrix.com>

jobs:
 build-arm64-xsm                                              broken  
 build-amd64                                                  fail    
 build-armhf                                                  pass    
 build-amd64-libvirt                                          blocked 
 test-armhf-armhf-xl                                          pass    
 test-arm64-arm64-xl-xsm                                      blocked 
 test-amd64-amd64-xl-qemuu-debianhvm-i386                     blocked 
 test-amd64-amd64-libvirt                                     blocked 


------------------------------------------------------------
sg-report-flight on osstest.test-lab.xenproject.org
logs: /home/logs/logs
images: /home/logs/images

Logs, config files, etc. are available at
    http://logs.test-lab.xenproject.org/osstest/logs

Explanation of these reports, and of osstest in general, is at
    http://xenbits.xen.org/gitweb/?p=osstest.git;a=blob;f=README.email;hb=master
    http://xenbits.xen.org/gitweb/?p=osstest.git;a=blob;f=README;hb=master

Test harness code can be found at
    http://xenbits.xen.org/gitweb?p=osstest.git;a=summary

broken-job build-arm64-xsm broken
broken-step build-arm64-xsm host-install(4)

Not pushing.

(No revision log; it would be 608 lines long.)

_______________________________________________
Xen-devel mailing list
Xen-devel@lists.xenproject.org
https://lists.xenproject.org/mailman/listinfo/xen-devel

                 reply	other threads:[~2018-11-20 18:43 UTC|newest]

Thread overview: [no followups] expand[flat|nested]  mbox.gz  Atom feed

Reply instructions:

You may reply publicly to this message via plain-text email
using any one of the following methods:

* Save the following mbox file, import it into your mail client,
  and reply-to-all from there: mbox

  Avoid top-posting and favor interleaved quoting:
  https://en.wikipedia.org/wiki/Posting_style#Interleaved_style

* Reply using the --to, --cc, and --in-reply-to
  switches of git-send-email(1):

  git send-email \
    --in-reply-to=osstest-130617-mainreport@xen.org \
    --to=osstest-admin@xenproject.org \
    --cc=xen-devel@lists.xenproject.org \
    /path/to/YOUR_REPLY

  https://kernel.org/pub/software/scm/git/docs/git-send-email.html

* If your mail client supports setting the In-Reply-To header
  via mailto: links, try the mailto: link
Be sure your reply has a Subject: header at the top and a blank line before the message body.
This is a public inbox, see mirroring instructions
for how to clone and mirror all data and code used for this inbox;
as well as URLs for NNTP newsgroup(s).