From: xen.org <ian.jackson@eu.citrix.com>
To: xen-devel@lists.xensource.com
Cc: ian.jackson@eu.citrix.com
Subject: [qemu-upstream-unstable test] 13387: tolerable FAIL - PUSHED
Date: Fri, 29 Jun 2012 03:20:12 +0100 [thread overview]
Message-ID: <osstest-13387-mainreport@xen.org> (raw)
flight 13387 qemu-upstream-unstable real [real]
http://www.chiark.greenend.org.uk/~xensrcts/logs/13387/
Failures :-/ but no regressions.
Tests which are failing intermittently (not blocking):
test-amd64-i386-xl-qemuu-win7-amd64 12 guest-localmigrate/x10 fail pass in 13384
test-amd64-amd64-xl-qemuu-win7-amd64 11 guest-localmigrate.2 fail in 13384 pass in 13387
test-i386-i386-xl-qemuu-win 12 guest-localmigrate/x10 fail in 13384 pass in 13387
Tests which did not succeed, but are not blocking:
test-amd64-i386-qemuu-rhel6hvm-intel 11 leak-check/check fail never pass
test-amd64-i386-qemuu-rhel6hvm-amd 11 leak-check/check fail never pass
test-amd64-i386-xl-qemuu-win-vcpus1 13 guest-stop fail never pass
test-amd64-amd64-xl-qemuu-win7-amd64 13 guest-stop fail never pass
test-i386-i386-qemuu-win 16 leak-check/check fail never pass
test-amd64-amd64-xl-qemuu-win 13 guest-stop fail never pass
test-amd64-i386-xl-qemuu-winxpsp3-vcpus1 13 guest-stop fail never pass
test-amd64-i386-qemuu-win-vcpus1 16 leak-check/check fail never pass
test-amd64-i386-xend-qemuu-winxpsp3 16 leak-check/check fail never pass
test-amd64-amd64-xl-qemuu-winxpsp3 13 guest-stop fail never pass
test-amd64-i386-qemuu-win 16 leak-check/check fail never pass
test-i386-i386-xl-qemuu-winxpsp3 13 guest-stop fail never pass
test-amd64-amd64-qemuu-win 16 leak-check/check fail never pass
test-i386-i386-xl-qemuu-win 13 guest-stop fail never pass
test-amd64-i386-xl-qemuu-win7-amd64 13 guest-stop fail in 13384 never pass
version targeted for testing:
qemuu dbaf62769e1bfa7636208a4f00ea2331f5c40685
baseline version:
qemuu 4e8785001421e97c4f1c18d27ce77d717f9561d4
------------------------------------------------------------
People who touched revisions under test:
Stefano Stabellini <stefano.stabellini@eu.citrix.com>
------------------------------------------------------------
jobs:
build-amd64 pass
build-i386 pass
build-amd64-oldkern pass
build-i386-oldkern pass
build-amd64-pvops pass
build-i386-pvops pass
test-amd64-i386-qemuu-rhel6hvm-amd fail
test-amd64-amd64-xl-qemuu-win7-amd64 fail
test-amd64-i386-xl-qemuu-win7-amd64 fail
test-amd64-i386-qemuu-rhel6hvm-intel fail
test-amd64-i386-qemuu-win-vcpus1 fail
test-amd64-i386-xl-qemuu-win-vcpus1 fail
test-amd64-i386-xl-qemuu-winxpsp3-vcpus1 fail
test-amd64-amd64-qemuu-win fail
test-amd64-i386-qemuu-win fail
test-i386-i386-qemuu-win fail
test-amd64-amd64-xl-qemuu-win fail
test-i386-i386-xl-qemuu-win fail
test-amd64-i386-xend-qemuu-winxpsp3 fail
test-amd64-amd64-xl-qemuu-winxpsp3 fail
test-i386-i386-xl-qemuu-winxpsp3 fail
------------------------------------------------------------
sg-report-flight on woking.cam.xci-test.com
logs: /home/xc_osstest/logs
images: /home/xc_osstest/images
Logs, config files, etc. are available at
http://www.chiark.greenend.org.uk/~xensrcts/logs
Test harness code can be found at
http://xenbits.xensource.com/gitweb?p=osstest.git;a=summary
Pushing revision :
+ branch=qemu-upstream-unstable
+ revision=dbaf62769e1bfa7636208a4f00ea2331f5c40685
+ . cri-lock-repos
++ . cri-common
+++ umask 002
+++ getconfig Repos
+++ perl -e '
use Osstest;
readconfigonly();
print $c{Repos} or die $!;
'
++ repos=/export/home/osstest/repos
++ repos_lock=/export/home/osstest/repos/lock
++ '[' x '!=' x/export/home/osstest/repos/lock ']'
++ OSSTEST_REPOS_LOCK_LOCKED=/export/home/osstest/repos/lock
++ exec with-lock-ex -w /export/home/osstest/repos/lock ./ap-push qemu-upstream-unstable dbaf62769e1bfa7636208a4f00ea2331f5c40685
+ branch=qemu-upstream-unstable
+ revision=dbaf62769e1bfa7636208a4f00ea2331f5c40685
+ . cri-lock-repos
++ . cri-common
+++ umask 002
+++ getconfig Repos
+++ perl -e '
use Osstest;
readconfigonly();
print $c{Repos} or die $!;
'
++ repos=/export/home/osstest/repos
++ repos_lock=/export/home/osstest/repos/lock
++ '[' x/export/home/osstest/repos/lock '!=' x/export/home/osstest/repos/lock ']'
+ . cri-common
++ umask 002
+ select_xenbranch
+ case "$branch" in
+ tree=qemuu
+ xenbranch=xen-unstable
+ '[' xqemuu = xlinux ']'
+ linuxbranch=linux
+ : master
+ : tested/2.6.39.x
+ . ap-common
++ : xen@xenbits.xensource.com
++ : http://xenbits.xen.org/staging/xen-unstable.hg
++ : git://xenbits.xen.org/staging/qemu-xen-unstable.git
++ : git://git.kernel.org
++ : git://git.kernel.org/pub/scm/linux/kernel/git
++ : git
++ : git://xenbits.xen.org/linux-pvops.git
++ : master
++ : xen@xenbits.xensource.com:git/linux-pvops.git
++ : git://xenbits.xen.org/linux-pvops.git
++ : master
++ : git://git.kernel.org/pub/scm/linux/kernel/git/konrad/xen.git
++ : tested/2.6.39.x
++ : daily-cron.qemu-upstream-unstable
++ : http://hg.uk.xensource.com/carbon/trunk/linux-2.6.27
++ : git://xenbits.xen.org/staging/qemu-upstream-unstable.git
++ : daily-cron.qemu-upstream-unstable
+ TREE_LINUX=xen@xenbits.xensource.com:git/linux-pvops.git
+ TREE_QEMU_UPSTREAM=xen@xenbits.xensource.com:git/qemu-upstream-unstable.git
+ info_linux_tree qemu-upstream-unstable
+ case $1 in
+ return 1
+ case "$branch" in
+ cd /export/home/osstest/repos/qemu-upstream-unstable
+ git push xen@xenbits.xensource.com:git/qemu-upstream-unstable.git dbaf62769e1bfa7636208a4f00ea2331f5c40685:master
Counting objects: 16
Counting objects: 28, done.
Compressing objects: 16% (1/6)
Compressing objects: 33% (2/6)
Compressing objects: 50% (3/6)
Compressing objects: 66% (4/6)
Compressing objects: 83% (5/6)
Compressing objects: 100% (6/6)
Compressing objects: 100% (6/6), done.
Writing objects: 5% (1/19)
Writing objects: 10% (2/19)
Writing objects: 15% (3/19)
Writing objects: 21% (4/19)
Writing objects: 31% (6/19)
Writing objects: 42% (8/19)
Writing objects: 47% (9/19)
Writing objects: 52% (10/19)
Writing objects: 57% (11/19)
Writing objects: 63% (12/19)
Writing objects: 68% (13/19)
Writing objects: 73% (14/19)
Writing objects: 78% (15/19)
Writing objects: 84% (16/19)
Writing objects: 89% (17/19)
Writing objects: 94% (18/19)
Writing objects: 100% (19/19)
Writing objects: 100% (19/19), 2.38 KiB, done.
Total 19 (delta 15), reused 17 (delta 13)
To xen@xenbits.xensource.com:git/qemu-upstream-unstable.git
4e87850..dbaf627 dbaf62769e1bfa7636208a4f00ea2331f5c40685 -> master
reply other threads:[~2012-06-29 2:20 UTC|newest]
Thread overview: [no followups] expand[flat|nested] mbox.gz Atom feed
Reply instructions:
You may reply publicly to this message via plain-text email
using any one of the following methods:
* Save the following mbox file, import it into your mail client,
and reply-to-all from there: mbox
Avoid top-posting and favor interleaved quoting:
https://en.wikipedia.org/wiki/Posting_style#Interleaved_style
* Reply using the --to, --cc, and --in-reply-to
switches of git-send-email(1):
git send-email \
--in-reply-to=osstest-13387-mainreport@xen.org \
--to=ian.jackson@eu.citrix.com \
--cc=xen-devel@lists.xensource.com \
/path/to/YOUR_REPLY
https://kernel.org/pub/software/scm/git/docs/git-send-email.html
* If your mail client supports setting the In-Reply-To header
via mailto: links, try the mailto: link
Be sure your reply has a Subject: header at the top and a blank line
before the message body.
This is a public inbox, see mirroring instructions
for how to clone and mirror all data and code used for this inbox;
as well as URLs for NNTP newsgroup(s).