From: xen.org <ian.jackson@eu.citrix.com>
To: xen-devel@lists.xensource.com
Cc: ian.jackson@eu.citrix.com
Subject: [linux-3.0 test] 13483: tolerable FAIL - PUSHED
Date: Wed, 18 Jul 2012 17:29:29 +0100 [thread overview]
Message-ID: <osstest-13483-mainreport@xen.org> (raw)
flight 13483 linux-3.0 real [real]
http://www.chiark.greenend.org.uk/~xensrcts/logs/13483/
Failures :-/ but no regressions.
Regressions which are regarded as allowable (not blocking):
test-amd64-amd64-xl-qemuu-winxpsp3 9 guest-localmigrate fail REGR. vs. 13368
test-amd64-amd64-xl-qemuu-win7-amd64 9 guest-localmigrate fail REGR. vs. 13368
test-i386-i386-xl-qemuu-winxpsp3 9 guest-localmigrate fail REGR. vs. 13368
Tests which did not succeed, but are not blocking:
test-amd64-amd64-xl-pcipt-intel 8 debian-fixup fail never pass
test-amd64-i386-xl-win-vcpus1 13 guest-stop fail never pass
test-i386-i386-win 16 leak-check/check fail never pass
test-amd64-i386-xl-win7-amd64 13 guest-stop fail never pass
test-i386-i386-xl-win 13 guest-stop fail never pass
test-amd64-amd64-win 16 leak-check/check fail never pass
test-amd64-i386-win-vcpus1 16 leak-check/check fail never pass
test-amd64-i386-xend-winxpsp3 16 leak-check/check fail never pass
test-amd64-i386-xl-winxpsp3-vcpus1 13 guest-stop fail never pass
test-amd64-amd64-xl-win7-amd64 13 guest-stop fail never pass
test-amd64-i386-win 16 leak-check/check fail never pass
test-amd64-amd64-xl-winxpsp3 13 guest-stop fail never pass
test-i386-i386-xl-winxpsp3 13 guest-stop fail never pass
test-amd64-amd64-xl-win 13 guest-stop fail never pass
version targeted for testing:
linux ab78f676b9218240a6e8b2265db3fbc98a896811
baseline version:
linux c0bd4b6a0c6c0d42235920fb7ddd7110c86e2adb
------------------------------------------------------------
People who touched revisions under test:
------------------------------------------------------------
jobs:
build-amd64 pass
build-i386 pass
build-amd64-pvops pass
build-i386-pvops pass
test-amd64-amd64-xl pass
test-amd64-i386-xl pass
test-i386-i386-xl pass
test-amd64-i386-rhel6hvm-amd pass
test-amd64-i386-qemuu-rhel6hvm-amd pass
test-amd64-amd64-xl-qemuu-win7-amd64 fail
test-amd64-amd64-xl-win7-amd64 fail
test-amd64-i386-xl-win7-amd64 fail
test-amd64-i386-xl-credit2 pass
test-amd64-amd64-xl-pcipt-intel fail
test-amd64-i386-rhel6hvm-intel pass
test-amd64-i386-qemuu-rhel6hvm-intel pass
test-amd64-i386-xl-multivcpu pass
test-amd64-amd64-pair pass
test-amd64-i386-pair pass
test-i386-i386-pair pass
test-amd64-amd64-xl-sedf-pin pass
test-amd64-amd64-pv pass
test-amd64-i386-pv pass
test-i386-i386-pv pass
test-amd64-amd64-xl-sedf pass
test-amd64-i386-win-vcpus1 fail
test-amd64-i386-xl-win-vcpus1 fail
test-amd64-i386-xl-winxpsp3-vcpus1 fail
test-amd64-amd64-win fail
test-amd64-i386-win fail
test-i386-i386-win fail
test-amd64-amd64-xl-win fail
test-i386-i386-xl-win fail
test-amd64-amd64-xl-qemuu-winxpsp3 fail
test-i386-i386-xl-qemuu-winxpsp3 fail
test-amd64-i386-xend-winxpsp3 fail
test-amd64-amd64-xl-winxpsp3 fail
test-i386-i386-xl-winxpsp3 fail
------------------------------------------------------------
sg-report-flight on woking.cam.xci-test.com
logs: /home/xc_osstest/logs
images: /home/xc_osstest/images
Logs, config files, etc. are available at
http://www.chiark.greenend.org.uk/~xensrcts/logs
Test harness code can be found at
http://xenbits.xensource.com/gitweb?p=osstest.git;a=summary
Pushing revision :
+ branch=linux-3.0
+ revision=ab78f676b9218240a6e8b2265db3fbc98a896811
+ . cri-lock-repos
++ . cri-common
+++ umask 002
+++ getconfig Repos
+++ perl -e '
use Osstest;
readconfigonly();
print $c{Repos} or die $!;
'
++ repos=/export/home/osstest/repos
++ repos_lock=/export/home/osstest/repos/lock
++ '[' x '!=' x/export/home/osstest/repos/lock ']'
++ OSSTEST_REPOS_LOCK_LOCKED=/export/home/osstest/repos/lock
++ exec with-lock-ex -w /export/home/osstest/repos/lock ./ap-push linux-3.0 ab78f676b9218240a6e8b2265db3fbc98a896811
+ branch=linux-3.0
+ revision=ab78f676b9218240a6e8b2265db3fbc98a896811
+ . cri-lock-repos
++ . cri-common
+++ umask 002
+++ getconfig Repos
+++ perl -e '
use Osstest;
readconfigonly();
print $c{Repos} or die $!;
'
++ repos=/export/home/osstest/repos
++ repos_lock=/export/home/osstest/repos/lock
++ '[' x/export/home/osstest/repos/lock '!=' x/export/home/osstest/repos/lock ']'
+ . cri-common
++ umask 002
+ select_xenbranch
+ case "$branch" in
+ tree=linux
+ xenbranch=xen-unstable
+ '[' xlinux = xlinux ']'
+ linuxbranch=linux-3.0
+ : master
+ : tested/2.6.39.x
+ . ap-common
++ : xen@xenbits.xensource.com
++ : http://xenbits.xen.org/staging/xen-unstable.hg
++ : git://xenbits.xen.org/staging/qemu-xen-unstable.git
++ : git://git.kernel.org
++ : git://git.kernel.org/pub/scm/linux/kernel/git
++ : git
++ : git://git.kernel.org/pub/scm/linux/kernel/git/stable/linux-stable.git
++ : master
++ : xen@xenbits.xensource.com:git/linux-pvops.git
++ : git://xenbits.xen.org/linux-pvops.git
++ : master
++ : git://git.kernel.org/pub/scm/linux/kernel/git/konrad/xen.git
++ : tested/2.6.39.x
++ : daily-cron.linux-3.0
++ : http://hg.uk.xensource.com/carbon/trunk/linux-2.6.27
++ : git://xenbits.xen.org/staging/qemu-upstream-unstable.git
++ : daily-cron.linux-3.0
+ TREE_LINUX=xen@xenbits.xensource.com:git/linux-pvops.git
+ TREE_QEMU_UPSTREAM=xen@xenbits.xensource.com:git/qemu-upstream-unstable.git
+ info_linux_tree linux-3.0
+ case $1 in
+ : git://git.kernel.org/pub/scm/linux/kernel/git/stable/linux-stable.git
+ : linux-3.0.y
+ : linux-3.0.y
+ : git
+ : git
+ : git://xenbits.xen.org/linux-pvops.git
+ : xen@xenbits.xensource.com:git/linux-pvops.git
+ : tested/linux-3.0
+ : tested/linux-3.0
+ return 0
+ cd /export/home/osstest/repos/linux
+ git push xen@xenbits.xensource.com:git/linux-pvops.git ab78f676b9218240a6e8b2265db3fbc98a896811:tested/linux-3.0
Counting objects: 1
Counting objects: 64
Counting objects: 554, done.
Compressing objects: 1% (1/72)
Compressing objects: 2% (2/72)
Compressing objects: 4% (3/72)
Compressing objects: 5% (4/72)
Compressing objects: 6% (5/72)
Compressing objects: 8% (6/72)
Compressing objects: 9% (7/72)
Compressing objects: 11% (8/72)
Compressing objects: 12% (9/72)
Compressing objects: 13% (10/72)
Compressing objects: 15% (11/72)
Compressing objects: 16% (12/72)
Compressing objects: 18% (13/72)
Compressing objects: 19% (14/72)
Compressing objects: 20% (15/72)
Compressing objects: 22% (16/72)
Compressing objects: 23% (17/72)
Compressing objects: 25% (18/72)
Compressing objects: 26% (19/72)
Compressing objects: 27% (20/72)
Compressing objects: 29% (21/72)
Compressing objects: 30% (22/72)
Compressing objects: 31% (23/72)
Compressing objects: 33% (24/72)
Compressing objects: 34% (25/72)
Compressing objects: 36% (26/72)
Compressing objects: 37% (27/72)
Compressing objects: 38% (28/72)
Compressing objects: 40% (29/72)
Compressing objects: 41% (30/72)
Compressing objects: 43% (31/72)
Compressing objects: 44% (32/72)
Compressing objects: 45% (33/72)
Compressing objects: 47% (34/72)
Compressing objects: 48% (35/72)
Compressing objects: 50% (36/72)
Compressing objects: 51% (37/72)
Compressing objects: 52% (38/72)
Compressing objects: 54% (39/72)
Compressing objects: 55% (40/72)
Compressing objects: 56% (41/72)
Compressing objects: 58% (42/72)
Compressing objects: 59% (43/72)
Compressing objects: 61% (44/72)
Compressing objects: 62% (45/72)
Compressing objects: 63% (46/72)
Compressing objects: 65% (47/72)
Compressing objects: 66% (48/72)
Compressing objects: 68% (49/72)
Compressing objects: 69% (50/72)
Compressing objects: 70% (51/72)
Compressing objects: 72% (52/72)
Compressing objects: 73% (53/72)
Compressing objects: 75% (54/72)
Compressing objects: 76% (55/72)
Compressing objects: 77% (56/72)
Compressing objects: 79% (57/72)
Compressing objects: 80% (58/72)
Compressing objects: 81% (59/72)
Compressing objects: 83% (60/72)
Compressing objects: 84% (61/72)
Compressing objects: 86% (62/72)
Compressing objects: 87% (63/72)
Compressing objects: 88% (64/72)
Compressing objects: 90% (65/72)
Compressing objects: 91% (66/72)
Compressing objects: 93% (67/72)
Compressing objects: 94% (68/72)
Compressing objects: 95% (69/72)
Compressing objects: 97% (70/72)
Compressing objects: 98% (71/72)
Compressing objects: 100% (72/72)
Compressing objects: 100% (72/72), done.
Writing objects: 0% (1/409)
Writing objects: 1% (5/409)
Writing objects: 2% (9/409)
Writing objects: 3% (13/409)
Writing objects: 4% (17/409)
Writing objects: 5% (21/409)
Writing objects: 6% (25/409)
Writing objects: 7% (29/409)
Writing objects: 8% (33/409)
Writing objects: 9% (37/409)
Writing objects: 10% (41/409)
Writing objects: 11% (45/409)
Writing objects: 12% (50/409)
Writing objects: 13% (54/409)
Writing objects: 14% (58/409)
Writing objects: 15% (62/409)
Writing objects: 16% (66/409)
Writing objects: 17% (70/409)
Writing objects: 18% (74/409)
Writing objects: 19% (78/409)
Writing objects: 20% (82/409)
Writing objects: 21% (86/409)
Writing objects: 22% (90/409)
Writing objects: 23% (95/409)
Writing objects: 24% (99/409)
Writing objects: 25% (103/409)
Writing objects: 26% (107/409)
Writing objects: 27% (111/409)
Writing objects: 28% (115/409)
Writing objects: 29% (119/409)
Writing objects: 30% (123/409)
Writing objects: 31% (127/409)
Writing objects: 32% (131/409)
Writing objects: 33% (135/409)
Writing objects: 34% (140/409)
Writing objects: 35% (144/409)
Writing objects: 36% (148/409)
Writing objects: 37% (152/409)
Writing objects: 38% (156/409)
Writing objects: 39% (160/409)
Writing objects: 40% (164/409)
Writing objects: 41% (168/409)
Writing objects: 42% (172/409)
Writing objects: 43% (176/409)
Writing objects: 44% (180/409)
Writing objects: 45% (185/409)
Writing objects: 46% (189/409)
Writing objects: 47% (193/409)
Writing objects: 48% (197/409)
Writing objects: 49% (201/409)
Writing objects: 50% (205/409)
Writing objects: 51% (209/409)
Writing objects: 52% (213/409)
Writing objects: 53% (217/409)
Writing objects: 54% (221/409)
Writing objects: 55% (225/409)
Writing objects: 56% (230/409)
Writing objects: 57% (234/409)
Writing objects: 58% (238/409)
Writing objects: 59% (242/409)
Writing objects: 60% (246/409)
Writing objects: 61% (250/409)
Writing objects: 62% (254/409)
Writing objects: 63% (258/409)
Writing objects: 64% (262/409)
Writing objects: 65% (266/409)
Writing objects: 66% (270/409)
Writing objects: 67% (275/409)
Writing objects: 68% (279/409)
Writing objects: 69% (283/409)
Writing objects: 70% (287/409)
Writing objects: 71% (291/409)
Writing objects: 72% (295/409)
Writing objects: 73% (299/409)
Writing objects: 74% (303/409)
Writing objects: 75% (307/409)
Writing objects: 76% (311/409)
Writing objects: 77% (315/409)
Writing objects: 78% (320/409)
Writing objects: 79% (324/409)
Writing objects: 80% (328/409)
Writing objects: 81% (332/409)
Writing objects: 82% (336/409)
Writing objects: 83% (340/409)
Writing objects: 84% (344/409)
Writing objects: 85% (348/409)
Writing objects: 86% (352/409)
Writing objects: 87% (356/409)
Writing objects: 88% (360/409)
Writing objects: 89% (365/409)
Writing objects: 90% (369/409)
Writing objects: 91% (373/409)
Writing objects: 92% (377/409)
Writing objects: 93% (381/409)
Writing objects: 94% (385/409)
Writing objects: 95% (389/409)
Writing objects: 96% (393/409)
Writing objects: 97% (397/409)
Writing objects: 98% (401/409)
Writing objects: 99% (405/409)
Writing objects: 100% (409/409)
Writing objects: 100% (409/409), 71.83 KiB, done.
Total 409 (delta 336), reused 409 (delta 336)
To xen@xenbits.xensource.com:git/linux-pvops.git
c0bd4b6..ab78f67 ab78f676b9218240a6e8b2265db3fbc98a896811 -> tested/linux-3.0
+ exit 0
reply other threads:[~2012-07-18 16:29 UTC|newest]
Thread overview: [no followups] expand[flat|nested] mbox.gz Atom feed
Reply instructions:
You may reply publicly to this message via plain-text email
using any one of the following methods:
* Save the following mbox file, import it into your mail client,
and reply-to-all from there: mbox
Avoid top-posting and favor interleaved quoting:
https://en.wikipedia.org/wiki/Posting_style#Interleaved_style
* Reply using the --to, --cc, and --in-reply-to
switches of git-send-email(1):
git send-email \
--in-reply-to=osstest-13483-mainreport@xen.org \
--to=ian.jackson@eu.citrix.com \
--cc=xen-devel@lists.xensource.com \
/path/to/YOUR_REPLY
https://kernel.org/pub/software/scm/git/docs/git-send-email.html
* If your mail client supports setting the In-Reply-To header
via mailto: links, try the mailto: link
Be sure your reply has a Subject: header at the top and a blank line
before the message body.
This is a public inbox, see mirroring instructions
for how to clone and mirror all data and code used for this inbox;
as well as URLs for NNTP newsgroup(s).