From: xen.org <ian.jackson@eu.citrix.com>
To: xen-devel@lists.xensource.com
Cc: ian.jackson@eu.citrix.com
Subject: [linux-3.0 test] 13489: tolerable FAIL - PUSHED
Date: Fri, 20 Jul 2012 17:29:31 +0100 [thread overview]
Message-ID: <osstest-13489-mainreport@xen.org> (raw)
flight 13489 linux-3.0 real [real]
http://www.chiark.greenend.org.uk/~xensrcts/logs/13489/
Failures :-/ but no regressions.
Regressions which are regarded as allowable (not blocking):
test-amd64-amd64-xl-qemuu-win7-amd64 9 guest-localmigrate fail like 13483
test-amd64-amd64-xl-qemuu-winxpsp3 9 guest-localmigrate fail like 13483
test-i386-i386-xl-qemuu-winxpsp3 9 guest-localmigrate fail like 13483
Tests which did not succeed, but are not blocking:
test-amd64-amd64-xl-pcipt-intel 8 debian-fixup fail never pass
test-amd64-i386-xl-win-vcpus1 13 guest-stop fail never pass
test-i386-i386-win 16 leak-check/check fail never pass
test-amd64-i386-xl-win7-amd64 13 guest-stop fail never pass
test-i386-i386-xl-win 13 guest-stop fail never pass
test-amd64-amd64-win 16 leak-check/check fail never pass
test-amd64-i386-win-vcpus1 16 leak-check/check fail never pass
test-amd64-i386-xend-winxpsp3 16 leak-check/check fail never pass
test-amd64-i386-xl-winxpsp3-vcpus1 13 guest-stop fail never pass
test-amd64-amd64-xl-win7-amd64 13 guest-stop fail never pass
test-amd64-i386-win 16 leak-check/check fail never pass
test-amd64-amd64-xl-winxpsp3 13 guest-stop fail never pass
test-i386-i386-xl-winxpsp3 13 guest-stop fail never pass
test-amd64-amd64-xl-win 13 guest-stop fail never pass
version targeted for testing:
linux ce05b1d31e57b7de6b814073e88bdd403ce71229
baseline version:
linux ab78f676b9218240a6e8b2265db3fbc98a896811
------------------------------------------------------------
People who touched revisions under test:
------------------------------------------------------------
jobs:
build-amd64 pass
build-i386 pass
build-amd64-pvops pass
build-i386-pvops pass
test-amd64-amd64-xl pass
test-amd64-i386-xl pass
test-i386-i386-xl pass
test-amd64-i386-rhel6hvm-amd pass
test-amd64-i386-qemuu-rhel6hvm-amd pass
test-amd64-amd64-xl-qemuu-win7-amd64 fail
test-amd64-amd64-xl-win7-amd64 fail
test-amd64-i386-xl-win7-amd64 fail
test-amd64-i386-xl-credit2 pass
test-amd64-amd64-xl-pcipt-intel fail
test-amd64-i386-rhel6hvm-intel pass
test-amd64-i386-qemuu-rhel6hvm-intel pass
test-amd64-i386-xl-multivcpu pass
test-amd64-amd64-pair pass
test-amd64-i386-pair pass
test-i386-i386-pair pass
test-amd64-amd64-xl-sedf-pin pass
test-amd64-amd64-pv pass
test-amd64-i386-pv pass
test-i386-i386-pv pass
test-amd64-amd64-xl-sedf pass
test-amd64-i386-win-vcpus1 fail
test-amd64-i386-xl-win-vcpus1 fail
test-amd64-i386-xl-winxpsp3-vcpus1 fail
test-amd64-amd64-win fail
test-amd64-i386-win fail
test-i386-i386-win fail
test-amd64-amd64-xl-win fail
test-i386-i386-xl-win fail
test-amd64-amd64-xl-qemuu-winxpsp3 fail
test-i386-i386-xl-qemuu-winxpsp3 fail
test-amd64-i386-xend-winxpsp3 fail
test-amd64-amd64-xl-winxpsp3 fail
test-i386-i386-xl-winxpsp3 fail
------------------------------------------------------------
sg-report-flight on woking.cam.xci-test.com
logs: /home/xc_osstest/logs
images: /home/xc_osstest/images
Logs, config files, etc. are available at
http://www.chiark.greenend.org.uk/~xensrcts/logs
Test harness code can be found at
http://xenbits.xensource.com/gitweb?p=osstest.git;a=summary
Pushing revision :
+ branch=linux-3.0
+ revision=ce05b1d31e57b7de6b814073e88bdd403ce71229
+ . cri-lock-repos
++ . cri-common
+++ umask 002
+++ getconfig Repos
+++ perl -e '
use Osstest;
readconfigonly();
print $c{Repos} or die $!;
'
++ repos=/export/home/osstest/repos
++ repos_lock=/export/home/osstest/repos/lock
++ '[' x '!=' x/export/home/osstest/repos/lock ']'
++ OSSTEST_REPOS_LOCK_LOCKED=/export/home/osstest/repos/lock
++ exec with-lock-ex -w /export/home/osstest/repos/lock ./ap-push linux-3.0 ce05b1d31e57b7de6b814073e88bdd403ce71229
+ branch=linux-3.0
+ revision=ce05b1d31e57b7de6b814073e88bdd403ce71229
+ . cri-lock-repos
++ . cri-common
+++ umask 002
+++ getconfig Repos
+++ perl -e '
use Osstest;
readconfigonly();
print $c{Repos} or die $!;
'
++ repos=/export/home/osstest/repos
++ repos_lock=/export/home/osstest/repos/lock
++ '[' x/export/home/osstest/repos/lock '!=' x/export/home/osstest/repos/lock ']'
+ . cri-common
++ umask 002
+ select_xenbranch
+ case "$branch" in
+ tree=linux
+ xenbranch=xen-unstable
+ '[' xlinux = xlinux ']'
+ linuxbranch=linux-3.0
+ : master
+ : tested/2.6.39.x
+ . ap-common
++ : xen@xenbits.xensource.com
++ : http://xenbits.xen.org/staging/xen-unstable.hg
++ : git://xenbits.xen.org/staging/qemu-xen-unstable.git
++ : git://git.kernel.org
++ : git://git.kernel.org/pub/scm/linux/kernel/git
++ : git
++ : git://git.kernel.org/pub/scm/linux/kernel/git/stable/linux-stable.git
++ : master
++ : xen@xenbits.xensource.com:git/linux-pvops.git
++ : git://xenbits.xen.org/linux-pvops.git
++ : master
++ : git://git.kernel.org/pub/scm/linux/kernel/git/konrad/xen.git
++ : tested/2.6.39.x
++ : daily-cron.linux-3.0
++ : http://hg.uk.xensource.com/carbon/trunk/linux-2.6.27
++ : git://xenbits.xen.org/staging/qemu-upstream-unstable.git
++ : daily-cron.linux-3.0
+ TREE_LINUX=xen@xenbits.xensource.com:git/linux-pvops.git
+ TREE_QEMU_UPSTREAM=xen@xenbits.xensource.com:git/qemu-upstream-unstable.git
+ info_linux_tree linux-3.0
+ case $1 in
+ : git://git.kernel.org/pub/scm/linux/kernel/git/stable/linux-stable.git
+ : linux-3.0.y
+ : linux-3.0.y
+ : git
+ : git
+ : git://xenbits.xen.org/linux-pvops.git
+ : xen@xenbits.xensource.com:git/linux-pvops.git
+ : tested/linux-3.0
+ : tested/linux-3.0
+ return 0
+ cd /export/home/osstest/repos/linux
+ git push xen@xenbits.xensource.com:git/linux-pvops.git ce05b1d31e57b7de6b814073e88bdd403ce71229:tested/linux-3.0
Counting objects: 1
Counting objects: 177, done.
Compressing objects: 4% (1/23)
Compressing objects: 8% (2/23)
Compressing objects: 13% (3/23)
Compressing objects: 17% (4/23)
Compressing objects: 21% (5/23)
Compressing objects: 26% (6/23)
Compressing objects: 30% (7/23)
Compressing objects: 34% (8/23)
Compressing objects: 39% (9/23)
Compressing objects: 43% (10/23)
Compressing objects: 47% (11/23)
Compressing objects: 52% (12/23)
Compressing objects: 56% (13/23)
Compressing objects: 60% (14/23)
Compressing objects: 65% (15/23)
Compressing objects: 69% (16/23)
Compressing objects: 73% (17/23)
Compressing objects: 78% (18/23)
Compressing objects: 82% (19/23)
Compressing objects: 86% (20/23)
Compressing objects: 91% (21/23)
Compressing objects: 95% (22/23)
Compressing objects: 100% (23/23)
Compressing objects: 100% (23/23), done.
Writing objects: 0% (1/132)
Writing objects: 1% (2/132)
Writing objects: 2% (3/132)
Writing objects: 3% (4/132)
Writing objects: 4% (6/132)
Writing objects: 5% (7/132)
Writing objects: 6% (8/132)
Writing objects: 7% (10/132)
Writing objects: 8% (11/132)
Writing objects: 9% (12/132)
Writing objects: 10% (14/132)
Writing objects: 11% (15/132)
Writing objects: 12% (16/132)
Writing objects: 13% (18/132)
Writing objects: 14% (19/132)
Writing objects: 15% (20/132)
Writing objects: 16% (22/132)
Writing objects: 17% (23/132)
Writing objects: 18% (24/132)
Writing objects: 19% (26/132)
Writing objects: 20% (27/132)
Writing objects: 21% (28/132)
Writing objects: 22% (30/132)
Writing objects: 23% (31/132)
Writing objects: 24% (32/132)
Writing objects: 25% (33/132)
Writing objects: 26% (35/132)
Writing objects: 27% (36/132)
Writing objects: 28% (37/132)
Writing objects: 29% (39/132)
Writing objects: 30% (40/132)
Writing objects: 31% (41/132)
Writing objects: 32% (43/132)
Writing objects: 33% (44/132)
Writing objects: 34% (45/132)
Writing objects: 35% (47/132)
Writing objects: 36% (48/132)
Writing objects: 37% (49/132)
Writing objects: 38% (51/132)
Writing objects: 39% (52/132)
Writing objects: 40% (53/132)
Writing objects: 41% (55/132)
Writing objects: 42% (56/132)
Writing objects: 43% (57/132)
Writing objects: 44% (59/132)
Writing objects: 45% (60/132)
Writing objects: 46% (61/132)
Writing objects: 47% (63/132)
Writing objects: 48% (64/132)
Writing objects: 49% (65/132)
Writing objects: 50% (66/132)
Writing objects: 51% (68/132)
Writing objects: 52% (69/132)
Writing objects: 53% (70/132)
Writing objects: 54% (72/132)
Writing objects: 55% (73/132)
Writing objects: 56% (74/132)
Writing objects: 57% (76/132)
Writing objects: 58% (77/132)
Writing objects: 59% (78/132)
Writing objects: 60% (80/132)
Writing objects: 61% (81/132)
Writing objects: 62% (82/132)
Writing objects: 63% (84/132)
Writing objects: 64% (85/132)
Writing objects: 65% (86/132)
Writing objects: 66% (88/132)
Writing objects: 67% (89/132)
Writing objects: 68% (90/132)
Writing objects: 69% (92/132)
Writing objects: 70% (93/132)
Writing objects: 71% (94/132)
Writing objects: 72% (96/132)
Writing objects: 73% (97/132)
Writing objects: 74% (98/132)
Writing objects: 75% (99/132)
Writing objects: 76% (101/132)
Writing objects: 77% (102/132)
Writing objects: 78% (103/132)
Writing objects: 79% (105/132)
Writing objects: 80% (106/132)
Writing objects: 81% (107/132)
Writing objects: 82% (109/132)
Writing objects: 83% (110/132)
Writing objects: 84% (111/132)
Writing objects: 85% (113/132)
Writing objects: 86% (114/132)
Writing objects: 87% (115/132)
Writing objects: 88% (117/132)
Writing objects: 89% (118/132)
Writing objects: 90% (119/132)
Writing objects: 91% (121/132)
Writing objects: 92% (122/132)
Writing objects: 93% (123/132)
Writing objects: 94% (125/132)
Writing objects: 95% (126/132)
Writing objects: 96% (127/132)
Writing objects: 97% (129/132)
Writing objects: 98% (130/132)
Writing objects: 99% (131/132)
Writing objects: 100% (132/132)
Writing objects: 100% (132/132), 26.72 KiB, done.
Total 132 (delta 109), reused 132 (delta 109)
To xen@xenbits.xensource.com:git/linux-pvops.git
ab78f67..ce05b1d ce05b1d31e57b7de6b814073e88bdd403ce71229 -> tested/linux-3.0
+ exit 0
reply other threads:[~2012-07-20 16:29 UTC|newest]
Thread overview: [no followups] expand[flat|nested] mbox.gz Atom feed
Reply instructions:
You may reply publicly to this message via plain-text email
using any one of the following methods:
* Save the following mbox file, import it into your mail client,
and reply-to-all from there: mbox
Avoid top-posting and favor interleaved quoting:
https://en.wikipedia.org/wiki/Posting_style#Interleaved_style
* Reply using the --to, --cc, and --in-reply-to
switches of git-send-email(1):
git send-email \
--in-reply-to=osstest-13489-mainreport@xen.org \
--to=ian.jackson@eu.citrix.com \
--cc=xen-devel@lists.xensource.com \
/path/to/YOUR_REPLY
https://kernel.org/pub/software/scm/git/docs/git-send-email.html
* If your mail client supports setting the In-Reply-To header
via mailto: links, try the mailto: link
Be sure your reply has a Subject: header at the top and a blank line
before the message body.
This is a public inbox, see mirroring instructions
for how to clone and mirror all data and code used for this inbox;
as well as URLs for NNTP newsgroup(s).