xen-devel.lists.xenproject.org archive mirror
 help / color / mirror / Atom feed
From: xen.org <ian.jackson@eu.citrix.com>
To: xen-devel@lists.xensource.com
Cc: ian.jackson@eu.citrix.com
Subject: [xen-4.0-testing test] 13492: regressions - FAIL
Date: Sun, 22 Jul 2012 23:00:08 +0100	[thread overview]
Message-ID: <osstest-13492-mainreport@xen.org> (raw)

flight 13492 xen-4.0-testing real [real]
http://www.chiark.greenend.org.uk/~xensrcts/logs/13492/

Regressions :-(

Tests which did not succeed and are blocking,
including tests which could not be run:
 test-amd64-i386-rhel6hvm-intel  5 xen-boot                fail REGR. vs. 13453
 test-i386-i386-xl-win         5 xen-boot                  fail REGR. vs. 13453
 test-amd64-amd64-xl-win7-amd64  5 xen-boot                fail REGR. vs. 13453

Regressions which are regarded as allowable (not blocking):
 test-amd64-amd64-xl-sedf     14 guest-localmigrate/x10   fail blocked in 13453

Tests which did not succeed, but are not blocking:
 test-amd64-amd64-xl-pcipt-intel  8 debian-fixup                fail never pass
 test-amd64-i386-xl           15 guest-stop                   fail   never pass
 test-i386-i386-xl            15 guest-stop                   fail   never pass
 test-amd64-amd64-xl          15 guest-stop                   fail   never pass
 test-amd64-i386-xl-multivcpu 15 guest-stop                   fail   never pass
 test-amd64-i386-xl-credit2   15 guest-stop                   fail   never pass
 test-amd64-amd64-xl-sedf-pin 15 guest-stop                   fail   never pass
 test-amd64-i386-xl-win7-amd64  8 guest-saverestore            fail  never pass
 test-amd64-i386-rhel6hvm-amd  7 redhat-install               fail   never pass
 test-amd64-amd64-xl-qemuu-win7-amd64  8 guest-saverestore      fail never pass
 test-amd64-i386-win          16 leak-check/check             fail   never pass
 test-amd64-i386-win-vcpus1   16 leak-check/check             fail   never pass
 test-amd64-i386-qemuu-rhel6hvm-intel  7 redhat-install         fail never pass
 test-amd64-i386-qemuu-rhel6hvm-amd  7 redhat-install           fail never pass
 test-i386-i386-win           16 leak-check/check             fail   never pass
 test-amd64-amd64-win         16 leak-check/check             fail   never pass
 test-amd64-i386-xend-winxpsp3 16 leak-check/check             fail  never pass
 test-amd64-amd64-xl-winxpsp3  7 windows-install              fail   never pass
 test-i386-i386-xl-qemuu-winxpsp3  7 windows-install            fail never pass
 test-i386-i386-xl-winxpsp3    7 windows-install              fail   never pass
 test-amd64-i386-xl-winxpsp3-vcpus1  7 windows-install          fail never pass
 test-amd64-amd64-xl-qemuu-winxpsp3  7 windows-install          fail never pass
 test-amd64-amd64-xl-win       7 windows-install              fail   never pass
 test-amd64-i386-xl-win-vcpus1  7 windows-install              fail  never pass

version targeted for testing:
 xen                  a25160773a38
baseline version:
 xen                  30c9bcaec782

------------------------------------------------------------
People who touched revisions under test:
  Andrew Cooper <andrew.cooper3@citrix.com>
  Keir Fraser <keir@xen.org>
------------------------------------------------------------

jobs:
 build-amd64                                                  pass    
 build-i386                                                   pass    
 build-amd64-oldkern                                          pass    
 build-i386-oldkern                                           pass    
 build-amd64-pvops                                            pass    
 build-i386-pvops                                             pass    
 test-amd64-amd64-xl                                          fail    
 test-amd64-i386-xl                                           fail    
 test-i386-i386-xl                                            fail    
 test-amd64-i386-rhel6hvm-amd                                 fail    
 test-amd64-i386-qemuu-rhel6hvm-amd                           fail    
 test-amd64-amd64-xl-qemuu-win7-amd64                         fail    
 test-amd64-amd64-xl-win7-amd64                               fail    
 test-amd64-i386-xl-win7-amd64                                fail    
 test-amd64-i386-xl-credit2                                   fail    
 test-amd64-amd64-xl-pcipt-intel                              fail    
 test-amd64-i386-rhel6hvm-intel                               fail    
 test-amd64-i386-qemuu-rhel6hvm-intel                         fail    
 test-amd64-i386-xl-multivcpu                                 fail    
 test-amd64-amd64-pair                                        pass    
 test-amd64-i386-pair                                         pass    
 test-i386-i386-pair                                          pass    
 test-amd64-amd64-xl-sedf-pin                                 fail    
 test-amd64-amd64-pv                                          pass    
 test-amd64-i386-pv                                           pass    
 test-i386-i386-pv                                            pass    
 test-amd64-amd64-xl-sedf                                     fail    
 test-amd64-i386-win-vcpus1                                   fail    
 test-amd64-i386-xl-win-vcpus1                                fail    
 test-amd64-i386-xl-winxpsp3-vcpus1                           fail    
 test-amd64-amd64-win                                         fail    
 test-amd64-i386-win                                          fail    
 test-i386-i386-win                                           fail    
 test-amd64-amd64-xl-win                                      fail    
 test-i386-i386-xl-win                                        fail    
 test-amd64-amd64-xl-qemuu-winxpsp3                           fail    
 test-i386-i386-xl-qemuu-winxpsp3                             fail    
 test-amd64-i386-xend-winxpsp3                                fail    
 test-amd64-amd64-xl-winxpsp3                                 fail    
 test-i386-i386-xl-winxpsp3                                   fail    


------------------------------------------------------------
sg-report-flight on woking.cam.xci-test.com
logs: /home/xc_osstest/logs
images: /home/xc_osstest/images

Logs, config files, etc. are available at
    http://www.chiark.greenend.org.uk/~xensrcts/logs

Test harness code can be found at
    http://xenbits.xensource.com/gitweb?p=osstest.git;a=summary


Not pushing.

------------------------------------------------------------
changeset:   21603:a25160773a38
tag:         tip
user:        Keir Fraser <keir@xen.org>
date:        Sun Jul 22 16:39:40 2012 +0100
    
    Added signature for changeset 9af8521e0411
    
    
changeset:   21602:f072ee634da9
user:        Keir Fraser <keir@xen.org>
date:        Sun Jul 22 16:39:32 2012 +0100
    
    Added tag 4.0.4-rc3 for changeset 9af8521e0411
    
    
changeset:   21601:9af8521e0411
tag:         4.0.4-rc3
user:        Keir Fraser <keir@xen.org>
date:        Sun Jul 22 16:39:29 2012 +0100
    
    Update Xen version to 4.0.4-rc3
    
    
changeset:   21600:30c9bcaec782
user:        Andrew Cooper <andrew.cooper3@citrix.com>
date:        Tue Jul 03 13:51:14 2012 +0100
    
    xen: Fix off-by-one error when parsing command line arguments
    
    As Xen currently stands, it will attempt to interpret the first few
    bytes of the initcall section as a struct kernel_param.
    
    The reason that this not caused problems is because in the overflow
    case, param->name is actually a function pointer to the first
    initcall, and intepreting it as string is very unlikely to match an
    ASCII command line parameter name.
    
    Signed-off-by: Andrew Cooper <andrew.cooper3@citrix.com>
    Committed-by: Keir Fraser <keir@xen.org>
    xen-unstable changeset:   25587:2cffb7bf6e57
    xen-unstable date:        Tue Jul 03 13:38:19 2012 +0100
    
    
(qemu changes not included)

                 reply	other threads:[~2012-07-22 22:00 UTC|newest]

Thread overview: [no followups] expand[flat|nested]  mbox.gz  Atom feed

Reply instructions:

You may reply publicly to this message via plain-text email
using any one of the following methods:

* Save the following mbox file, import it into your mail client,
  and reply-to-all from there: mbox

  Avoid top-posting and favor interleaved quoting:
  https://en.wikipedia.org/wiki/Posting_style#Interleaved_style

* Reply using the --to, --cc, and --in-reply-to
  switches of git-send-email(1):

  git send-email \
    --in-reply-to=osstest-13492-mainreport@xen.org \
    --to=ian.jackson@eu.citrix.com \
    --cc=xen-devel@lists.xensource.com \
    /path/to/YOUR_REPLY

  https://kernel.org/pub/software/scm/git/docs/git-send-email.html

* If your mail client supports setting the In-Reply-To header
  via mailto: links, try the mailto: link
Be sure your reply has a Subject: header at the top and a blank line before the message body.
This is a public inbox, see mirroring instructions
for how to clone and mirror all data and code used for this inbox;
as well as URLs for NNTP newsgroup(s).