* [xen-unstable test] 13573: regressions - FAIL
@ 2012-08-09 0:44 xen.org
0 siblings, 0 replies; only message in thread
From: xen.org @ 2012-08-09 0:44 UTC (permalink / raw)
To: xen-devel; +Cc: ian.jackson
flight 13573 xen-unstable real [real]
http://www.chiark.greenend.org.uk/~xensrcts/logs/13573/
Regressions :-(
Tests which did not succeed and are blocking,
including tests which could not be run:
test-i386-i386-xl-win 12 guest-localmigrate/x10 fail REGR. vs. 13572
Regressions which are regarded as allowable (not blocking):
test-amd64-amd64-xl-sedf-pin 10 guest-saverestore fail like 13572
test-amd64-amd64-xl-qemuu-winxpsp3 9 guest-localmigrate fail like 13572
test-i386-i386-xl-qemuu-winxpsp3 9 guest-localmigrate fail like 13572
test-amd64-amd64-xl-qemuu-win7-amd64 9 guest-localmigrate fail like 13572
Tests which did not succeed, but are not blocking:
test-amd64-amd64-xl-pcipt-intel 9 guest-start fail never pass
test-amd64-i386-xend-winxpsp3 16 leak-check/check fail never pass
test-amd64-amd64-win 16 leak-check/check fail never pass
test-amd64-i386-win-vcpus1 16 leak-check/check fail never pass
test-amd64-amd64-xl-winxpsp3 13 guest-stop fail never pass
test-i386-i386-xl-winxpsp3 13 guest-stop fail never pass
test-amd64-i386-xl-win7-amd64 13 guest-stop fail never pass
test-amd64-amd64-xl-win7-amd64 13 guest-stop fail never pass
test-amd64-i386-xl-winxpsp3-vcpus1 13 guest-stop fail never pass
test-amd64-i386-win 16 leak-check/check fail never pass
test-i386-i386-win 16 leak-check/check fail never pass
test-amd64-i386-xl-win-vcpus1 13 guest-stop fail never pass
test-amd64-amd64-xl-win 13 guest-stop fail never pass
version targeted for testing:
xen d25406e25af4
baseline version:
xen 472fc515a463
------------------------------------------------------------
People who touched revisions under test:
------------------------------------------------------------
jobs:
build-amd64 pass
build-i386 pass
build-amd64-oldkern pass
build-i386-oldkern pass
build-amd64-pvops pass
build-i386-pvops pass
test-amd64-amd64-xl pass
test-amd64-i386-xl pass
test-i386-i386-xl pass
test-amd64-i386-rhel6hvm-amd pass
test-amd64-i386-qemuu-rhel6hvm-amd pass
test-amd64-amd64-xl-qemuu-win7-amd64 fail
test-amd64-amd64-xl-win7-amd64 fail
test-amd64-i386-xl-win7-amd64 fail
test-amd64-i386-xl-credit2 pass
test-amd64-amd64-xl-pcipt-intel fail
test-amd64-i386-rhel6hvm-intel pass
test-amd64-i386-qemuu-rhel6hvm-intel pass
test-amd64-i386-xl-multivcpu pass
test-amd64-amd64-pair pass
test-amd64-i386-pair pass
test-i386-i386-pair pass
test-amd64-amd64-xl-sedf-pin fail
test-amd64-amd64-pv pass
test-amd64-i386-pv pass
test-i386-i386-pv pass
test-amd64-amd64-xl-sedf pass
test-amd64-i386-win-vcpus1 fail
test-amd64-i386-xl-win-vcpus1 fail
test-amd64-i386-xl-winxpsp3-vcpus1 fail
test-amd64-amd64-win fail
test-amd64-i386-win fail
test-i386-i386-win fail
test-amd64-amd64-xl-win fail
test-i386-i386-xl-win fail
test-amd64-amd64-xl-qemuu-winxpsp3 fail
test-i386-i386-xl-qemuu-winxpsp3 fail
test-amd64-i386-xend-winxpsp3 fail
test-amd64-amd64-xl-winxpsp3 fail
test-i386-i386-xl-winxpsp3 fail
------------------------------------------------------------
sg-report-flight on woking.cam.xci-test.com
logs: /home/xc_osstest/logs
images: /home/xc_osstest/images
Logs, config files, etc. are available at
http://www.chiark.greenend.org.uk/~xensrcts/logs
Test harness code can be found at
http://xenbits.xensource.com/gitweb?p=osstest.git;a=summary
Not pushing.
------------------------------------------------------------
changeset: 25743:d25406e25af4
tag: tip
user: Keir Fraser <keir@xen.org>
date: Wed Aug 08 18:02:57 2012 +0100
Update Xen version to 4.2.0-rc3-pre
changeset: 25742:24ac8a177376
user: Keir Fraser <keir@xen.org>
date: Wed Aug 08 18:02:35 2012 +0100
Added signature for changeset f4c47bcc01e1
changeset: 25741:9bb05a2360a8
user: Keir Fraser <keir@xen.org>
date: Wed Aug 08 18:02:27 2012 +0100
Added tag 4.2.0-rc2 for changeset f4c47bcc01e1
changeset: 25740:f4c47bcc01e1
tag: 4.2.0-rc2
user: Keir Fraser <keir@xen.org>
date: Wed Aug 08 18:02:21 2012 +0100
Update Xen version to 4.2.0-rc2
changeset: 25739:472fc515a463
user: Ian Jackson <Ian.Jackson@eu.citrix.com>
date: Tue Aug 07 18:37:31 2012 +0100
QEMU_TAG update
(qemu changes not included)
^ permalink raw reply [flat|nested] only message in thread
only message in thread, other threads:[~2012-08-09 0:44 UTC | newest]
Thread overview: (only message) (download: mbox.gz follow: Atom feed
-- links below jump to the message on this page --
2012-08-09 0:44 [xen-unstable test] 13573: regressions - FAIL xen.org
This is a public inbox, see mirroring instructions
for how to clone and mirror all data and code used for this inbox;
as well as URLs for NNTP newsgroup(s).