From mboxrd@z Thu Jan 1 00:00:00 1970 From: xen.org Subject: [xen-4.0-testing test] 13575: regressions - FAIL Date: Thu, 9 Aug 2012 19:19:22 +0100 Message-ID: Mime-Version: 1.0 Content-Type: text/plain; charset="us-ascii" Content-Transfer-Encoding: 7bit Return-path: List-Unsubscribe: , List-Post: List-Help: List-Subscribe: , Sender: xen-devel-bounces@lists.xen.org Errors-To: xen-devel-bounces@lists.xen.org To: xen-devel@lists.xensource.com Cc: ian.jackson@eu.citrix.com List-Id: xen-devel@lists.xenproject.org flight 13575 xen-4.0-testing real [real] http://www.chiark.greenend.org.uk/~xensrcts/logs/13575/ Regressions :-( Tests which did not succeed and are blocking, including tests which could not be run: build-i386 4 xen-build fail REGR. vs. 13528 build-i386-oldkern 4 xen-build fail REGR. vs. 13528 build-amd64-oldkern 4 xen-build fail REGR. vs. 13528 build-amd64 4 xen-build fail REGR. vs. 13528 Tests which did not succeed, but are not blocking: test-amd64-amd64-xl-pcipt-intel 1 xen-build-check(1) blocked n/a test-amd64-i386-xl 1 xen-build-check(1) blocked n/a test-i386-i386-xl 1 xen-build-check(1) blocked n/a test-amd64-i386-pv 1 xen-build-check(1) blocked n/a test-i386-i386-pv 1 xen-build-check(1) blocked n/a test-amd64-amd64-xl 1 xen-build-check(1) blocked n/a test-amd64-amd64-xl-sedf-pin 1 xen-build-check(1) blocked n/a test-amd64-amd64-xl-sedf 1 xen-build-check(1) blocked n/a test-amd64-i386-xl-multivcpu 1 xen-build-check(1) blocked n/a test-amd64-i386-xl-credit2 1 xen-build-check(1) blocked n/a test-amd64-amd64-pv 1 xen-build-check(1) blocked n/a test-amd64-amd64-xl-win7-amd64 1 xen-build-check(1) blocked n/a test-amd64-amd64-pair 1 xen-build-check(1) blocked n/a test-amd64-i386-pair 1 xen-build-check(1) blocked n/a test-i386-i386-pair 1 xen-build-check(1) blocked n/a test-amd64-amd64-xl-qemuu-win7-amd64 1 xen-build-check(1) blocked n/a test-amd64-i386-win 1 xen-build-check(1) blocked n/a test-amd64-i386-rhel6hvm-intel 1 xen-build-check(1) blocked n/a test-amd64-i386-rhel6hvm-amd 1 xen-build-check(1) blocked n/a test-amd64-i386-qemuu-rhel6hvm-amd 1 xen-build-check(1) blocked n/a test-amd64-i386-win-vcpus1 1 xen-build-check(1) blocked n/a test-amd64-i386-qemuu-rhel6hvm-intel 1 xen-build-check(1) blocked n/a test-i386-i386-win 1 xen-build-check(1) blocked n/a test-amd64-amd64-win 1 xen-build-check(1) blocked n/a test-amd64-i386-xend-winxpsp3 1 xen-build-check(1) blocked n/a test-i386-i386-xl-win 1 xen-build-check(1) blocked n/a test-i386-i386-xl-winxpsp3 1 xen-build-check(1) blocked n/a test-amd64-amd64-xl-winxpsp3 1 xen-build-check(1) blocked n/a test-i386-i386-xl-qemuu-winxpsp3 1 xen-build-check(1) blocked n/a test-amd64-i386-xl-win7-amd64 1 xen-build-check(1) blocked n/a test-amd64-i386-xl-win-vcpus1 1 xen-build-check(1) blocked n/a test-amd64-i386-xl-winxpsp3-vcpus1 1 xen-build-check(1) blocked n/a test-amd64-amd64-xl-qemuu-winxpsp3 1 xen-build-check(1) blocked n/a test-amd64-amd64-xl-win 1 xen-build-check(1) blocked n/a version targeted for testing: xen 228e6f382d5d baseline version: xen 6d7ae840463c ------------------------------------------------------------ People who touched revisions under test: David Vrabel Ian Campbell Ian Jackson Jan Beulich Joe Jin Keir Fraser Olaf Hering Tim Deegan ------------------------------------------------------------ jobs: build-amd64 fail build-i386 fail build-amd64-oldkern fail build-i386-oldkern fail build-amd64-pvops pass build-i386-pvops pass test-amd64-amd64-xl blocked test-amd64-i386-xl blocked test-i386-i386-xl blocked test-amd64-i386-rhel6hvm-amd blocked test-amd64-i386-qemuu-rhel6hvm-amd blocked test-amd64-amd64-xl-qemuu-win7-amd64 blocked test-amd64-amd64-xl-win7-amd64 blocked test-amd64-i386-xl-win7-amd64 blocked test-amd64-i386-xl-credit2 blocked test-amd64-amd64-xl-pcipt-intel blocked test-amd64-i386-rhel6hvm-intel blocked test-amd64-i386-qemuu-rhel6hvm-intel blocked test-amd64-i386-xl-multivcpu blocked test-amd64-amd64-pair blocked test-amd64-i386-pair blocked test-i386-i386-pair blocked test-amd64-amd64-xl-sedf-pin blocked test-amd64-amd64-pv blocked test-amd64-i386-pv blocked test-i386-i386-pv blocked test-amd64-amd64-xl-sedf blocked test-amd64-i386-win-vcpus1 blocked test-amd64-i386-xl-win-vcpus1 blocked test-amd64-i386-xl-winxpsp3-vcpus1 blocked test-amd64-amd64-win blocked test-amd64-i386-win blocked test-i386-i386-win blocked test-amd64-amd64-xl-win blocked test-i386-i386-xl-win blocked test-amd64-amd64-xl-qemuu-winxpsp3 blocked test-i386-i386-xl-qemuu-winxpsp3 blocked test-amd64-i386-xend-winxpsp3 blocked test-amd64-amd64-xl-winxpsp3 blocked test-i386-i386-xl-winxpsp3 blocked ------------------------------------------------------------ sg-report-flight on woking.cam.xci-test.com logs: /home/xc_osstest/logs images: /home/xc_osstest/images Logs, config files, etc. are available at http://www.chiark.greenend.org.uk/~xensrcts/logs Test harness code can be found at http://xenbits.xensource.com/gitweb?p=osstest.git;a=summary Not pushing. ------------------------------------------------------------ changeset: 21612:228e6f382d5d tag: tip user: Keir Fraser date: Thu Aug 09 16:48:19 2012 +0100 Added signature for changeset 8ea28053de39 changeset: 21611:abf8c57178aa user: Keir Fraser date: Thu Aug 09 16:47:49 2012 +0100 Added tag RELEASE-4.0.4 for changeset 8ea28053de39 changeset: 21610:8ea28053de39 tag: RELEASE-4.0.4 user: Keir Fraser date: Thu Aug 09 16:47:23 2012 +0100 Update Xen version to 4.0.4 changeset: 21609:2bd0027ba0d1 user: David Vrabel date: Thu Aug 09 16:45:12 2012 +0100 cpufreq: P state stats aren't available if there is no cpufreq driver If there is no cpufreq driver (e.g., with an AMD Opteron 8212) then reading the P state statistics causes a deadlock as an uninitialized spinlock is locked in do_get_pm_info(). The spinlock is initialized in cpufreq_statistic_init() which is not called if cpufreq_driver == NULL. Signed-off-by: David Vrabel Committed-by: Jan Beulich xen-unstable changeset: 25706:7fd5facb6084 xen-unstable date: Fri Aug 03 09:50:28 2012 +0200 changeset: 21608:a51c86b407d7 user: Ian Campbell date: Thu Aug 09 15:47:19 2012 +0100 xen: only check for shared pages while any exist on teardown Avoids worst case behavour when guest has a large p2m. This is XSA-11 / CVE-2012-3433 Signed-off-by: Tim Deegan Signed-off-by: Ian Campbell Tested-by: Olaf Hering Committed-by: Ian Jackson changeset: 21607:6d7ae840463c user: Jan Beulich date: Mon Jul 30 13:39:47 2012 +0100 x86: fix off-by-one in nr_irqs_gsi calculation highest_gsi() returns the last valid GSI, not a count. Signed-off-by: Jan Beulich Acked-by: Joe Jin Acked-by: Keir Fraser xen-unstable changeset: 25688:e6266fc76d08 xen-unstable date: Fri Jul 27 12:22:13 2012 +0200 (qemu changes not included)