* [linux-3.0 test] 13592: tolerable FAIL - PUSHED
@ 2012-08-10 19:20 xen.org
0 siblings, 0 replies; only message in thread
From: xen.org @ 2012-08-10 19:20 UTC (permalink / raw)
To: xen-devel; +Cc: ian.jackson
flight 13592 linux-3.0 real [real]
http://www.chiark.greenend.org.uk/~xensrcts/logs/13592/
Failures :-/ but no regressions.
Regressions which are regarded as allowable (not blocking):
test-amd64-amd64-xl-sedf 9 guest-start fail like 13537
test-amd64-amd64-xl-sedf-pin 10 guest-saverestore fail like 13537
test-amd64-amd64-xl-qemuu-win7-amd64 9 guest-localmigrate fail like 13537
test-amd64-amd64-xl-qemuu-winxpsp3 9 guest-localmigrate fail like 13537
test-i386-i386-xl-qemuu-winxpsp3 9 guest-localmigrate fail like 13537
Tests which did not succeed, but are not blocking:
test-amd64-amd64-xl-pcipt-intel 8 debian-fixup fail never pass
test-amd64-i386-xl-win-vcpus1 13 guest-stop fail never pass
test-amd64-i386-xl-win7-amd64 13 guest-stop fail never pass
test-i386-i386-xl-win 13 guest-stop fail never pass
test-amd64-amd64-win 16 leak-check/check fail never pass
test-amd64-i386-xl-winxpsp3-vcpus1 13 guest-stop fail never pass
test-amd64-i386-win-vcpus1 16 leak-check/check fail never pass
test-amd64-i386-xend-winxpsp3 16 leak-check/check fail never pass
test-amd64-i386-win 16 leak-check/check fail never pass
test-amd64-amd64-xl-win7-amd64 13 guest-stop fail never pass
test-i386-i386-win 16 leak-check/check fail never pass
test-i386-i386-xl-winxpsp3 13 guest-stop fail never pass
test-amd64-amd64-xl-win 13 guest-stop fail never pass
test-amd64-amd64-xl-winxpsp3 13 guest-stop fail never pass
version targeted for testing:
linux b09b34258046c4555e535a279e29032303a932f8
baseline version:
linux f351a1d7efda2edd52c23a150b07b8380c47b6c0
------------------------------------------------------------
People who touched revisions under test:
------------------------------------------------------------
jobs:
build-amd64 pass
build-i386 pass
build-amd64-pvops pass
build-i386-pvops pass
test-amd64-amd64-xl pass
test-amd64-i386-xl pass
test-i386-i386-xl pass
test-amd64-i386-rhel6hvm-amd pass
test-amd64-i386-qemuu-rhel6hvm-amd pass
test-amd64-amd64-xl-qemuu-win7-amd64 fail
test-amd64-amd64-xl-win7-amd64 fail
test-amd64-i386-xl-win7-amd64 fail
test-amd64-i386-xl-credit2 pass
test-amd64-amd64-xl-pcipt-intel fail
test-amd64-i386-rhel6hvm-intel pass
test-amd64-i386-qemuu-rhel6hvm-intel pass
test-amd64-i386-xl-multivcpu pass
test-amd64-amd64-pair pass
test-amd64-i386-pair pass
test-i386-i386-pair pass
test-amd64-amd64-xl-sedf-pin fail
test-amd64-amd64-pv pass
test-amd64-i386-pv pass
test-i386-i386-pv pass
test-amd64-amd64-xl-sedf fail
test-amd64-i386-win-vcpus1 fail
test-amd64-i386-xl-win-vcpus1 fail
test-amd64-i386-xl-winxpsp3-vcpus1 fail
test-amd64-amd64-win fail
test-amd64-i386-win fail
test-i386-i386-win fail
test-amd64-amd64-xl-win fail
test-i386-i386-xl-win fail
test-amd64-amd64-xl-qemuu-winxpsp3 fail
test-i386-i386-xl-qemuu-winxpsp3 fail
test-amd64-i386-xend-winxpsp3 fail
test-amd64-amd64-xl-winxpsp3 fail
test-i386-i386-xl-winxpsp3 fail
------------------------------------------------------------
sg-report-flight on woking.cam.xci-test.com
logs: /home/xc_osstest/logs
images: /home/xc_osstest/images
Logs, config files, etc. are available at
http://www.chiark.greenend.org.uk/~xensrcts/logs
Test harness code can be found at
http://xenbits.xensource.com/gitweb?p=osstest.git;a=summary
Pushing revision :
+ branch=linux-3.0
+ revision=b09b34258046c4555e535a279e29032303a932f8
+ . cri-lock-repos
++ . cri-common
+++ umask 002
+++ getconfig Repos
+++ perl -e '
use Osstest;
readconfigonly();
print $c{Repos} or die $!;
'
++ repos=/export/home/osstest/repos
++ repos_lock=/export/home/osstest/repos/lock
++ '[' x '!=' x/export/home/osstest/repos/lock ']'
++ OSSTEST_REPOS_LOCK_LOCKED=/export/home/osstest/repos/lock
++ exec with-lock-ex -w /export/home/osstest/repos/lock ./ap-push linux-3.0 b09b34258046c4555e535a279e29032303a932f8
+ branch=linux-3.0
+ revision=b09b34258046c4555e535a279e29032303a932f8
+ . cri-lock-repos
++ . cri-common
+++ umask 002
+++ getconfig Repos
+++ perl -e '
use Osstest;
readconfigonly();
print $c{Repos} or die $!;
'
++ repos=/export/home/osstest/repos
++ repos_lock=/export/home/osstest/repos/lock
++ '[' x/export/home/osstest/repos/lock '!=' x/export/home/osstest/repos/lock ']'
+ . cri-common
++ umask 002
+ select_xenbranch
+ case "$branch" in
+ tree=linux
+ xenbranch=xen-unstable
+ '[' xlinux = xlinux ']'
+ linuxbranch=linux-3.0
+ : master
+ : tested/2.6.39.x
+ . ap-common
++ : xen@xenbits.xensource.com
++ : http://xenbits.xen.org/staging/xen-unstable.hg
++ : git://xenbits.xen.org/staging/qemu-xen-unstable.git
++ : git://git.kernel.org
++ : git://git.kernel.org/pub/scm/linux/kernel/git
++ : git
++ : git://git.kernel.org/pub/scm/linux/kernel/git/stable/linux-stable.git
++ : master
++ : xen@xenbits.xensource.com:git/linux-pvops.git
++ : git://xenbits.xen.org/linux-pvops.git
++ : master
++ : git://git.kernel.org/pub/scm/linux/kernel/git/konrad/xen.git
++ : tested/2.6.39.x
++ : daily-cron.linux-3.0
++ : http://hg.uk.xensource.com/carbon/trunk/linux-2.6.27
++ : git://xenbits.xen.org/staging/qemu-upstream-unstable.git
++ : daily-cron.linux-3.0
+ TREE_LINUX=xen@xenbits.xensource.com:git/linux-pvops.git
+ TREE_QEMU_UPSTREAM=xen@xenbits.xensource.com:git/qemu-upstream-unstable.git
+ info_linux_tree linux-3.0
+ case $1 in
+ : git://git.kernel.org/pub/scm/linux/kernel/git/stable/linux-stable.git
+ : linux-3.0.y
+ : linux-3.0.y
+ : git
+ : git
+ : git://xenbits.xen.org/linux-pvops.git
+ : xen@xenbits.xensource.com:git/linux-pvops.git
+ : tested/linux-3.0
+ : tested/linux-3.0
+ return 0
+ cd /export/home/osstest/repos/linux
+ git push xen@xenbits.xensource.com:git/linux-pvops.git b09b34258046c4555e535a279e29032303a932f8:tested/linux-3.0
Counting objects: 1
Counting objects: 388
Counting objects: 400, done.
Compressing objects: 1% (1/55)
Compressing objects: 3% (2/55)
Compressing objects: 5% (3/55)
Compressing objects: 7% (4/55)
Compressing objects: 9% (5/55)
Compressing objects: 10% (6/55)
Compressing objects: 12% (7/55)
Compressing objects: 14% (8/55)
Compressing objects: 16% (9/55)
Compressing objects: 18% (10/55)
Compressing objects: 20% (11/55)
Compressing objects: 21% (12/55)
Compressing objects: 23% (13/55)
Compressing objects: 25% (14/55)
Compressing objects: 27% (15/55)
Compressing objects: 29% (16/55)
Compressing objects: 30% (17/55)
Compressing objects: 32% (18/55)
Compressing objects: 34% (19/55)
Compressing objects: 36% (20/55)
Compressing objects: 38% (21/55)
Compressing objects: 40% (22/55)
Compressing objects: 41% (23/55)
Compressing objects: 43% (24/55)
Compressing objects: 45% (25/55)
Compressing objects: 47% (26/55)
Compressing objects: 49% (27/55)
Compressing objects: 50% (28/55)
Compressing objects: 52% (29/55)
Compressing objects: 54% (30/55)
Compressing objects: 56% (31/55)
Compressing objects: 58% (32/55)
Compressing objects: 60% (33/55)
Compressing objects: 61% (34/55)
Compressing objects: 63% (35/55)
Compressing objects: 65% (36/55)
Compressing objects: 67% (37/55)
Compressing objects: 69% (38/55)
Compressing objects: 70% (39/55)
Compressing objects: 72% (40/55)
Compressing objects: 74% (41/55)
Compressing objects: 76% (42/55)
Compressing objects: 78% (43/55)
Compressing objects: 80% (44/55)
Compressing objects: 81% (45/55)
Compressing objects: 83% (46/55)
Compressing objects: 85% (47/55)
Compressing objects: 87% (48/55)
Compressing objects: 89% (49/55)
Compressing objects: 90% (50/55)
Compressing objects: 92% (51/55)
Compressing objects: 94% (52/55)
Compressing objects: 96% (53/55)
Compressing objects: 98% (54/55)
Compressing objects: 100% (55/55)
Compressing objects: 100% (55/55), done.
Writing objects: 0% (1/288)
Writing objects: 1% (3/288)
Writing objects: 2% (6/288)
Writing objects: 3% (9/288)
Writing objects: 4% (12/288)
Writing objects: 5% (15/288)
Writing objects: 6% (18/288)
Writing objects: 7% (21/288)
Writing objects: 8% (24/288)
Writing objects: 9% (26/288)
Writing objects: 10% (29/288)
Writing objects: 11% (32/288)
Writing objects: 12% (35/288)
Writing objects: 13% (38/288)
Writing objects: 14% (41/288)
Writing objects: 15% (44/288)
Writing objects: 16% (47/288)
Writing objects: 17% (49/288)
Writing objects: 18% (52/288)
Writing objects: 19% (55/288)
Writing objects: 20% (58/288)
Writing objects: 21% (61/288)
Writing objects: 22% (64/288)
Writing objects: 23% (67/288)
Writing objects: 24% (70/288)
Writing objects: 25% (72/288)
Writing objects: 26% (75/288)
Writing objects: 27% (78/288)
Writing objects: 28% (81/288)
Writing objects: 29% (84/288)
Writing objects: 30% (87/288)
Writing objects: 31% (90/288)
Writing objects: 32% (93/288)
Writing objects: 33% (96/288)
Writing objects: 34% (98/288)
Writing objects: 35% (101/288)
Writing objects: 36% (104/288)
Writing objects: 37% (107/288)
Writing objects: 38% (110/288)
Writing objects: 39% (113/288)
Writing objects: 40% (116/288)
Writing objects: 41% (119/288)
Writing objects: 42% (121/288)
Writing objects: 43% (124/288)
Writing objects: 44% (127/288)
Writing objects: 45% (130/288)
Writing objects: 46% (133/288)
Writing objects: 47% (136/288)
Writing objects: 48% (139/288)
Writing objects: 49% (142/288)
Writing objects: 50% (144/288)
Writing objects: 51% (147/288)
Writing objects: 52% (150/288)
Writing objects: 53% (153/288)
Writing objects: 54% (156/288)
Writing objects: 55% (159/288)
Writing objects: 56% (162/288)
Writing objects: 57% (165/288)
Writing objects: 58% (168/288)
Writing objects: 59% (170/288)
Writing objects: 60% (173/288)
Writing objects: 61% (176/288)
Writing objects: 62% (179/288)
Writing objects: 63% (182/288)
Writing objects: 64% (185/288)
Writing objects: 65% (188/288)
Writing objects: 66% (191/288)
Writing objects: 67% (193/288)
Writing objects: 68% (196/288)
Writing objects: 69% (199/288)
Writing objects: 70% (202/288)
Writing objects: 71% (205/288)
Writing objects: 72% (208/288)
Writing objects: 73% (211/288)
Writing objects: 74% (214/288)
Writing objects: 75% (216/288)
Writing objects: 76% (219/288)
Writing objects: 77% (222/288)
Writing objects: 78% (225/288)
Writing objects: 79% (228/288)
Writing objects: 80% (231/288)
Writing objects: 81% (234/288)
Writing objects: 82% (237/288)
Writing objects: 83% (240/288)
Writing objects: 84% (242/288)
Writing objects: 85% (245/288)
Writing objects: 86% (248/288)
Writing objects: 87% (251/288)
Writing objects: 88% (254/288)
Writing objects: 89% (257/288)
Writing objects: 90% (260/288)
Writing objects: 91% (263/288)
Writing objects: 92% (265/288)
Writing objects: 93% (268/288)
Writing objects: 94% (271/288)
Writing objects: 95% (274/288)
Writing objects: 96% (277/288)
Writing objects: 97% (280/288)
Writing objects: 98% (283/288)
Writing objects: 99% (286/288)
Writing objects: 100% (288/288)
Writing objects: 100% (288/288), 50.80 KiB, done.
Total 288 (delta 230), reused 288 (delta 230)
To xen@xenbits.xensource.com:git/linux-pvops.git
f351a1d..b09b342 b09b34258046c4555e535a279e29032303a932f8 -> tested/linux-3.0
+ exit 0
^ permalink raw reply [flat|nested] only message in thread
only message in thread, other threads:[~2012-08-10 19:20 UTC | newest]
Thread overview: (only message) (download: mbox.gz follow: Atom feed
-- links below jump to the message on this page --
2012-08-10 19:20 [linux-3.0 test] 13592: tolerable FAIL - PUSHED xen.org
This is a public inbox, see mirroring instructions
for how to clone and mirror all data and code used for this inbox;
as well as URLs for NNTP newsgroup(s).