xen-devel.lists.xenproject.org archive mirror
 help / color / mirror / Atom feed
From: xen.org <ian.jackson@eu.citrix.com>
To: xen-devel@lists.xensource.com
Cc: ian.jackson@eu.citrix.com
Subject: [xen-unstable test] 13602: regressions - FAIL
Date: Wed, 15 Aug 2012 08:17:02 +0100	[thread overview]
Message-ID: <osstest-13602-mainreport@xen.org> (raw)

flight 13602 xen-unstable real [real]
http://www.chiark.greenend.org.uk/~xensrcts/logs/13602/

Regressions :-(

Tests which did not succeed and are blocking,
including tests which could not be run:
 test-amd64-amd64-pair         6 xen-install/dst_host      fail REGR. vs. 13600
 test-amd64-amd64-pair         5 xen-install/src_host      fail REGR. vs. 13600

Tests which are failing intermittently (not blocking):
 test-amd64-amd64-xl           4 xen-install                 fail pass in 13601
 test-amd64-amd64-xl-winxpsp3  3 host-install(3)  broken in 13601 pass in 13602
 test-amd64-amd64-xl-pcipt-intel 3 host-install(3) broken in 13601 pass in 13602
 test-amd64-i386-pair        6 xen-install/dst_host fail in 13601 pass in 13602
 test-amd64-i386-pair        5 xen-install/src_host fail in 13601 pass in 13602
 test-amd64-amd64-pair 3 host-install/src_host(3) broken in 13601 pass in 13602
 test-amd64-amd64-pair 4 host-install/dst_host(4) broken in 13601 pass in 13602

Regressions which are regarded as allowable (not blocking):
 test-amd64-amd64-xl-qemuu-winxpsp3  9 guest-localmigrate       fail like 13600
 test-i386-i386-xl-qemuu-winxpsp3  9 guest-localmigrate         fail like 13600
 test-amd64-amd64-xl-sedf-pin 10 guest-saverestore            fail   like 13600
 test-amd64-amd64-xl-qemuu-win7-amd64  9 guest-localmigrate     fail like 13600

Tests which did not succeed, but are not blocking:
 test-amd64-i386-win          16 leak-check/check             fail   never pass
 test-amd64-i386-xend-winxpsp3 16 leak-check/check             fail  never pass
 test-amd64-i386-win-vcpus1   16 leak-check/check             fail   never pass
 test-i386-i386-xl-winxpsp3   13 guest-stop                   fail   never pass
 test-amd64-i386-xl-win7-amd64 13 guest-stop                   fail  never pass
 test-amd64-amd64-xl-win7-amd64 13 guest-stop                   fail never pass
 test-amd64-i386-xl-winxpsp3-vcpus1 13 guest-stop               fail never pass
 test-amd64-amd64-xl-winxpsp3 13 guest-stop                   fail   never pass
 test-amd64-amd64-xl-pcipt-intel  9 guest-start                 fail never pass
 test-i386-i386-win           16 leak-check/check             fail   never pass
 test-amd64-amd64-win         16 leak-check/check             fail   never pass
 test-i386-i386-xl-win        13 guest-stop                   fail   never pass
 test-amd64-i386-xl-win-vcpus1 13 guest-stop                   fail  never pass
 test-amd64-amd64-xl-win      13 guest-stop                   fail   never pass

version targeted for testing:
 xen                  af7143d97fa2
baseline version:
 xen                  dc56a9defa30

------------------------------------------------------------
People who touched revisions under test:
  Andres Lagar-Cavilla <andres@lagarcavilla.org>
  George Dunlap <george.dunlap@eu.citrix.com>
  Jan Beulich <jbeulich@suse.com>
------------------------------------------------------------

jobs:
 build-amd64                                                  pass    
 build-i386                                                   pass    
 build-amd64-oldkern                                          pass    
 build-i386-oldkern                                           pass    
 build-amd64-pvops                                            pass    
 build-i386-pvops                                             pass    
 test-amd64-amd64-xl                                          fail    
 test-amd64-i386-xl                                           pass    
 test-i386-i386-xl                                            pass    
 test-amd64-i386-rhel6hvm-amd                                 pass    
 test-amd64-i386-qemuu-rhel6hvm-amd                           pass    
 test-amd64-amd64-xl-qemuu-win7-amd64                         fail    
 test-amd64-amd64-xl-win7-amd64                               fail    
 test-amd64-i386-xl-win7-amd64                                fail    
 test-amd64-i386-xl-credit2                                   pass    
 test-amd64-amd64-xl-pcipt-intel                              fail    
 test-amd64-i386-rhel6hvm-intel                               pass    
 test-amd64-i386-qemuu-rhel6hvm-intel                         pass    
 test-amd64-i386-xl-multivcpu                                 pass    
 test-amd64-amd64-pair                                        fail    
 test-amd64-i386-pair                                         pass    
 test-i386-i386-pair                                          pass    
 test-amd64-amd64-xl-sedf-pin                                 fail    
 test-amd64-amd64-pv                                          pass    
 test-amd64-i386-pv                                           pass    
 test-i386-i386-pv                                            pass    
 test-amd64-amd64-xl-sedf                                     pass    
 test-amd64-i386-win-vcpus1                                   fail    
 test-amd64-i386-xl-win-vcpus1                                fail    
 test-amd64-i386-xl-winxpsp3-vcpus1                           fail    
 test-amd64-amd64-win                                         fail    
 test-amd64-i386-win                                          fail    
 test-i386-i386-win                                           fail    
 test-amd64-amd64-xl-win                                      fail    
 test-i386-i386-xl-win                                        fail    
 test-amd64-amd64-xl-qemuu-winxpsp3                           fail    
 test-i386-i386-xl-qemuu-winxpsp3                             fail    
 test-amd64-i386-xend-winxpsp3                                fail    
 test-amd64-amd64-xl-winxpsp3                                 fail    
 test-i386-i386-xl-winxpsp3                                   fail    


------------------------------------------------------------
sg-report-flight on woking.cam.xci-test.com
logs: /home/xc_osstest/logs
images: /home/xc_osstest/images

Logs, config files, etc. are available at
    http://www.chiark.greenend.org.uk/~xensrcts/logs

Test harness code can be found at
    http://xenbits.xensource.com/gitweb?p=osstest.git;a=summary


Not pushing.

------------------------------------------------------------
changeset:   25750:af7143d97fa2
tag:         tip
user:        Ian Jackson <Ian.Jackson@eu.citrix.com>
date:        Tue Aug 14 15:59:38 2012 +0100
    
    QEMU_TAG update
    
    
changeset:   25749:dc56a9defa30
user:        Jan Beulich <jbeulich@suse.com>
date:        Tue Aug 14 10:28:14 2012 +0200
    
    x86/PoD: fix (un)locking after 24772:28edc2b31a9b
    
    That c/s introduced a double unlock on the out-of-memory error path of
    p2m_pod_demand_populate().
    
    Signed-off-by: Jan Beulich <jbeulich@suse.com>
    Acked-by: George Dunlap <george.dunlap@eu.citrix.com>
    Acked-by: Andres Lagar-Cavilla <andres@lagarcavilla.org>
    
    
(qemu changes not included)

                 reply	other threads:[~2012-08-15  7:17 UTC|newest]

Thread overview: [no followups] expand[flat|nested]  mbox.gz  Atom feed

Reply instructions:

You may reply publicly to this message via plain-text email
using any one of the following methods:

* Save the following mbox file, import it into your mail client,
  and reply-to-all from there: mbox

  Avoid top-posting and favor interleaved quoting:
  https://en.wikipedia.org/wiki/Posting_style#Interleaved_style

* Reply using the --to, --cc, and --in-reply-to
  switches of git-send-email(1):

  git send-email \
    --in-reply-to=osstest-13602-mainreport@xen.org \
    --to=ian.jackson@eu.citrix.com \
    --cc=xen-devel@lists.xensource.com \
    /path/to/YOUR_REPLY

  https://kernel.org/pub/software/scm/git/docs/git-send-email.html

* If your mail client supports setting the In-Reply-To header
  via mailto: links, try the mailto: link
Be sure your reply has a Subject: header at the top and a blank line before the message body.
This is a public inbox, see mirroring instructions
for how to clone and mirror all data and code used for this inbox;
as well as URLs for NNTP newsgroup(s).