* [xen-unstable test] 13623: trouble: broken/fail/pass
@ 2012-08-23 22:10 xen.org
0 siblings, 0 replies; only message in thread
From: xen.org @ 2012-08-23 22:10 UTC (permalink / raw)
To: xen-devel; +Cc: ian.jackson
flight 13623 xen-unstable real [real]
http://www.chiark.greenend.org.uk/~xensrcts/logs/13623/
Failures and problems with tests :-(
Tests which did not succeed and are blocking,
including tests which could not be run:
test-i386-i386-pv 3 host-install(3) broken REGR. vs. 13622
Regressions which are regarded as allowable (not blocking):
test-i386-i386-xl-qemuu-winxpsp3 9 guest-localmigrate fail like 13622
test-amd64-amd64-xl-qemuu-winxpsp3 9 guest-localmigrate fail like 13622
test-amd64-amd64-xl-sedf-pin 10 guest-saverestore fail like 13622
test-amd64-amd64-xl-qemuu-win7-amd64 9 guest-localmigrate fail like 13622
Tests which did not succeed, but are not blocking:
test-amd64-i386-xend-winxpsp3 16 leak-check/check fail never pass
test-amd64-i386-xl-win-vcpus1 13 guest-stop fail never pass
test-amd64-i386-win 16 leak-check/check fail never pass
test-amd64-i386-win-vcpus1 16 leak-check/check fail never pass
test-i386-i386-xl-winxpsp3 13 guest-stop fail never pass
test-amd64-i386-xl-winxpsp3-vcpus1 13 guest-stop fail never pass
test-amd64-amd64-xl-win7-amd64 13 guest-stop fail never pass
test-amd64-amd64-xl-winxpsp3 13 guest-stop fail never pass
test-amd64-amd64-xl-pcipt-intel 9 guest-start fail never pass
test-i386-i386-win 16 leak-check/check fail never pass
test-amd64-amd64-win 16 leak-check/check fail never pass
test-i386-i386-xl-win 13 guest-stop fail never pass
test-amd64-i386-xl-win7-amd64 13 guest-stop fail never pass
test-amd64-amd64-xl-win 13 guest-stop fail never pass
version targeted for testing:
xen c29ffdfae39b
baseline version:
xen b02ac80ff689
------------------------------------------------------------
People who touched revisions under test:
Keir Fraser <keir@xen.org>
Santosh Jodh <santosh.jodh@citrix.com>
------------------------------------------------------------
jobs:
build-amd64 pass
build-i386 pass
build-amd64-oldkern pass
build-i386-oldkern pass
build-amd64-pvops pass
build-i386-pvops pass
test-amd64-amd64-xl pass
test-amd64-i386-xl pass
test-i386-i386-xl pass
test-amd64-i386-rhel6hvm-amd pass
test-amd64-i386-qemuu-rhel6hvm-amd pass
test-amd64-amd64-xl-qemuu-win7-amd64 fail
test-amd64-amd64-xl-win7-amd64 fail
test-amd64-i386-xl-win7-amd64 fail
test-amd64-i386-xl-credit2 pass
test-amd64-amd64-xl-pcipt-intel fail
test-amd64-i386-rhel6hvm-intel pass
test-amd64-i386-qemuu-rhel6hvm-intel pass
test-amd64-i386-xl-multivcpu pass
test-amd64-amd64-pair pass
test-amd64-i386-pair pass
test-i386-i386-pair pass
test-amd64-amd64-xl-sedf-pin fail
test-amd64-amd64-pv pass
test-amd64-i386-pv pass
test-i386-i386-pv broken
test-amd64-amd64-xl-sedf pass
test-amd64-i386-win-vcpus1 fail
test-amd64-i386-xl-win-vcpus1 fail
test-amd64-i386-xl-winxpsp3-vcpus1 fail
test-amd64-amd64-win fail
test-amd64-i386-win fail
test-i386-i386-win fail
test-amd64-amd64-xl-win fail
test-i386-i386-xl-win fail
test-amd64-amd64-xl-qemuu-winxpsp3 fail
test-i386-i386-xl-qemuu-winxpsp3 fail
test-amd64-i386-xend-winxpsp3 fail
test-amd64-amd64-xl-winxpsp3 fail
test-i386-i386-xl-winxpsp3 fail
------------------------------------------------------------
sg-report-flight on woking.cam.xci-test.com
logs: /home/xc_osstest/logs
images: /home/xc_osstest/images
Logs, config files, etc. are available at
http://www.chiark.greenend.org.uk/~xensrcts/logs
Test harness code can be found at
http://xenbits.xensource.com/gitweb?p=osstest.git;a=summary
Not pushing.
------------------------------------------------------------
changeset: 25777:c29ffdfae39b
tag: tip
user: Keir Fraser <keir@xen.org>
date: Thu Aug 23 15:06:11 2012 +0100
Update Xen version to 4.2.0-rc4-pre
changeset: 25776:5c1f69f28a34
user: Keir Fraser <keir@xen.org>
date: Thu Aug 23 15:05:48 2012 +0100
Added signature for changeset d44f290e81df
changeset: 25775:d33db851e697
user: Keir Fraser <keir@xen.org>
date: Thu Aug 23 15:05:36 2012 +0100
Added tag 4.2.0-rc3 for changeset d44f290e81df
changeset: 25774:d44f290e81df
tag: 4.2.0-rc3
user: Keir Fraser <keir@xen.org>
date: Thu Aug 23 15:05:30 2012 +0100
Update Xen version to 4.2.0-rc3
changeset: 25773:b7e66cabb70f
user: Keir Fraser <keir@xen.org>
date: Thu Aug 23 15:02:04 2012 +0100
x86,cmdline: Fix setting skip_realmode boolean on no-real-mode and tboot options
...effect should be cumulative.
Signed-off-by: Keir Fraser <keir@xen.org>
changeset: 25772:b02ac80ff689
user: Santosh Jodh <santosh.jodh@citrix.com>
date: Wed Aug 22 22:29:06 2012 +0100
Dump IOMMU p2m table
New key handler 'o' to dump the IOMMU p2m table for each domain.
Skips dumping table for domain 0.
Intel and AMD specific iommu_ops handler for dumping p2m table.
Incorporated feedback from Jan Beulich and Wei Wang.
Fixed indent printing with %*s.
Removed superflous superpage and other attribute prints.
Make next_level use consistent for AMD IOMMU dumps. Warn if found
inconsistent.
AMD IOMMU does not skip levels. Handle 2mb and 1gb IOMMU page size for
AMD.
Signed-off-by: Santosh Jodh <santosh.jodh@citrix.com>
Committed-by: Keir Fraser <keir@xen.org>
(qemu changes not included)
^ permalink raw reply [flat|nested] only message in thread
only message in thread, other threads:[~2012-08-23 22:10 UTC | newest]
Thread overview: (only message) (download: mbox.gz follow: Atom feed
-- links below jump to the message on this page --
2012-08-23 22:10 [xen-unstable test] 13623: trouble: broken/fail/pass xen.org
This is a public inbox, see mirroring instructions
for how to clone and mirror all data and code used for this inbox;
as well as URLs for NNTP newsgroup(s).