* [linux-3.0 test] 13634: regressions - FAIL
@ 2012-08-28 17:26 xen.org
0 siblings, 0 replies; only message in thread
From: xen.org @ 2012-08-28 17:26 UTC (permalink / raw)
To: xen-devel; +Cc: ian.jackson
flight 13634 linux-3.0 real [real]
http://www.chiark.greenend.org.uk/~xensrcts/logs/13634/
Regressions :-(
Tests which did not succeed and are blocking,
including tests which could not be run:
test-amd64-i386-xl-credit2 14 guest-localmigrate/x10 fail REGR. vs. 13608
Regressions which are regarded as allowable (not blocking):
test-amd64-amd64-xl-sedf 9 guest-start fail like 13608
test-amd64-amd64-xl-sedf-pin 10 guest-saverestore fail like 13608
test-amd64-amd64-xl-qemuu-winxpsp3 9 guest-localmigrate fail like 13608
test-amd64-amd64-xl-qemuu-win7-amd64 9 guest-localmigrate fail like 13608
test-i386-i386-xl-qemuu-winxpsp3 9 guest-localmigrate fail like 13608
Tests which did not succeed, but are not blocking:
test-amd64-amd64-xl-pcipt-intel 8 debian-fixup fail never pass
test-amd64-i386-xl-win-vcpus1 13 guest-stop fail never pass
test-amd64-i386-xl-win7-amd64 13 guest-stop fail never pass
test-amd64-i386-win-vcpus1 16 leak-check/check fail never pass
test-i386-i386-xl-win 13 guest-stop fail never pass
test-amd64-i386-xend-winxpsp3 16 leak-check/check fail never pass
test-amd64-amd64-win 16 leak-check/check fail never pass
test-amd64-i386-xl-winxpsp3-vcpus1 13 guest-stop fail never pass
test-amd64-amd64-xl-win7-amd64 13 guest-stop fail never pass
test-i386-i386-win 16 leak-check/check fail never pass
test-amd64-i386-win 16 leak-check/check fail never pass
test-i386-i386-xl-winxpsp3 13 guest-stop fail never pass
test-amd64-amd64-xl-winxpsp3 13 guest-stop fail never pass
test-amd64-amd64-xl-win 13 guest-stop fail never pass
version targeted for testing:
linux 5aa287dcf1b5879aa0150b0511833c52885f5b4c
baseline version:
linux a422ca75bd264cd26bafeb6305655245d2ea7c6b
------------------------------------------------------------
People who touched revisions under test:
------------------------------------------------------------
jobs:
build-amd64 pass
build-i386 pass
build-amd64-pvops pass
build-i386-pvops pass
test-amd64-amd64-xl pass
test-amd64-i386-xl pass
test-i386-i386-xl pass
test-amd64-i386-rhel6hvm-amd pass
test-amd64-i386-qemuu-rhel6hvm-amd pass
test-amd64-amd64-xl-qemuu-win7-amd64 fail
test-amd64-amd64-xl-win7-amd64 fail
test-amd64-i386-xl-win7-amd64 fail
test-amd64-i386-xl-credit2 fail
test-amd64-amd64-xl-pcipt-intel fail
test-amd64-i386-rhel6hvm-intel pass
test-amd64-i386-qemuu-rhel6hvm-intel pass
test-amd64-i386-xl-multivcpu pass
test-amd64-amd64-pair pass
test-amd64-i386-pair pass
test-i386-i386-pair pass
test-amd64-amd64-xl-sedf-pin fail
test-amd64-amd64-pv pass
test-amd64-i386-pv pass
test-i386-i386-pv pass
test-amd64-amd64-xl-sedf fail
test-amd64-i386-win-vcpus1 fail
test-amd64-i386-xl-win-vcpus1 fail
test-amd64-i386-xl-winxpsp3-vcpus1 fail
test-amd64-amd64-win fail
test-amd64-i386-win fail
test-i386-i386-win fail
test-amd64-amd64-xl-win fail
test-i386-i386-xl-win fail
test-amd64-amd64-xl-qemuu-winxpsp3 fail
test-i386-i386-xl-qemuu-winxpsp3 fail
test-amd64-i386-xend-winxpsp3 fail
test-amd64-amd64-xl-winxpsp3 fail
test-i386-i386-xl-winxpsp3 fail
------------------------------------------------------------
sg-report-flight on woking.cam.xci-test.com
logs: /home/xc_osstest/logs
images: /home/xc_osstest/images
Logs, config files, etc. are available at
http://www.chiark.greenend.org.uk/~xensrcts/logs
Test harness code can be found at
http://xenbits.xensource.com/gitweb?p=osstest.git;a=summary
Not pushing.
------------------------------------------------------------
commit 5aa287dcf1b5879aa0150b0511833c52885f5b4c
Author: Greg Kroah-Hartman <gregkh@linuxfoundation.org>
Date: Sun Aug 26 15:12:29 2012 -0700
Linux 3.0.42
^ permalink raw reply [flat|nested] only message in thread
only message in thread, other threads:[~2012-08-28 17:26 UTC | newest]
Thread overview: (only message) (download: mbox.gz follow: Atom feed
-- links below jump to the message on this page --
2012-08-28 17:26 [linux-3.0 test] 13634: regressions - FAIL xen.org
This is a public inbox, see mirroring instructions
for how to clone and mirror all data and code used for this inbox;
as well as URLs for NNTP newsgroup(s).