* [linux-3.0 test] 13637: tolerable FAIL - PUSHED
@ 2012-08-29 18:05 xen.org
0 siblings, 0 replies; only message in thread
From: xen.org @ 2012-08-29 18:05 UTC (permalink / raw)
To: xen-devel; +Cc: ian.jackson
flight 13637 linux-3.0 real [real]
http://www.chiark.greenend.org.uk/~xensrcts/logs/13637/
Failures :-/ but no regressions.
Regressions which are regarded as allowable (not blocking):
test-amd64-amd64-xl-sedf 9 guest-start fail like 13608
test-amd64-amd64-xl-sedf-pin 10 guest-saverestore fail like 13608
test-amd64-amd64-xl-qemuu-win7-amd64 9 guest-localmigrate fail like 13608
test-amd64-amd64-xl-qemuu-winxpsp3 9 guest-localmigrate fail like 13608
test-i386-i386-xl-qemuu-winxpsp3 9 guest-localmigrate fail like 13608
Tests which did not succeed, but are not blocking:
test-amd64-amd64-xl-pcipt-intel 8 debian-fixup fail never pass
test-amd64-i386-xl-win-vcpus1 13 guest-stop fail never pass
test-amd64-i386-xl-win7-amd64 13 guest-stop fail never pass
test-amd64-i386-win-vcpus1 16 leak-check/check fail never pass
test-i386-i386-xl-win 13 guest-stop fail never pass
test-amd64-i386-xend-winxpsp3 16 leak-check/check fail never pass
test-amd64-i386-xl-winxpsp3-vcpus1 13 guest-stop fail never pass
test-amd64-amd64-xl-win7-amd64 13 guest-stop fail never pass
test-amd64-amd64-win 16 leak-check/check fail never pass
test-i386-i386-win 16 leak-check/check fail never pass
test-amd64-i386-win 16 leak-check/check fail never pass
test-i386-i386-xl-winxpsp3 13 guest-stop fail never pass
test-amd64-amd64-xl-winxpsp3 13 guest-stop fail never pass
test-amd64-amd64-xl-win 13 guest-stop fail never pass
version targeted for testing:
linux 5aa287dcf1b5879aa0150b0511833c52885f5b4c
baseline version:
linux a422ca75bd264cd26bafeb6305655245d2ea7c6b
------------------------------------------------------------
People who touched revisions under test:
------------------------------------------------------------
jobs:
build-amd64 pass
build-i386 pass
build-amd64-pvops pass
build-i386-pvops pass
test-amd64-amd64-xl pass
test-amd64-i386-xl pass
test-i386-i386-xl pass
test-amd64-i386-rhel6hvm-amd pass
test-amd64-i386-qemuu-rhel6hvm-amd pass
test-amd64-amd64-xl-qemuu-win7-amd64 fail
test-amd64-amd64-xl-win7-amd64 fail
test-amd64-i386-xl-win7-amd64 fail
test-amd64-i386-xl-credit2 pass
test-amd64-amd64-xl-pcipt-intel fail
test-amd64-i386-rhel6hvm-intel pass
test-amd64-i386-qemuu-rhel6hvm-intel pass
test-amd64-i386-xl-multivcpu pass
test-amd64-amd64-pair pass
test-amd64-i386-pair pass
test-i386-i386-pair pass
test-amd64-amd64-xl-sedf-pin fail
test-amd64-amd64-pv pass
test-amd64-i386-pv pass
test-i386-i386-pv pass
test-amd64-amd64-xl-sedf fail
test-amd64-i386-win-vcpus1 fail
test-amd64-i386-xl-win-vcpus1 fail
test-amd64-i386-xl-winxpsp3-vcpus1 fail
test-amd64-amd64-win fail
test-amd64-i386-win fail
test-i386-i386-win fail
test-amd64-amd64-xl-win fail
test-i386-i386-xl-win fail
test-amd64-amd64-xl-qemuu-winxpsp3 fail
test-i386-i386-xl-qemuu-winxpsp3 fail
test-amd64-i386-xend-winxpsp3 fail
test-amd64-amd64-xl-winxpsp3 fail
test-i386-i386-xl-winxpsp3 fail
------------------------------------------------------------
sg-report-flight on woking.cam.xci-test.com
logs: /home/xc_osstest/logs
images: /home/xc_osstest/images
Logs, config files, etc. are available at
http://www.chiark.greenend.org.uk/~xensrcts/logs
Test harness code can be found at
http://xenbits.xensource.com/gitweb?p=osstest.git;a=summary
Pushing revision :
+ branch=linux-3.0
+ revision=5aa287dcf1b5879aa0150b0511833c52885f5b4c
+ . cri-lock-repos
++ . cri-common
+++ umask 002
+++ getconfig Repos
+++ perl -e '
use Osstest;
readconfigonly();
print $c{Repos} or die $!;
'
++ repos=/export/home/osstest/repos
++ repos_lock=/export/home/osstest/repos/lock
++ '[' x '!=' x/export/home/osstest/repos/lock ']'
++ OSSTEST_REPOS_LOCK_LOCKED=/export/home/osstest/repos/lock
++ exec with-lock-ex -w /export/home/osstest/repos/lock ./ap-push linux-3.0 5aa287dcf1b5879aa0150b0511833c52885f5b4c
+ branch=linux-3.0
+ revision=5aa287dcf1b5879aa0150b0511833c52885f5b4c
+ . cri-lock-repos
++ . cri-common
+++ umask 002
+++ getconfig Repos
+++ perl -e '
use Osstest;
readconfigonly();
print $c{Repos} or die $!;
'
++ repos=/export/home/osstest/repos
++ repos_lock=/export/home/osstest/repos/lock
++ '[' x/export/home/osstest/repos/lock '!=' x/export/home/osstest/repos/lock ']'
+ . cri-common
++ umask 002
+ select_xenbranch
+ case "$branch" in
+ tree=linux
+ xenbranch=xen-unstable
+ '[' xlinux = xlinux ']'
+ linuxbranch=linux-3.0
+ : master
+ : tested/2.6.39.x
+ . ap-common
++ : xen@xenbits.xensource.com
++ : http://xenbits.xen.org/staging/xen-unstable.hg
++ : git://xenbits.xen.org/staging/qemu-xen-unstable.git
++ : git://git.kernel.org
++ : git://git.kernel.org/pub/scm/linux/kernel/git
++ : git
++ : git://git.kernel.org/pub/scm/linux/kernel/git/stable/linux-stable.git
++ : master
++ : xen@xenbits.xensource.com:git/linux-pvops.git
++ : git://xenbits.xen.org/linux-pvops.git
++ : master
++ : git://git.kernel.org/pub/scm/linux/kernel/git/konrad/xen.git
++ : tested/2.6.39.x
++ : daily-cron.linux-3.0
++ : http://hg.uk.xensource.com/carbon/trunk/linux-2.6.27
++ : git://xenbits.xen.org/staging/qemu-upstream-unstable.git
++ : daily-cron.linux-3.0
+ TREE_LINUX=xen@xenbits.xensource.com:git/linux-pvops.git
+ TREE_QEMU_UPSTREAM=xen@xenbits.xensource.com:git/qemu-upstream-unstable.git
+ info_linux_tree linux-3.0
+ case $1 in
+ : git://git.kernel.org/pub/scm/linux/kernel/git/stable/linux-stable.git
+ : linux-3.0.y
+ : linux-3.0.y
+ : git
+ : git
+ : git://xenbits.xen.org/linux-pvops.git
+ : xen@xenbits.xensource.com:git/linux-pvops.git
+ : tested/linux-3.0
+ : tested/linux-3.0
+ return 0
+ cd /export/home/osstest/repos/linux
+ git push xen@xenbits.xensource.com:git/linux-pvops.git 5aa287dcf1b5879aa0150b0511833c52885f5b4c:tested/linux-3.0
Counting objects: 1
Counting objects: 153, done.
Compressing objects: 5% (1/19)
Compressing objects: 10% (2/19)
Compressing objects: 15% (3/19)
Compressing objects: 21% (4/19)
Compressing objects: 26% (5/19)
Compressing objects: 31% (6/19)
Compressing objects: 36% (7/19)
Compressing objects: 42% (8/19)
Compressing objects: 47% (9/19)
Compressing objects: 52% (10/19)
Compressing objects: 57% (11/19)
Compressing objects: 63% (12/19)
Compressing objects: 68% (13/19)
Compressing objects: 73% (14/19)
Compressing objects: 78% (15/19)
Compressing objects: 84% (16/19)
Compressing objects: 89% (17/19)
Compressing objects: 94% (18/19)
Compressing objects: 100% (19/19)
Compressing objects: 100% (19/19), done.
Writing objects: 0% (1/107)
Writing objects: 1% (2/107)
Writing objects: 2% (3/107)
Writing objects: 3% (4/107)
Writing objects: 4% (5/107)
Writing objects: 5% (6/107)
Writing objects: 6% (7/107)
Writing objects: 7% (8/107)
Writing objects: 8% (9/107)
Writing objects: 9% (10/107)
Writing objects: 10% (11/107)
Writing objects: 11% (12/107)
Writing objects: 12% (13/107)
Writing objects: 13% (14/107)
Writing objects: 14% (15/107)
Writing objects: 15% (17/107)
Writing objects: 16% (18/107)
Writing objects: 17% (19/107)
Writing objects: 18% (20/107)
Writing objects: 19% (21/107)
Writing objects: 20% (22/107)
Writing objects: 21% (23/107)
Writing objects: 22% (24/107)
Writing objects: 23% (25/107)
Writing objects: 24% (26/107)
Writing objects: 25% (27/107)
Writing objects: 26% (28/107)
Writing objects: 27% (29/107)
Writing objects: 28% (30/107)
Writing objects: 29% (32/107)
Writing objects: 30% (33/107)
Writing objects: 31% (34/107)
Writing objects: 32% (35/107)
Writing objects: 33% (36/107)
Writing objects: 34% (37/107)
Writing objects: 35% (38/107)
Writing objects: 36% (39/107)
Writing objects: 37% (40/107)
Writing objects: 38% (41/107)
Writing objects: 39% (42/107)
Writing objects: 40% (43/107)
Writing objects: 41% (44/107)
Writing objects: 42% (45/107)
Writing objects: 43% (47/107)
Writing objects: 44% (48/107)
Writing objects: 45% (49/107)
Writing objects: 46% (50/107)
Writing objects: 47% (51/107)
Writing objects: 48% (52/107)
Writing objects: 49% (53/107)
Writing objects: 50% (54/107)
Writing objects: 51% (55/107)
Writing objects: 52% (56/107)
Writing objects: 53% (57/107)
Writing objects: 54% (58/107)
Writing objects: 55% (59/107)
Writing objects: 56% (60/107)
Writing objects: 57% (61/107)
Writing objects: 58% (63/107)
Writing objects: 59% (64/107)
Writing objects: 60% (65/107)
Writing objects: 61% (66/107)
Writing objects: 62% (67/107)
Writing objects: 63% (68/107)
Writing objects: 64% (69/107)
Writing objects: 65% (70/107)
Writing objects: 66% (71/107)
Writing objects: 67% (72/107)
Writing objects: 68% (73/107)
Writing objects: 69% (74/107)
Writing objects: 70% (75/107)
Writing objects: 71% (76/107)
Writing objects: 72% (78/107)
Writing objects: 73% (79/107)
Writing objects: 74% (80/107)
Writing objects: 75% (81/107)
Writing objects: 76% (82/107)
Writing objects: 77% (83/107)
Writing objects: 78% (84/107)
Writing objects: 79% (85/107)
Writing objects: 80% (86/107)
Writing objects: 81% (87/107)
Writing objects: 82% (88/107)
Writing objects: 83% (89/107)
Writing objects: 84% (90/107)
Writing objects: 85% (91/107)
Writing objects: 86% (93/107)
Writing objects: 87% (94/107)
Writing objects: 88% (95/107)
Writing objects: 89% (96/107)
Writing objects: 90% (97/107)
Writing objects: 91% (98/107)
Writing objects: 92% (99/107)
Writing objects: 93% (100/107)
Writing objects: 94% (101/107)
Writing objects: 95% (102/107)
Writing objects: 96% (103/107)
Writing objects: 97% (104/107)
Writing objects: 98% (105/107)
Writing objects: 99% (106/107)
Writing objects: 100% (107/107)
Writing objects: 100% (107/107), 18.84 KiB, done.
Total 107 (delta 88), reused 107 (delta 88)
To xen@xenbits.xensource.com:git/linux-pvops.git
a422ca7..5aa287d 5aa287dcf1b5879aa0150b0511833c52885f5b4c -> tested/linux-3.0
+ exit 0
^ permalink raw reply [flat|nested] only message in thread
only message in thread, other threads:[~2012-08-29 18:05 UTC | newest]
Thread overview: (only message) (download: mbox.gz follow: Atom feed
-- links below jump to the message on this page --
2012-08-29 18:05 [linux-3.0 test] 13637: tolerable FAIL - PUSHED xen.org
This is a public inbox, see mirroring instructions
for how to clone and mirror all data and code used for this inbox;
as well as URLs for NNTP newsgroup(s).