xen-devel.lists.xenproject.org archive mirror
 help / color / mirror / Atom feed
* [xen-4.1-testing test] 13644: regressions - FAIL
@ 2012-09-04 17:04 xen.org
  0 siblings, 0 replies; only message in thread
From: xen.org @ 2012-09-04 17:04 UTC (permalink / raw)
  To: xen-devel; +Cc: ian.jackson

flight 13644 xen-4.1-testing real [real]
http://www.chiark.greenend.org.uk/~xensrcts/logs/13644/

Regressions :-(

Tests which did not succeed and are blocking,
including tests which could not be run:
 test-amd64-amd64-win          8 guest-saverestore         fail REGR. vs. 13581

Regressions which are regarded as allowable (not blocking):
 test-amd64-amd64-xl-pcipt-intel  8 debian-fixup                fail like 13581

Tests which did not succeed, but are not blocking:
 test-amd64-i386-rhel6hvm-amd 11 leak-check/check             fail   never pass
 test-amd64-i386-qemuu-rhel6hvm-amd 11 leak-check/check         fail never pass
 test-amd64-i386-rhel6hvm-intel 11 leak-check/check             fail never pass
 test-amd64-i386-qemuu-rhel6hvm-intel 11 leak-check/check       fail never pass
 test-amd64-amd64-xl-qemuu-winxpsp3 13 guest-stop               fail never pass
 test-i386-i386-xl-winxpsp3   13 guest-stop                   fail   never pass
 test-amd64-i386-xend-winxpsp3 16 leak-check/check             fail  never pass
 test-i386-i386-xl-win        13 guest-stop                   fail   never pass
 test-amd64-i386-win-vcpus1   16 leak-check/check             fail   never pass
 test-amd64-i386-xl-win-vcpus1 13 guest-stop                   fail  never pass
 test-amd64-i386-win          16 leak-check/check             fail   never pass
 test-amd64-i386-xl-winxpsp3-vcpus1 13 guest-stop               fail never pass
 test-i386-i386-win           16 leak-check/check             fail   never pass
 test-amd64-i386-xl-win7-amd64 13 guest-stop                   fail  never pass
 test-amd64-amd64-xl-win7-amd64 13 guest-stop                   fail never pass
 test-amd64-amd64-xl-qemuu-win7-amd64 13 guest-stop             fail never pass
 test-amd64-amd64-xl-win      13 guest-stop                   fail   never pass
 test-i386-i386-xl-qemuu-winxpsp3 13 guest-stop                 fail never pass
 test-amd64-amd64-xl-winxpsp3 13 guest-stop                   fail   never pass

version targeted for testing:
 xen                  58d3c21ee4bd
baseline version:
 xen                  1225aff05dd2

------------------------------------------------------------
People who touched revisions under test:
------------------------------------------------------------

jobs:
 build-amd64                                                  pass    
 build-i386                                                   pass    
 build-amd64-oldkern                                          pass    
 build-i386-oldkern                                           pass    
 build-amd64-pvops                                            pass    
 build-i386-pvops                                             pass    
 test-amd64-amd64-xl                                          pass    
 test-amd64-i386-xl                                           pass    
 test-i386-i386-xl                                            pass    
 test-amd64-i386-rhel6hvm-amd                                 fail    
 test-amd64-i386-qemuu-rhel6hvm-amd                           fail    
 test-amd64-amd64-xl-qemuu-win7-amd64                         fail    
 test-amd64-amd64-xl-win7-amd64                               fail    
 test-amd64-i386-xl-win7-amd64                                fail    
 test-amd64-i386-xl-credit2                                   pass    
 test-amd64-amd64-xl-pcipt-intel                              fail    
 test-amd64-i386-rhel6hvm-intel                               fail    
 test-amd64-i386-qemuu-rhel6hvm-intel                         fail    
 test-amd64-i386-xl-multivcpu                                 pass    
 test-amd64-amd64-pair                                        pass    
 test-amd64-i386-pair                                         pass    
 test-i386-i386-pair                                          pass    
 test-amd64-amd64-xl-sedf-pin                                 pass    
 test-amd64-amd64-pv                                          pass    
 test-amd64-i386-pv                                           pass    
 test-i386-i386-pv                                            pass    
 test-amd64-amd64-xl-sedf                                     pass    
 test-amd64-i386-win-vcpus1                                   fail    
 test-amd64-i386-xl-win-vcpus1                                fail    
 test-amd64-i386-xl-winxpsp3-vcpus1                           fail    
 test-amd64-amd64-win                                         fail    
 test-amd64-i386-win                                          fail    
 test-i386-i386-win                                           fail    
 test-amd64-amd64-xl-win                                      fail    
 test-i386-i386-xl-win                                        fail    
 test-amd64-amd64-xl-qemuu-winxpsp3                           fail    
 test-i386-i386-xl-qemuu-winxpsp3                             fail    
 test-amd64-i386-xend-winxpsp3                                fail    
 test-amd64-amd64-xl-winxpsp3                                 fail    
 test-i386-i386-xl-winxpsp3                                   fail    


------------------------------------------------------------
sg-report-flight on woking.cam.xci-test.com
logs: /home/xc_osstest/logs
images: /home/xc_osstest/images

Logs, config files, etc. are available at
    http://www.chiark.greenend.org.uk/~xensrcts/logs

Test harness code can be found at
    http://xenbits.xensource.com/gitweb?p=osstest.git;a=summary


Not pushing.

------------------------------------------------------------
changeset:   23337:58d3c21ee4bd
tag:         tip
user:        Jan Beulich
date:        Tue Sep 04 12:03:35 2012 +0200
    
    Update Xen version to 4.1.4-pre
    
    
changeset:   23336:1225aff05dd2
user:        Keir Fraser <keir@xen.org>
date:        Thu Aug 09 16:48:07 2012 +0100
    
    Added signature for changeset ce7195d2b80e
    
    
(qemu changes not included)

^ permalink raw reply	[flat|nested] only message in thread

only message in thread, other threads:[~2012-09-04 17:04 UTC | newest]

Thread overview: (only message) (download: mbox.gz follow: Atom feed
-- links below jump to the message on this page --
2012-09-04 17:04 [xen-4.1-testing test] 13644: regressions - FAIL xen.org

This is a public inbox, see mirroring instructions
for how to clone and mirror all data and code used for this inbox;
as well as URLs for NNTP newsgroup(s).