xen-devel.lists.xenproject.org archive mirror
 help / color / mirror / Atom feed
* [qemu-upstream-unstable test] 13670: tolerable FAIL - PUSHED
@ 2012-09-11  7:00 xen.org
  0 siblings, 0 replies; only message in thread
From: xen.org @ 2012-09-11  7:00 UTC (permalink / raw)
  To: xen-devel; +Cc: ian.jackson

flight 13670 qemu-upstream-unstable real [real]
http://www.chiark.greenend.org.uk/~xensrcts/logs/13670/

Failures :-/ but no regressions.

Regressions which are regarded as allowable (not blocking):
 test-amd64-i386-xl-qemuu-win-vcpus1  9 guest-localmigrate      fail like 13653
 test-amd64-amd64-xl-qemuu-win7-amd64  9 guest-localmigrate     fail like 13653
 test-amd64-i386-xl-qemuu-win7-amd64  9 guest-localmigrate      fail like 13653
 test-amd64-i386-xl-qemuu-winxpsp3-vcpus1  9 guest-localmigrate fail like 13653
 test-i386-i386-xl-qemuu-winxpsp3  9 guest-localmigrate         fail like 13653
 test-amd64-amd64-xl-qemuu-win  9 guest-localmigrate           fail  like 13653
 test-i386-i386-xl-qemuu-win   9 guest-localmigrate           fail   like 13653
 test-amd64-amd64-xl-qemuu-winxpsp3  9 guest-localmigrate       fail like 13653

Tests which did not succeed, but are not blocking:
 test-i386-i386-qemuu-win     16 leak-check/check             fail   never pass
 test-amd64-i386-qemuu-win    16 leak-check/check             fail   never pass
 test-amd64-amd64-qemuu-win   16 leak-check/check             fail   never pass
 test-amd64-i386-xend-qemuu-winxpsp3 16 leak-check/check        fail never pass
 test-amd64-i386-qemuu-win-vcpus1 16 leak-check/check           fail never pass

version targeted for testing:
 qemuu                9e63a82dd13cdfc80c1f401cc99a682ab4b81542
baseline version:
 qemuu                87650d262dea07c955a683dcac75db86477c7ee3

------------------------------------------------------------
People who touched revisions under test:
  Dongxiao Xu <dongxiao.xu@intel.com>
  Stefano Stabellini <stefano.stabellini@eu.citrix.com>
------------------------------------------------------------

jobs:
 build-amd64                                                  pass    
 build-i386                                                   pass    
 build-amd64-oldkern                                          pass    
 build-i386-oldkern                                           pass    
 build-amd64-pvops                                            pass    
 build-i386-pvops                                             pass    
 test-amd64-i386-qemuu-rhel6hvm-amd                           pass    
 test-amd64-amd64-xl-qemuu-win7-amd64                         fail    
 test-amd64-i386-xl-qemuu-win7-amd64                          fail    
 test-amd64-i386-qemuu-rhel6hvm-intel                         pass    
 test-amd64-i386-qemuu-win-vcpus1                             fail    
 test-amd64-i386-xl-qemuu-win-vcpus1                          fail    
 test-amd64-i386-xl-qemuu-winxpsp3-vcpus1                     fail    
 test-amd64-amd64-qemuu-win                                   fail    
 test-amd64-i386-qemuu-win                                    fail    
 test-i386-i386-qemuu-win                                     fail    
 test-amd64-amd64-xl-qemuu-win                                fail    
 test-i386-i386-xl-qemuu-win                                  fail    
 test-amd64-i386-xend-qemuu-winxpsp3                          fail    
 test-amd64-amd64-xl-qemuu-winxpsp3                           fail    
 test-i386-i386-xl-qemuu-winxpsp3                             fail    


------------------------------------------------------------
sg-report-flight on woking.cam.xci-test.com
logs: /home/xc_osstest/logs
images: /home/xc_osstest/images

Logs, config files, etc. are available at
    http://www.chiark.greenend.org.uk/~xensrcts/logs

Test harness code can be found at
    http://xenbits.xensource.com/gitweb?p=osstest.git;a=summary


Pushing revision :

+ branch=qemu-upstream-unstable
+ revision=9e63a82dd13cdfc80c1f401cc99a682ab4b81542
+ . cri-lock-repos
++ . cri-common
+++ umask 002
+++ getconfig Repos
+++ perl -e '
                use Osstest;
                readconfigonly();
                print $c{Repos} or die $!;
        '
++ repos=/export/home/osstest/repos
++ repos_lock=/export/home/osstest/repos/lock
++ '[' x '!=' x/export/home/osstest/repos/lock ']'
++ OSSTEST_REPOS_LOCK_LOCKED=/export/home/osstest/repos/lock
++ exec with-lock-ex -w /export/home/osstest/repos/lock ./ap-push qemu-upstream-unstable 9e63a82dd13cdfc80c1f401cc99a682ab4b81542
+ branch=qemu-upstream-unstable
+ revision=9e63a82dd13cdfc80c1f401cc99a682ab4b81542
+ . cri-lock-repos
++ . cri-common
+++ umask 002
+++ getconfig Repos
+++ perl -e '
                use Osstest;
                readconfigonly();
                print $c{Repos} or die $!;
        '
++ repos=/export/home/osstest/repos
++ repos_lock=/export/home/osstest/repos/lock
++ '[' x/export/home/osstest/repos/lock '!=' x/export/home/osstest/repos/lock ']'
+ . cri-common
++ umask 002
+ select_xenbranch
+ case "$branch" in
+ tree=qemuu
+ xenbranch=xen-unstable
+ '[' xqemuu = xlinux ']'
+ linuxbranch=linux
+ : master
+ : tested/2.6.39.x
+ . ap-common
++ : xen@xenbits.xensource.com
++ : http://xenbits.xen.org/staging/xen-unstable.hg
++ : git://xenbits.xen.org/staging/qemu-xen-unstable.git
++ : git://git.kernel.org
++ : git://git.kernel.org/pub/scm/linux/kernel/git
++ : git
++ : git://xenbits.xen.org/linux-pvops.git
++ : master
++ : xen@xenbits.xensource.com:git/linux-pvops.git
++ : git://xenbits.xen.org/linux-pvops.git
++ : master
++ : git://git.kernel.org/pub/scm/linux/kernel/git/konrad/xen.git
++ : tested/2.6.39.x
++ : daily-cron.qemu-upstream-unstable
++ : http://hg.uk.xensource.com/carbon/trunk/linux-2.6.27
++ : git://xenbits.xen.org/staging/qemu-upstream-unstable.git
++ : daily-cron.qemu-upstream-unstable
+ TREE_LINUX=xen@xenbits.xensource.com:git/linux-pvops.git
+ TREE_QEMU_UPSTREAM=xen@xenbits.xensource.com:git/qemu-upstream-unstable.git
+ info_linux_tree qemu-upstream-unstable
+ case $1 in
+ return 1
+ case "$branch" in
+ cd /export/home/osstest/repos/qemu-upstream-unstable
+ git push xen@xenbits.xensource.com:git/qemu-upstream-unstable.git 9e63a82dd13cdfc80c1f401cc99a682ab4b81542:master
Counting objects: 1   
Counting objects: 3   
Counting objects: 5, done.
Compressing objects: 100% (1/1)   
Compressing objects: 100% (1/1), done.
Writing objects:  33% (1/3)   
Writing objects:  66% (2/3)   
Writing objects: 100% (3/3)   
Writing objects: 100% (3/3), 642 bytes, done.
Total 3 (delta 2), reused 3 (delta 2)
To xen@xenbits.xensource.com:git/qemu-upstream-unstable.git
   87650d2..9e63a82  9e63a82dd13cdfc80c1f401cc99a682ab4b81542 -> master

^ permalink raw reply	[flat|nested] only message in thread

only message in thread, other threads:[~2012-09-11  7:00 UTC | newest]

Thread overview: (only message) (download: mbox.gz follow: Atom feed
-- links below jump to the message on this page --
2012-09-11  7:00 [qemu-upstream-unstable test] 13670: tolerable FAIL - PUSHED xen.org

This is a public inbox, see mirroring instructions
for how to clone and mirror all data and code used for this inbox;
as well as URLs for NNTP newsgroup(s).