* [xen-unstable test] 13675: regressions - FAIL
@ 2012-09-11 9:18 xen.org
0 siblings, 0 replies; only message in thread
From: xen.org @ 2012-09-11 9:18 UTC (permalink / raw)
To: xen-devel; +Cc: ian.jackson
flight 13675 xen-unstable real [real]
http://www.chiark.greenend.org.uk/~xensrcts/logs/13675/
Regressions :-(
Tests which did not succeed and are blocking,
including tests which could not be run:
test-amd64-i386-xl-win-vcpus1 12 guest-localmigrate/x10 fail REGR. vs. 13668
Regressions which are regarded as allowable (not blocking):
test-amd64-amd64-xl-sedf-pin 10 guest-saverestore fail like 13668
test-amd64-amd64-xl-qemuu-winxpsp3 9 guest-localmigrate fail like 13668
test-i386-i386-xl-qemuu-winxpsp3 9 guest-localmigrate fail like 13668
test-amd64-amd64-xl-qemuu-win7-amd64 9 guest-localmigrate fail like 13668
Tests which did not succeed, but are not blocking:
test-amd64-amd64-xl-pcipt-intel 9 guest-start fail never pass
test-amd64-i386-xend-winxpsp3 16 leak-check/check fail never pass
test-amd64-i386-win 16 leak-check/check fail never pass
test-amd64-amd64-win 16 leak-check/check fail never pass
test-amd64-i386-win-vcpus1 16 leak-check/check fail never pass
test-amd64-amd64-xl-win7-amd64 13 guest-stop fail never pass
test-amd64-amd64-xl-winxpsp3 13 guest-stop fail never pass
test-i386-i386-xl-winxpsp3 13 guest-stop fail never pass
test-amd64-i386-xl-winxpsp3-vcpus1 13 guest-stop fail never pass
test-i386-i386-win 16 leak-check/check fail never pass
test-i386-i386-xl-win 13 guest-stop fail never pass
test-amd64-amd64-xl-win 13 guest-stop fail never pass
test-amd64-i386-xl-win7-amd64 13 guest-stop fail never pass
version targeted for testing:
xen a1f73e989c24
baseline version:
xen 7d770de90b7f
------------------------------------------------------------
People who touched revisions under test:
Ian Campbell <ian.campbell@citrix.com>
Jan Beulich <jbeulich@suse.com>
Keir Fraser <keir@xen.org>
Stefano Stabellini <stefano.stabellini@eu.citrix.com>
------------------------------------------------------------
jobs:
build-amd64 pass
build-i386 pass
build-amd64-oldkern pass
build-i386-oldkern pass
build-amd64-pvops pass
build-i386-pvops pass
test-amd64-amd64-xl pass
test-amd64-i386-xl pass
test-i386-i386-xl pass
test-amd64-i386-rhel6hvm-amd pass
test-amd64-i386-qemuu-rhel6hvm-amd pass
test-amd64-amd64-xl-qemuu-win7-amd64 fail
test-amd64-amd64-xl-win7-amd64 fail
test-amd64-i386-xl-win7-amd64 fail
test-amd64-i386-xl-credit2 pass
test-amd64-amd64-xl-pcipt-intel fail
test-amd64-i386-rhel6hvm-intel pass
test-amd64-i386-qemuu-rhel6hvm-intel pass
test-amd64-i386-xl-multivcpu pass
test-amd64-amd64-pair pass
test-amd64-i386-pair pass
test-i386-i386-pair pass
test-amd64-amd64-xl-sedf-pin fail
test-amd64-amd64-pv pass
test-amd64-i386-pv pass
test-i386-i386-pv pass
test-amd64-amd64-xl-sedf pass
test-amd64-i386-win-vcpus1 fail
test-amd64-i386-xl-win-vcpus1 fail
test-amd64-i386-xl-winxpsp3-vcpus1 fail
test-amd64-amd64-win fail
test-amd64-i386-win fail
test-i386-i386-win fail
test-amd64-amd64-xl-win fail
test-i386-i386-xl-win fail
test-amd64-amd64-xl-qemuu-winxpsp3 fail
test-i386-i386-xl-qemuu-winxpsp3 fail
test-amd64-i386-xend-winxpsp3 fail
test-amd64-amd64-xl-winxpsp3 fail
test-i386-i386-xl-winxpsp3 fail
------------------------------------------------------------
sg-report-flight on woking.cam.xci-test.com
logs: /home/xc_osstest/logs
images: /home/xc_osstest/images
Logs, config files, etc. are available at
http://www.chiark.greenend.org.uk/~xensrcts/logs
Test harness code can be found at
http://xenbits.xensource.com/gitweb?p=osstest.git;a=summary
Not pushing.
------------------------------------------------------------
changeset: 25842:a1f73e989c24
tag: tip
user: Jan Beulich <jbeulich@suse.com>
date: Mon Sep 10 16:47:31 2012 +0200
x86/hvm: don't give vector callback higher priority than NMI/MCE
Those two should always be delivered first imo.
Signed-off-by: Jan Beulich <jbeulich@suse.com>
Acked-by: Keir Fraser <keir@xen.org>
Acked-by: Stefano Stabellini <stefano.stabellini@eu.citrix.com>
changeset: 25841:7d770de90b7f
user: Jan Beulich <JBeulich@suse.com>
date: Mon Sep 10 11:13:56 2012 +0100
docs: document "ucode=" hypervisor command line option
Signed-off-by: Jan Beulich <jbeulich@suse.com>
Acked-by: Ian Campbell <ian.campbell@citrix.com>
Committed-by: Ian Campbell <ian.campbell@citrix.com>
(qemu changes not included)
^ permalink raw reply [flat|nested] only message in thread
only message in thread, other threads:[~2012-09-11 9:18 UTC | newest]
Thread overview: (only message) (download: mbox.gz follow: Atom feed
-- links below jump to the message on this page --
2012-09-11 9:18 [xen-unstable test] 13675: regressions - FAIL xen.org
This is a public inbox, see mirroring instructions
for how to clone and mirror all data and code used for this inbox;
as well as URLs for NNTP newsgroup(s).