* [xen-4.1-testing test] 13690: trouble: blocked/broken/fail/pass
@ 2012-09-12 15:04 xen.org
0 siblings, 0 replies; only message in thread
From: xen.org @ 2012-09-12 15:04 UTC (permalink / raw)
To: xen-devel; +Cc: ian.jackson
flight 13690 xen-4.1-testing real [real]
http://www.chiark.greenend.org.uk/~xensrcts/logs/13690/
Failures and problems with tests :-(
Tests which did not succeed and are blocking,
including tests which could not be run:
build-amd64-pvops 2 host-install(2) broken REGR. vs. 13657
Tests which did not succeed, but are not blocking:
test-amd64-amd64-xl-pcipt-intel 1 xen-build-check(1) blocked n/a
test-amd64-amd64-pv 1 xen-build-check(1) blocked n/a
test-amd64-amd64-xl 1 xen-build-check(1) blocked n/a
test-amd64-amd64-xl-sedf-pin 1 xen-build-check(1) blocked n/a
test-amd64-i386-rhel6hvm-intel 11 leak-check/check fail never pass
test-amd64-amd64-xl-sedf 1 xen-build-check(1) blocked n/a
test-amd64-amd64-pair 1 xen-build-check(1) blocked n/a
test-amd64-i386-xend-winxpsp3 16 leak-check/check fail never pass
test-i386-i386-xl-winxpsp3 13 guest-stop fail never pass
test-amd64-i386-xl-win7-amd64 13 guest-stop fail never pass
test-amd64-amd64-win 1 xen-build-check(1) blocked n/a
test-i386-i386-xl-win 13 guest-stop fail never pass
test-i386-i386-win 16 leak-check/check fail never pass
test-amd64-i386-xl-win-vcpus1 13 guest-stop fail never pass
test-amd64-i386-xl-winxpsp3-vcpus1 13 guest-stop fail never pass
test-amd64-i386-win 16 leak-check/check fail never pass
test-amd64-i386-win-vcpus1 16 leak-check/check fail never pass
test-amd64-amd64-xl-qemuu-winxpsp3 1 xen-build-check(1) blocked n/a
test-amd64-i386-qemuu-rhel6hvm-intel 11 leak-check/check fail never pass
test-amd64-amd64-xl-qemuu-win7-amd64 1 xen-build-check(1) blocked n/a
test-amd64-amd64-xl-win7-amd64 1 xen-build-check(1) blocked n/a
test-amd64-i386-qemuu-rhel6hvm-amd 11 leak-check/check fail never pass
test-amd64-i386-rhel6hvm-amd 11 leak-check/check fail never pass
test-amd64-amd64-xl-win 1 xen-build-check(1) blocked n/a
test-i386-i386-xl-qemuu-winxpsp3 13 guest-stop fail never pass
test-amd64-amd64-xl-winxpsp3 1 xen-build-check(1) blocked n/a
version targeted for testing:
xen 9be1175d2ac3
baseline version:
xen 3e4782f17f5c
------------------------------------------------------------
People who touched revisions under test:
Ian Jackson <ian.jackson@eu.citrix.com>
------------------------------------------------------------
jobs:
build-amd64 pass
build-i386 pass
build-amd64-oldkern pass
build-i386-oldkern pass
build-amd64-pvops broken
build-i386-pvops pass
test-amd64-amd64-xl blocked
test-amd64-i386-xl pass
test-i386-i386-xl pass
test-amd64-i386-rhel6hvm-amd fail
test-amd64-i386-qemuu-rhel6hvm-amd fail
test-amd64-amd64-xl-qemuu-win7-amd64 blocked
test-amd64-amd64-xl-win7-amd64 blocked
test-amd64-i386-xl-win7-amd64 fail
test-amd64-i386-xl-credit2 pass
test-amd64-amd64-xl-pcipt-intel blocked
test-amd64-i386-rhel6hvm-intel fail
test-amd64-i386-qemuu-rhel6hvm-intel fail
test-amd64-i386-xl-multivcpu pass
test-amd64-amd64-pair blocked
test-amd64-i386-pair pass
test-i386-i386-pair pass
test-amd64-amd64-xl-sedf-pin blocked
test-amd64-amd64-pv blocked
test-amd64-i386-pv pass
test-i386-i386-pv pass
test-amd64-amd64-xl-sedf blocked
test-amd64-i386-win-vcpus1 fail
test-amd64-i386-xl-win-vcpus1 fail
test-amd64-i386-xl-winxpsp3-vcpus1 fail
test-amd64-amd64-win blocked
test-amd64-i386-win fail
test-i386-i386-win fail
test-amd64-amd64-xl-win blocked
test-i386-i386-xl-win fail
test-amd64-amd64-xl-qemuu-winxpsp3 blocked
test-i386-i386-xl-qemuu-winxpsp3 fail
test-amd64-i386-xend-winxpsp3 fail
test-amd64-amd64-xl-winxpsp3 blocked
test-i386-i386-xl-winxpsp3 fail
------------------------------------------------------------
sg-report-flight on woking.cam.xci-test.com
logs: /home/xc_osstest/logs
images: /home/xc_osstest/images
Logs, config files, etc. are available at
http://www.chiark.greenend.org.uk/~xensrcts/logs
Test harness code can be found at
http://xenbits.xensource.com/gitweb?p=osstest.git;a=summary
Not pushing.
------------------------------------------------------------
changeset: 23354:9be1175d2ac3
tag: tip
user: Ian Jackson <Ian.Jackson@eu.citrix.com>
date: Tue Sep 11 14:31:12 2012 +0100
QEMU_TAG update
changeset: 23353:3e4782f17f5c
user: Ian Jackson <Ian.Jackson@eu.citrix.com>
date: Wed Sep 05 12:40:10 2012 +0100
QEMU_TAG update (XSA-17 / CVE-2012-3515)
========================================
commit d7d453f51459b591faa96d1c123b5bfff7c5b6b6
Author: Ian Jackson <ian.jackson@eu.citrix.com>
Date: Thu Sep 6 17:05:30 2012 +0100
Disable qemu monitor by default. The qemu monitor is an overly
powerful feature which must be protected from untrusted (guest)
administrators.
Neither xl nor xend expect qemu to produce this monitor unless it is
explicitly requested.
This is a security problem, XSA-19. Previously it was CVE-2007-0998
in Red Hat but we haven't dealt with it in upstream. We hope to have
a new CVE for it here but we don't have one yet.
Signed-off-by: Ian Jackson <ian.jackson@eu.citrix.com>
(cherry picked from commit bacc0d302445c75f18f4c826750fb5853b60e7ca)
^ permalink raw reply [flat|nested] only message in thread
only message in thread, other threads:[~2012-09-12 15:04 UTC | newest]
Thread overview: (only message) (download: mbox.gz follow: Atom feed
-- links below jump to the message on this page --
2012-09-12 15:04 [xen-4.1-testing test] 13690: trouble: blocked/broken/fail/pass xen.org
This is a public inbox, see mirroring instructions
for how to clone and mirror all data and code used for this inbox;
as well as URLs for NNTP newsgroup(s).