xen-devel.lists.xenproject.org archive mirror
 help / color / mirror / Atom feed
* [xen-4.0-testing test] 13693: regressions - FAIL
@ 2012-09-12 13:16 xen.org
  2012-09-12 13:46 ` Ian Jackson
  0 siblings, 1 reply; 2+ messages in thread
From: xen.org @ 2012-09-12 13:16 UTC (permalink / raw)
  To: xen-devel; +Cc: ian.jackson

flight 13693 xen-4.0-testing real [real]
http://www.chiark.greenend.org.uk/~xensrcts/logs/13693/

Regressions :-(

Tests which did not succeed and are blocking,
including tests which could not be run:
 build-i386                    4 xen-build                 fail REGR. vs. 13650
 build-amd64-oldkern           4 xen-build                 fail REGR. vs. 13650
 build-amd64                   4 xen-build                 fail REGR. vs. 13650
 build-i386-oldkern            4 xen-build                 fail REGR. vs. 13650

Tests which did not succeed, but are not blocking:
 test-amd64-i386-xl-multivcpu  1 xen-build-check(1)           blocked  n/a
 test-amd64-amd64-xl-pcipt-intel  1 xen-build-check(1)           blocked  n/a
 test-i386-i386-xl             1 xen-build-check(1)           blocked  n/a
 test-amd64-i386-xl            1 xen-build-check(1)           blocked  n/a
 test-amd64-i386-pv            1 xen-build-check(1)           blocked  n/a
 test-amd64-i386-qemuu-rhel6hvm-amd  1 xen-build-check(1)           blocked n/a
 test-amd64-amd64-xl-sedf-pin  1 xen-build-check(1)           blocked  n/a
 test-amd64-amd64-xl           1 xen-build-check(1)           blocked  n/a
 test-amd64-amd64-pv           1 xen-build-check(1)           blocked  n/a
 test-i386-i386-pv             1 xen-build-check(1)           blocked  n/a
 test-amd64-i386-rhel6hvm-intel  1 xen-build-check(1)           blocked  n/a
 test-amd64-i386-qemuu-rhel6hvm-intel  1 xen-build-check(1)         blocked n/a
 test-amd64-amd64-xl-sedf      1 xen-build-check(1)           blocked  n/a
 test-i386-i386-pair           1 xen-build-check(1)           blocked  n/a
 test-amd64-i386-xl-credit2    1 xen-build-check(1)           blocked  n/a
 test-amd64-i386-pair          1 xen-build-check(1)           blocked  n/a
 test-amd64-i386-xl-win7-amd64  1 xen-build-check(1)           blocked  n/a
 test-amd64-amd64-pair         1 xen-build-check(1)           blocked  n/a
 test-amd64-amd64-xl-win7-amd64  1 xen-build-check(1)           blocked  n/a
 test-amd64-i386-rhel6hvm-amd  1 xen-build-check(1)           blocked  n/a
 test-amd64-amd64-xl-qemuu-win7-amd64  1 xen-build-check(1)         blocked n/a
 test-amd64-i386-win-vcpus1    1 xen-build-check(1)           blocked  n/a
 test-i386-i386-win            1 xen-build-check(1)           blocked  n/a
 test-amd64-i386-xend-winxpsp3  1 xen-build-check(1)           blocked  n/a
 test-amd64-i386-win           1 xen-build-check(1)           blocked  n/a
 test-amd64-amd64-win          1 xen-build-check(1)           blocked  n/a
 test-amd64-i386-xl-winxpsp3-vcpus1  1 xen-build-check(1)           blocked n/a
 test-amd64-amd64-xl-winxpsp3  1 xen-build-check(1)           blocked  n/a
 test-amd64-i386-xl-win-vcpus1  1 xen-build-check(1)           blocked  n/a
 test-amd64-amd64-xl-win       1 xen-build-check(1)           blocked  n/a
 test-amd64-amd64-xl-qemuu-winxpsp3  1 xen-build-check(1)           blocked n/a
 test-i386-i386-xl-win         1 xen-build-check(1)           blocked  n/a
 test-i386-i386-xl-qemuu-winxpsp3  1 xen-build-check(1)           blocked  n/a
 test-i386-i386-xl-winxpsp3    1 xen-build-check(1)           blocked  n/a

version targeted for testing:
 xen                  512168f88df9
baseline version:
 xen                  79444af3258c

------------------------------------------------------------
People who touched revisions under test:
------------------------------------------------------------

jobs:
 build-amd64                                                  fail    
 build-i386                                                   fail    
 build-amd64-oldkern                                          fail    
 build-i386-oldkern                                           fail    
 build-amd64-pvops                                            pass    
 build-i386-pvops                                             pass    
 test-amd64-amd64-xl                                          blocked 
 test-amd64-i386-xl                                           blocked 
 test-i386-i386-xl                                            blocked 
 test-amd64-i386-rhel6hvm-amd                                 blocked 
 test-amd64-i386-qemuu-rhel6hvm-amd                           blocked 
 test-amd64-amd64-xl-qemuu-win7-amd64                         blocked 
 test-amd64-amd64-xl-win7-amd64                               blocked 
 test-amd64-i386-xl-win7-amd64                                blocked 
 test-amd64-i386-xl-credit2                                   blocked 
 test-amd64-amd64-xl-pcipt-intel                              blocked 
 test-amd64-i386-rhel6hvm-intel                               blocked 
 test-amd64-i386-qemuu-rhel6hvm-intel                         blocked 
 test-amd64-i386-xl-multivcpu                                 blocked 
 test-amd64-amd64-pair                                        blocked 
 test-amd64-i386-pair                                         blocked 
 test-i386-i386-pair                                          blocked 
 test-amd64-amd64-xl-sedf-pin                                 blocked 
 test-amd64-amd64-pv                                          blocked 
 test-amd64-i386-pv                                           blocked 
 test-i386-i386-pv                                            blocked 
 test-amd64-amd64-xl-sedf                                     blocked 
 test-amd64-i386-win-vcpus1                                   blocked 
 test-amd64-i386-xl-win-vcpus1                                blocked 
 test-amd64-i386-xl-winxpsp3-vcpus1                           blocked 
 test-amd64-amd64-win                                         blocked 
 test-amd64-i386-win                                          blocked 
 test-i386-i386-win                                           blocked 
 test-amd64-amd64-xl-win                                      blocked 
 test-i386-i386-xl-win                                        blocked 
 test-amd64-amd64-xl-qemuu-winxpsp3                           blocked 
 test-i386-i386-xl-qemuu-winxpsp3                             blocked 
 test-amd64-i386-xend-winxpsp3                                blocked 
 test-amd64-amd64-xl-winxpsp3                                 blocked 
 test-i386-i386-xl-winxpsp3                                   blocked 


------------------------------------------------------------
sg-report-flight on woking.cam.xci-test.com
logs: /home/xc_osstest/logs
images: /home/xc_osstest/images

Logs, config files, etc. are available at
    http://www.chiark.greenend.org.uk/~xensrcts/logs

Test harness code can be found at
    http://xenbits.xensource.com/gitweb?p=osstest.git;a=summary


Not pushing.

------------------------------------------------------------
changeset:   21616:512168f88df9
tag:         tip
user:        Ian Jackson <Ian.Jackson@eu.citrix.com>
date:        Tue Sep 11 14:35:26 2012 +0100
    
    QEMU_TAG update
    
    
changeset:   21615:79444af3258c
user:        Ian Jackson <Ian.Jackson@eu.citrix.com>
date:        Wed Sep 05 12:40:12 2012 +0100
    
    QEMU_TAG update (XSA-17 / CVE-2012-3515)
    
    
(qemu changes not included)

^ permalink raw reply	[flat|nested] 2+ messages in thread

end of thread, other threads:[~2012-09-12 13:46 UTC | newest]

Thread overview: 2+ messages (download: mbox.gz follow: Atom feed
-- links below jump to the message on this page --
2012-09-12 13:16 [xen-4.0-testing test] 13693: regressions - FAIL xen.org
2012-09-12 13:46 ` Ian Jackson

This is a public inbox, see mirroring instructions
for how to clone and mirror all data and code used for this inbox;
as well as URLs for NNTP newsgroup(s).