xen-devel.lists.xenproject.org archive mirror
 help / color / mirror / Atom feed
* [xen-4.0-testing test] 13698: regressions - FAIL
@ 2012-09-12 23:02 xen.org
  0 siblings, 0 replies; only message in thread
From: xen.org @ 2012-09-12 23:02 UTC (permalink / raw)
  To: xen-devel; +Cc: ian.jackson

flight 13698 xen-4.0-testing real [real]
http://www.chiark.greenend.org.uk/~xensrcts/logs/13698/

Regressions :-(

Tests which did not succeed and are blocking,
including tests which could not be run:
 build-amd64-pvops             4 kernel-build              fail REGR. vs. 13650

Regressions which are regarded as allowable (not blocking):
 test-amd64-i386-xl-credit2    5 xen-boot                     fail   like 13650

Tests which did not succeed, but are not blocking:
 test-amd64-i386-xl-multivcpu 15 guest-stop                   fail   never pass
 test-amd64-amd64-xl-pcipt-intel  1 xen-build-check(1)           blocked  n/a
 test-amd64-i386-xl           15 guest-stop                   fail   never pass
 test-amd64-amd64-xl-sedf-pin  1 xen-build-check(1)           blocked  n/a
 test-amd64-amd64-xl           1 xen-build-check(1)           blocked  n/a
 test-amd64-amd64-pv           1 xen-build-check(1)           blocked  n/a
 test-amd64-i386-qemuu-rhel6hvm-amd  7 redhat-install           fail never pass
 test-amd64-i386-qemuu-rhel6hvm-intel  7 redhat-install         fail never pass
 test-amd64-amd64-xl-sedf      1 xen-build-check(1)           blocked  n/a
 test-amd64-i386-xl-win7-amd64  8 guest-saverestore            fail  never pass
 test-amd64-amd64-pair         1 xen-build-check(1)           blocked  n/a
 test-amd64-amd64-xl-win7-amd64  1 xen-build-check(1)           blocked  n/a
 test-amd64-amd64-xl-qemuu-win7-amd64  1 xen-build-check(1)         blocked n/a
 test-amd64-i386-win-vcpus1   16 leak-check/check             fail   never pass
 test-i386-i386-win           16 leak-check/check             fail   never pass
 test-amd64-i386-xend-winxpsp3 16 leak-check/check             fail  never pass
 test-amd64-i386-rhel6hvm-intel  7 redhat-install               fail never pass
 test-amd64-i386-rhel6hvm-amd  7 redhat-install               fail   never pass
 test-i386-i386-xl            15 guest-stop                   fail   never pass
 test-amd64-i386-win          16 leak-check/check             fail   never pass
 test-amd64-amd64-win          1 xen-build-check(1)           blocked  n/a
 test-amd64-i386-xl-winxpsp3-vcpus1  7 windows-install          fail never pass
 test-amd64-amd64-xl-winxpsp3  1 xen-build-check(1)           blocked  n/a
 test-amd64-i386-xl-win-vcpus1  7 windows-install              fail  never pass
 test-amd64-amd64-xl-win       1 xen-build-check(1)           blocked  n/a
 test-amd64-amd64-xl-qemuu-winxpsp3  1 xen-build-check(1)           blocked n/a
 test-i386-i386-xl-win         7 windows-install              fail   never pass
 test-i386-i386-xl-qemuu-winxpsp3  7 windows-install            fail never pass
 test-i386-i386-xl-winxpsp3    7 windows-install              fail   never pass

version targeted for testing:
 xen                  1d1538beeada
baseline version:
 xen                  79444af3258c

------------------------------------------------------------
People who touched revisions under test:
------------------------------------------------------------

jobs:
 build-amd64                                                  pass    
 build-i386                                                   pass    
 build-amd64-oldkern                                          pass    
 build-i386-oldkern                                           pass    
 build-amd64-pvops                                            fail    
 build-i386-pvops                                             pass    
 test-amd64-amd64-xl                                          blocked 
 test-amd64-i386-xl                                           fail    
 test-i386-i386-xl                                            fail    
 test-amd64-i386-rhel6hvm-amd                                 fail    
 test-amd64-i386-qemuu-rhel6hvm-amd                           fail    
 test-amd64-amd64-xl-qemuu-win7-amd64                         blocked 
 test-amd64-amd64-xl-win7-amd64                               blocked 
 test-amd64-i386-xl-win7-amd64                                fail    
 test-amd64-i386-xl-credit2                                   fail    
 test-amd64-amd64-xl-pcipt-intel                              blocked 
 test-amd64-i386-rhel6hvm-intel                               fail    
 test-amd64-i386-qemuu-rhel6hvm-intel                         fail    
 test-amd64-i386-xl-multivcpu                                 fail    
 test-amd64-amd64-pair                                        blocked 
 test-amd64-i386-pair                                         pass    
 test-i386-i386-pair                                          pass    
 test-amd64-amd64-xl-sedf-pin                                 blocked 
 test-amd64-amd64-pv                                          blocked 
 test-amd64-i386-pv                                           pass    
 test-i386-i386-pv                                            pass    
 test-amd64-amd64-xl-sedf                                     blocked 
 test-amd64-i386-win-vcpus1                                   fail    
 test-amd64-i386-xl-win-vcpus1                                fail    
 test-amd64-i386-xl-winxpsp3-vcpus1                           fail    
 test-amd64-amd64-win                                         blocked 
 test-amd64-i386-win                                          fail    
 test-i386-i386-win                                           fail    
 test-amd64-amd64-xl-win                                      blocked 
 test-i386-i386-xl-win                                        fail    
 test-amd64-amd64-xl-qemuu-winxpsp3                           blocked 
 test-i386-i386-xl-qemuu-winxpsp3                             fail    
 test-amd64-i386-xend-winxpsp3                                fail    
 test-amd64-amd64-xl-winxpsp3                                 blocked 
 test-i386-i386-xl-winxpsp3                                   fail    


------------------------------------------------------------
sg-report-flight on woking.cam.xci-test.com
logs: /home/xc_osstest/logs
images: /home/xc_osstest/images

Logs, config files, etc. are available at
    http://www.chiark.greenend.org.uk/~xensrcts/logs

Test harness code can be found at
    http://xenbits.xensource.com/gitweb?p=osstest.git;a=summary


Not pushing.

------------------------------------------------------------
changeset:   21617:1d1538beeada
tag:         tip
user:        Ian Jackson <Ian.Jackson@eu.citrix.com>
date:        Wed Sep 12 11:18:03 2012 +0100
    
    QEMU_TAG fix to refer to correct tree
    
    
changeset:   21616:512168f88df9
user:        Ian Jackson <Ian.Jackson@eu.citrix.com>
date:        Tue Sep 11 14:35:26 2012 +0100
    
    QEMU_TAG update
    
    
changeset:   21615:79444af3258c
user:        Ian Jackson <Ian.Jackson@eu.citrix.com>
date:        Wed Sep 05 12:40:12 2012 +0100
    
    QEMU_TAG update (XSA-17 / CVE-2012-3515)
    
    
(qemu changes not included)

^ permalink raw reply	[flat|nested] only message in thread

only message in thread, other threads:[~2012-09-12 23:02 UTC | newest]

Thread overview: (only message) (download: mbox.gz follow: Atom feed
-- links below jump to the message on this page --
2012-09-12 23:02 [xen-4.0-testing test] 13698: regressions - FAIL xen.org

This is a public inbox, see mirroring instructions
for how to clone and mirror all data and code used for this inbox;
as well as URLs for NNTP newsgroup(s).