* [linux-3.0 test] 13915: tolerable FAIL - PUSHED
@ 2012-10-03 16:46 xen.org
0 siblings, 0 replies; only message in thread
From: xen.org @ 2012-10-03 16:46 UTC (permalink / raw)
To: xen-devel; +Cc: ian.jackson
flight 13915 linux-3.0 real [real]
http://www.chiark.greenend.org.uk/~xensrcts/logs/13915/
Failures :-/ but no regressions.
Regressions which are regarded as allowable (not blocking):
test-amd64-amd64-xl-sedf-pin 14 guest-localmigrate/x10 fail like 13777
test-amd64-amd64-xl-qemuu-win7-amd64 9 guest-localmigrate fail like 13777
test-amd64-amd64-xl-qemuu-winxpsp3 9 guest-localmigrate fail like 13777
Tests which did not succeed, but are not blocking:
test-amd64-amd64-xl-pcipt-intel 8 debian-fixup fail never pass
test-amd64-i386-xl-win7-amd64 13 guest-stop fail never pass
test-amd64-amd64-xl-win7-amd64 13 guest-stop fail never pass
test-amd64-i386-xl-winxpsp3-vcpus1 13 guest-stop fail never pass
test-amd64-amd64-win 16 leak-check/check fail never pass
test-amd64-amd64-xl-win 13 guest-stop fail never pass
test-amd64-i386-win 16 leak-check/check fail never pass
test-amd64-i386-win-vcpus1 16 leak-check/check fail never pass
test-amd64-i386-xl-win-vcpus1 13 guest-stop fail never pass
test-amd64-i386-xend-winxpsp3 16 leak-check/check fail never pass
test-amd64-amd64-xl-winxpsp3 13 guest-stop fail never pass
version targeted for testing:
linux b9a7985a8d9ca00d8ce977756fde1306c9ab1e41
baseline version:
linux 3d2e7b3b3e876fae210e55c872df8f6750ab0fa3
------------------------------------------------------------
People who touched revisions under test:
------------------------------------------------------------
jobs:
build-amd64 pass
build-i386 pass
build-amd64-pvops pass
build-i386-pvops pass
test-amd64-amd64-xl pass
test-amd64-i386-xl pass
test-amd64-i386-rhel6hvm-amd pass
test-amd64-i386-qemuu-rhel6hvm-amd pass
test-amd64-amd64-xl-qemuu-win7-amd64 fail
test-amd64-amd64-xl-win7-amd64 fail
test-amd64-i386-xl-win7-amd64 fail
test-amd64-i386-xl-credit2 pass
test-amd64-amd64-xl-pcipt-intel fail
test-amd64-i386-rhel6hvm-intel pass
test-amd64-i386-qemuu-rhel6hvm-intel pass
test-amd64-i386-xl-multivcpu pass
test-amd64-amd64-pair pass
test-amd64-i386-pair pass
test-amd64-amd64-xl-sedf-pin fail
test-amd64-amd64-pv pass
test-amd64-i386-pv pass
test-amd64-amd64-xl-sedf pass
test-amd64-i386-win-vcpus1 fail
test-amd64-i386-xl-win-vcpus1 fail
test-amd64-i386-xl-winxpsp3-vcpus1 fail
test-amd64-amd64-win fail
test-amd64-i386-win fail
test-amd64-amd64-xl-win fail
test-amd64-amd64-xl-qemuu-winxpsp3 fail
test-amd64-i386-xend-winxpsp3 fail
test-amd64-amd64-xl-winxpsp3 fail
------------------------------------------------------------
sg-report-flight on woking.cam.xci-test.com
logs: /home/xc_osstest/logs
images: /home/xc_osstest/images
Logs, config files, etc. are available at
http://www.chiark.greenend.org.uk/~xensrcts/logs
Test harness code can be found at
http://xenbits.xensource.com/gitweb?p=osstest.git;a=summary
Pushing revision :
+ branch=linux-3.0
+ revision=b9a7985a8d9ca00d8ce977756fde1306c9ab1e41
+ . cri-lock-repos
++ . cri-common
+++ umask 002
+++ getconfig Repos
+++ perl -e '
use Osstest;
readconfigonly();
print $c{Repos} or die $!;
'
++ repos=/export/home/osstest/repos
++ repos_lock=/export/home/osstest/repos/lock
++ '[' x '!=' x/export/home/osstest/repos/lock ']'
++ OSSTEST_REPOS_LOCK_LOCKED=/export/home/osstest/repos/lock
++ exec with-lock-ex -w /export/home/osstest/repos/lock ./ap-push linux-3.0 b9a7985a8d9ca00d8ce977756fde1306c9ab1e41
+ branch=linux-3.0
+ revision=b9a7985a8d9ca00d8ce977756fde1306c9ab1e41
+ . cri-lock-repos
++ . cri-common
+++ umask 002
+++ getconfig Repos
+++ perl -e '
use Osstest;
readconfigonly();
print $c{Repos} or die $!;
'
++ repos=/export/home/osstest/repos
++ repos_lock=/export/home/osstest/repos/lock
++ '[' x/export/home/osstest/repos/lock '!=' x/export/home/osstest/repos/lock ']'
+ . cri-common
++ umask 002
+ select_xenbranch
+ case "$branch" in
+ tree=linux
+ xenbranch=xen-unstable
+ '[' xlinux = xlinux ']'
+ linuxbranch=linux-3.0
+ : master
+ : tested/2.6.39.x
+ . ap-common
++ : xen@xenbits.xensource.com
++ : http://xenbits.xen.org/hg/staging/xen-unstable.hg
++ : git://xenbits.xen.org/staging/qemu-xen-unstable.git
++ : git://git.kernel.org
++ : git://git.kernel.org/pub/scm/linux/kernel/git
++ : git
++ : git://git.kernel.org/pub/scm/linux/kernel/git/stable/linux-stable.git
++ : master
++ : xen@xenbits.xensource.com:git/linux-pvops.git
++ : git://xenbits.xen.org/linux-pvops.git
++ : master
++ : git://git.kernel.org/pub/scm/linux/kernel/git/konrad/xen.git
++ : tested/2.6.39.x
++ : daily-cron.linux-3.0
++ : http://hg.uk.xensource.com/carbon/trunk/linux-2.6.27
++ : git://xenbits.xen.org/staging/qemu-upstream-unstable.git
++ : daily-cron.linux-3.0
+ TREE_LINUX=xen@xenbits.xensource.com:git/linux-pvops.git
+ TREE_QEMU_UPSTREAM=xen@xenbits.xensource.com:git/qemu-upstream-unstable.git
+ info_linux_tree linux-3.0
+ case $1 in
+ : git://git.kernel.org/pub/scm/linux/kernel/git/stable/linux-stable.git
+ : linux-3.0.y
+ : linux-3.0.y
+ : git
+ : git
+ : git://xenbits.xen.org/linux-pvops.git
+ : xen@xenbits.xensource.com:git/linux-pvops.git
+ : tested/linux-3.0
+ : tested/linux-3.0
+ return 0
+ cd /export/home/osstest/repos/linux
+ git push xen@xenbits.xensource.com:git/linux-pvops.git b9a7985a8d9ca00d8ce977756fde1306c9ab1e41:tested/linux-3.0
Counting objects: 1
Counting objects: 24
Counting objects: 630
Counting objects: 995, done.
Compressing objects: 0% (1/129)
Compressing objects: 1% (2/129)
Compressing objects: 2% (3/129)
Compressing objects: 3% (4/129)
Compressing objects: 4% (6/129)
Compressing objects: 5% (7/129)
Compressing objects: 6% (8/129)
Compressing objects: 7% (10/129)
Compressing objects: 8% (11/129)
Compressing objects: 9% (12/129)
Compressing objects: 10% (13/129)
Compressing objects: 11% (15/129)
Compressing objects: 12% (16/129)
Compressing objects: 13% (17/129)
Compressing objects: 14% (19/129)
Compressing objects: 15% (20/129)
Compressing objects: 16% (21/129)
Compressing objects: 17% (22/129)
Compressing objects: 18% (24/129)
Compressing objects: 19% (25/129)
Compressing objects: 20% (26/129)
Compressing objects: 21% (28/129)
Compressing objects: 22% (29/129)
Compressing objects: 23% (30/129)
Compressing objects: 24% (31/129)
Compressing objects: 25% (33/129)
Compressing objects: 26% (34/129)
Compressing objects: 27% (35/129)
Compressing objects: 28% (37/129)
Compressing objects: 29% (38/129)
Compressing objects: 30% (39/129)
Compressing objects: 31% (40/129)
Compressing objects: 32% (42/129)
Compressing objects: 33% (43/129)
Compressing objects: 34% (44/129)
Compressing objects: 35% (46/129)
Compressing objects: 36% (47/129)
Compressing objects: 37% (48/129)
Compressing objects: 38% (50/129)
Compressing objects: 39% (51/129)
Compressing objects: 40% (52/129)
Compressing objects: 41% (53/129)
Compressing objects: 42% (55/129)
Compressing objects: 43% (56/129)
Compressing objects: 44% (57/129)
Compressing objects: 45% (59/129)
Compressing objects: 46% (60/129)
Compressing objects: 47% (61/129)
Compressing objects: 48% (62/129)
Compressing objects: 49% (64/129)
Compressing objects: 50% (65/129)
Compressing objects: 51% (66/129)
Compressing objects: 52% (68/129)
Compressing objects: 53% (69/129)
Compressing objects: 54% (70/129)
Compressing objects: 55% (71/129)
Compressing objects: 56% (73/129)
Compressing objects: 57% (74/129)
Compressing objects: 58% (75/129)
Compressing objects: 59% (77/129)
Compressing objects: 60% (78/129)
Compressing objects: 61% (79/129)
Compressing objects: 62% (80/129)
Compressing objects: 63% (82/129)
Compressing objects: 64% (83/129)
Compressing objects: 65% (84/129)
Compressing objects: 66% (86/129)
Compressing objects: 67% (87/129)
Compressing objects: 68% (88/129)
Compressing objects: 69% (90/129)
Compressing objects: 70% (91/129)
Compressing objects: 71% (92/129)
Compressing objects: 72% (93/129)
Compressing objects: 73% (95/129)
Compressing objects: 74% (96/129)
Compressing objects: 75% (97/129)
Compressing objects: 76% (99/129)
Compressing objects: 77% (100/129)
Compressing objects: 78% (101/129)
Compressing objects: 79% (102/129)
Compressing objects: 80% (104/129)
Compressing objects: 81% (105/129)
Compressing objects: 82% (106/129)
Compressing objects: 83% (108/129)
Compressing objects: 84% (109/129)
Compressing objects: 85% (110/129)
Compressing objects: 86% (111/129)
Compressing objects: 87% (113/129)
Compressing objects: 88% (114/129)
Compressing objects: 89% (115/129)
Compressing objects: 90% (117/129)
Compressing objects: 91% (118/129)
Compressing objects: 92% (119/129)
Compressing objects: 93% (120/129)
Compressing objects: 94% (122/129)
Compressing objects: 95% (123/129)
Compressing objects: 96% (124/129)
Compressing objects: 97% (126/129)
Compressing objects: 98% (127/129)
Compressing objects: 99% (128/129)
Compressing objects: 100% (129/129)
Compressing objects: 100% (129/129), done.
Writing objects: 0% (1/746)
Writing objects: 1% (8/746)
Writing objects: 2% (15/746)
Writing objects: 3% (23/746)
Writing objects: 4% (30/746)
Writing objects: 5% (38/746)
Writing objects: 6% (45/746)
Writing objects: 7% (53/746)
Writing objects: 8% (60/746)
Writing objects: 9% (68/746)
Writing objects: 10% (75/746)
Writing objects: 11% (83/746)
Writing objects: 12% (90/746)
Writing objects: 13% (97/746)
Writing objects: 14% (105/746)
Writing objects: 15% (112/746)
Writing objects: 16% (120/746)
Writing objects: 17% (127/746)
Writing objects: 18% (135/746)
Writing objects: 19% (142/746)
Writing objects: 20% (150/746)
Writing objects: 21% (157/746)
Writing objects: 22% (165/746)
Writing objects: 23% (172/746)
Writing objects: 24% (180/746)
Writing objects: 25% (187/746)
Writing objects: 26% (194/746)
Writing objects: 27% (202/746)
Writing objects: 28% (209/746)
Writing objects: 29% (217/746)
Writing objects: 30% (224/746)
Writing objects: 31% (232/746)
Writing objects: 32% (239/746)
Writing objects: 33% (247/746)
Writing objects: 34% (254/746)
Writing objects: 35% (262/746)
Writing objects: 36% (269/746)
Writing objects: 37% (277/746)
Writing objects: 38% (284/746)
Writing objects: 39% (291/746)
Writing objects: 40% (299/746)
Writing objects: 41% (306/746)
Writing objects: 42% (314/746)
Writing objects: 43% (321/746)
Writing objects: 44% (329/746)
Writing objects: 45% (336/746)
Writing objects: 46% (344/746)
Writing objects: 47% (351/746)
Writing objects: 48% (359/746)
Writing objects: 49% (366/746)
Writing objects: 50% (373/746)
Writing objects: 51% (381/746)
Writing objects: 52% (388/746)
Writing objects: 53% (396/746)
Writing objects: 54% (403/746)
Writing objects: 55% (411/746)
Writing objects: 56% (418/746)
Writing objects: 57% (426/746)
Writing objects: 58% (433/746)
Writing objects: 59% (441/746)
Writing objects: 60% (448/746)
Writing objects: 61% (456/746)
Writing objects: 62% (463/746)
Writing objects: 63% (470/746)
Writing objects: 64% (478/746)
Writing objects: 65% (485/746)
Writing objects: 66% (493/746)
Writing objects: 67% (500/746)
Writing objects: 68% (508/746)
Writing objects: 69% (515/746)
Writing objects: 70% (523/746)
Writing objects: 71% (530/746)
Writing objects: 72% (538/746)
Writing objects: 73% (545/746)
Writing objects: 74% (553/746)
Writing objects: 75% (560/746)
Writing objects: 76% (567/746)
Writing objects: 77% (575/746)
Writing objects: 78% (582/746)
Writing objects: 79% (590/746)
Writing objects: 80% (597/746)
Writing objects: 81% (605/746)
Writing objects: 82% (612/746)
Writing objects: 83% (620/746)
Writing objects: 84% (627/746)
Writing objects: 85% (635/746)
Writing objects: 86% (642/746)
Writing objects: 87% (650/746)
Writing objects: 88% (657/746)
Writing objects: 89% (664/746)
Writing objects: 90% (672/746)
Writing objects: 91% (679/746)
Writing objects: 92% (687/746)
Writing objects: 93% (694/746)
Writing objects: 94% (702/746)
Writing objects: 95% (709/746)
Writing objects: 96% (717/746)
Writing objects: 97% (724/746)
Writing objects: 98% (732/746)
Writing objects: 99% (739/746)
Writing objects: 100% (746/746)
Writing objects: 100% (746/746), 139.75 KiB, done.
Total 746 (delta 615), reused 746 (delta 615)
To xen@xenbits.xensource.com:git/linux-pvops.git
Auto packing the repository for optimum performance.
3d2e7b3..b9a7985 b9a7985a8d9ca00d8ce977756fde1306c9ab1e41 -> tested/linux-3.0
+ exit 0
^ permalink raw reply [flat|nested] only message in thread
only message in thread, other threads:[~2012-10-03 16:46 UTC | newest]
Thread overview: (only message) (download: mbox.gz follow: Atom feed
-- links below jump to the message on this page --
2012-10-03 16:46 [linux-3.0 test] 13915: tolerable FAIL - PUSHED xen.org
This is a public inbox, see mirroring instructions
for how to clone and mirror all data and code used for this inbox;
as well as URLs for NNTP newsgroup(s).