xen-devel.lists.xenproject.org archive mirror
 help / color / mirror / Atom feed
* [xen-unstable test] 13916: trouble: broken/fail/pass
@ 2012-10-03 20:49 xen.org
  0 siblings, 0 replies; only message in thread
From: xen.org @ 2012-10-03 20:49 UTC (permalink / raw)
  To: xen-devel; +Cc: ian.jackson

flight 13916 xen-unstable real [real]
http://www.chiark.greenend.org.uk/~xensrcts/logs/13916/

Failures and problems with tests :-(

Tests which did not succeed and are blocking,
including tests which could not be run:
 test-amd64-i386-pair         4 host-install/dst_host(4) broken REGR. vs. 13914

Regressions which are regarded as allowable (not blocking):
 test-amd64-amd64-xl-sedf      5 xen-boot                     fail   like 13914
 test-amd64-amd64-xl-sedf-pin 10 guest-saverestore            fail   like 13914
 test-amd64-amd64-xl-qemuu-winxpsp3  9 guest-localmigrate       fail like 13914
 test-amd64-amd64-xl-qemuu-win7-amd64  9 guest-localmigrate     fail like 13914

Tests which did not succeed, but are not blocking:
 test-amd64-i386-win-vcpus1   16 leak-check/check             fail   never pass
 test-amd64-i386-xl-win-vcpus1 13 guest-stop                   fail  never pass
 test-amd64-i386-xl-win7-amd64 13 guest-stop                   fail  never pass
 test-amd64-i386-xend-winxpsp3 16 leak-check/check             fail  never pass
 test-amd64-i386-win          16 leak-check/check             fail   never pass
 test-amd64-i386-xl-winxpsp3-vcpus1 13 guest-stop               fail never pass
 test-amd64-amd64-xl-win7-amd64 13 guest-stop                   fail never pass
 test-amd64-amd64-xl-pcipt-intel  9 guest-start                 fail never pass
 test-amd64-amd64-win         16 leak-check/check             fail   never pass
 test-amd64-amd64-xl-winxpsp3 13 guest-stop                   fail   never pass
 test-amd64-amd64-xl-win      13 guest-stop                   fail   never pass

version targeted for testing:
 xen                  572821a5682b
baseline version:
 xen                  59dc1c2e7c54

------------------------------------------------------------
People who touched revisions under test:
  Keir Fraser <keir@xen.org>
  Matthew Fioravante <matthew.fioravante@jhuapl.edu>
------------------------------------------------------------

jobs:
 build-amd64                                                  pass    
 build-i386                                                   pass    
 build-amd64-oldkern                                          pass    
 build-i386-oldkern                                           pass    
 build-amd64-pvops                                            pass    
 build-i386-pvops                                             pass    
 test-amd64-amd64-xl                                          pass    
 test-amd64-i386-xl                                           pass    
 test-amd64-i386-rhel6hvm-amd                                 pass    
 test-amd64-i386-qemuu-rhel6hvm-amd                           pass    
 test-amd64-amd64-xl-qemuu-win7-amd64                         fail    
 test-amd64-amd64-xl-win7-amd64                               fail    
 test-amd64-i386-xl-win7-amd64                                fail    
 test-amd64-i386-xl-credit2                                   pass    
 test-amd64-amd64-xl-pcipt-intel                              fail    
 test-amd64-i386-rhel6hvm-intel                               pass    
 test-amd64-i386-qemuu-rhel6hvm-intel                         pass    
 test-amd64-i386-xl-multivcpu                                 pass    
 test-amd64-amd64-pair                                        pass    
 test-amd64-i386-pair                                         broken  
 test-amd64-amd64-xl-sedf-pin                                 fail    
 test-amd64-amd64-pv                                          pass    
 test-amd64-i386-pv                                           pass    
 test-amd64-amd64-xl-sedf                                     fail    
 test-amd64-i386-win-vcpus1                                   fail    
 test-amd64-i386-xl-win-vcpus1                                fail    
 test-amd64-i386-xl-winxpsp3-vcpus1                           fail    
 test-amd64-amd64-win                                         fail    
 test-amd64-i386-win                                          fail    
 test-amd64-amd64-xl-win                                      fail    
 test-amd64-amd64-xl-qemuu-winxpsp3                           fail    
 test-amd64-i386-xend-winxpsp3                                fail    
 test-amd64-amd64-xl-winxpsp3                                 fail    


------------------------------------------------------------
sg-report-flight on woking.cam.xci-test.com
logs: /home/xc_osstest/logs
images: /home/xc_osstest/images

Logs, config files, etc. are available at
    http://www.chiark.greenend.org.uk/~xensrcts/logs

Test harness code can be found at
    http://xenbits.xensource.com/gitweb?p=osstest.git;a=summary


Not pushing.

------------------------------------------------------------
changeset:   25980:572821a5682b
tag:         tip
user:        Keir Fraser <keir@xen.org>
date:        Wed Oct 03 12:59:30 2012 +0100
    
    MAINTAINERS: Move and fix up VTPM entry
    
    Signed-off-by: Keir Fraser <keir@xen.org>
    
    
changeset:   25979:59dc1c2e7c54
user:        Matthew Fioravante <matthew.fioravante@jhuapl.edu>
date:        Wed Oct 03 11:13:54 2012 +0100
    
    MAINTAINERS: Matthew Fioravante now maintains VTPM
    
    Signed-off-by: Matthew Fioravante <matthew.fioravante@jhuapl.edu>
    Committed-by: Keir Fraser <keir@xen.org>
    
    
(qemu changes not included)

^ permalink raw reply	[flat|nested] only message in thread

only message in thread, other threads:[~2012-10-03 20:49 UTC | newest]

Thread overview: (only message) (download: mbox.gz follow: Atom feed
-- links below jump to the message on this page --
2012-10-03 20:49 [xen-unstable test] 13916: trouble: broken/fail/pass xen.org

This is a public inbox, see mirroring instructions
for how to clone and mirror all data and code used for this inbox;
as well as URLs for NNTP newsgroup(s).