* [linux-3.0 test] 13961: tolerable FAIL - PUSHED
@ 2012-10-14 15:12 xen.org
0 siblings, 0 replies; only message in thread
From: xen.org @ 2012-10-14 15:12 UTC (permalink / raw)
To: xen-devel; +Cc: ian.jackson
flight 13961 linux-3.0 real [real]
http://www.chiark.greenend.org.uk/~xensrcts/logs/13961/
Failures :-/ but no regressions.
Tests which are failing intermittently (not blocking):
test-amd64-amd64-xl-sedf 5 xen-boot fail pass in 13959
test-amd64-i386-xl-multivcpu 14 guest-localmigrate/x10 fail in 13959 pass in 13961
Regressions which are regarded as allowable (not blocking):
test-amd64-amd64-xl-sedf-pin 10 guest-saverestore fail REGR. vs. 13948
test-amd64-amd64-xl-qemuu-win7-amd64 9 guest-localmigrate fail like 13948
test-amd64-amd64-xl-qemuu-winxpsp3 9 guest-localmigrate fail like 13948
Tests which did not succeed, but are not blocking:
test-amd64-amd64-xl-pcipt-intel 8 debian-fixup fail never pass
test-amd64-i386-xl-win7-amd64 13 guest-stop fail never pass
test-amd64-i386-xl-winxpsp3-vcpus1 13 guest-stop fail never pass
test-amd64-amd64-xl-win7-amd64 13 guest-stop fail never pass
test-amd64-amd64-xl-win 13 guest-stop fail never pass
test-amd64-amd64-win 16 leak-check/check fail never pass
test-amd64-i386-win 16 leak-check/check fail never pass
test-amd64-i386-xl-win-vcpus1 13 guest-stop fail never pass
test-amd64-i386-win-vcpus1 16 leak-check/check fail never pass
test-amd64-i386-xend-winxpsp3 16 leak-check/check fail never pass
test-amd64-amd64-xl-winxpsp3 13 guest-stop fail never pass
version targeted for testing:
linux 40e6f9362555294cf1ce8abb1981b11d622e04d6
baseline version:
linux 24e842ae6cb8179126246ebcbfc477b36a7b8719
------------------------------------------------------------
People who touched revisions under test:
------------------------------------------------------------
jobs:
build-amd64 pass
build-i386 pass
build-amd64-pvops pass
build-i386-pvops pass
test-amd64-amd64-xl pass
test-amd64-i386-xl pass
test-amd64-i386-rhel6hvm-amd pass
test-amd64-i386-qemuu-rhel6hvm-amd pass
test-amd64-amd64-xl-qemuu-win7-amd64 fail
test-amd64-amd64-xl-win7-amd64 fail
test-amd64-i386-xl-win7-amd64 fail
test-amd64-i386-xl-credit2 pass
test-amd64-amd64-xl-pcipt-intel fail
test-amd64-i386-rhel6hvm-intel pass
test-amd64-i386-qemuu-rhel6hvm-intel pass
test-amd64-i386-xl-multivcpu pass
test-amd64-amd64-pair pass
test-amd64-i386-pair pass
test-amd64-amd64-xl-sedf-pin fail
test-amd64-amd64-pv pass
test-amd64-i386-pv pass
test-amd64-amd64-xl-sedf fail
test-amd64-i386-win-vcpus1 fail
test-amd64-i386-xl-win-vcpus1 fail
test-amd64-i386-xl-winxpsp3-vcpus1 fail
test-amd64-amd64-win fail
test-amd64-i386-win fail
test-amd64-amd64-xl-win fail
test-amd64-amd64-xl-qemuu-winxpsp3 fail
test-amd64-i386-xend-winxpsp3 fail
test-amd64-amd64-xl-winxpsp3 fail
------------------------------------------------------------
sg-report-flight on woking.cam.xci-test.com
logs: /home/xc_osstest/logs
images: /home/xc_osstest/images
Logs, config files, etc. are available at
http://www.chiark.greenend.org.uk/~xensrcts/logs
Test harness code can be found at
http://xenbits.xensource.com/gitweb?p=osstest.git;a=summary
Pushing revision :
+ branch=linux-3.0
+ revision=40e6f9362555294cf1ce8abb1981b11d622e04d6
+ . cri-lock-repos
++ . cri-common
+++ umask 002
+++ getconfig Repos
+++ perl -e '
use Osstest;
readconfigonly();
print $c{Repos} or die $!;
'
++ repos=/export/home/osstest/repos
++ repos_lock=/export/home/osstest/repos/lock
++ '[' x '!=' x/export/home/osstest/repos/lock ']'
++ OSSTEST_REPOS_LOCK_LOCKED=/export/home/osstest/repos/lock
++ exec with-lock-ex -w /export/home/osstest/repos/lock ./ap-push linux-3.0 40e6f9362555294cf1ce8abb1981b11d622e04d6
+ branch=linux-3.0
+ revision=40e6f9362555294cf1ce8abb1981b11d622e04d6
+ . cri-lock-repos
++ . cri-common
+++ umask 002
+++ getconfig Repos
+++ perl -e '
use Osstest;
readconfigonly();
print $c{Repos} or die $!;
'
++ repos=/export/home/osstest/repos
++ repos_lock=/export/home/osstest/repos/lock
++ '[' x/export/home/osstest/repos/lock '!=' x/export/home/osstest/repos/lock ']'
+ . cri-common
++ umask 002
+ select_xenbranch
+ case "$branch" in
+ tree=linux
+ xenbranch=xen-unstable
+ '[' xlinux = xlinux ']'
+ linuxbranch=linux-3.0
+ : master
+ : tested/2.6.39.x
+ . ap-common
++ : xen@xenbits.xensource.com
++ : http://xenbits.xen.org/hg/staging/xen-unstable.hg
++ : git://xenbits.xen.org/staging/qemu-xen-unstable.git
++ : git://git.kernel.org
++ : git://git.kernel.org/pub/scm/linux/kernel/git
++ : git
++ : git://git.kernel.org/pub/scm/linux/kernel/git/stable/linux-stable.git
++ : master
++ : xen@xenbits.xensource.com:git/linux-pvops.git
++ : git://xenbits.xen.org/linux-pvops.git
++ : master
++ : git://git.kernel.org/pub/scm/linux/kernel/git/konrad/xen.git
++ : tested/2.6.39.x
++ : daily-cron.linux-3.0
++ : http://hg.uk.xensource.com/carbon/trunk/linux-2.6.27
++ : git://xenbits.xen.org/staging/qemu-upstream-unstable.git
++ : daily-cron.linux-3.0
+ TREE_LINUX=xen@xenbits.xensource.com:git/linux-pvops.git
+ TREE_QEMU_UPSTREAM=xen@xenbits.xensource.com:git/qemu-upstream-unstable.git
+ info_linux_tree linux-3.0
+ case $1 in
+ : git://git.kernel.org/pub/scm/linux/kernel/git/stable/linux-stable.git
+ : linux-3.0.y
+ : linux-3.0.y
+ : git
+ : git
+ : git://xenbits.xen.org/linux-pvops.git
+ : xen@xenbits.xensource.com:git/linux-pvops.git
+ : tested/linux-3.0
+ : tested/linux-3.0
+ return 0
+ cd /export/home/osstest/repos/linux
+ git push xen@xenbits.xensource.com:git/linux-pvops.git 40e6f9362555294cf1ce8abb1981b11d622e04d6:tested/linux-3.0
Counting objects: 1
Counting objects: 517
Counting objects: 574, done.
Compressing objects: 1% (1/83)
Compressing objects: 2% (2/83)
Compressing objects: 3% (3/83)
Compressing objects: 4% (4/83)
Compressing objects: 6% (5/83)
Compressing objects: 7% (6/83)
Compressing objects: 8% (7/83)
Compressing objects: 9% (8/83)
Compressing objects: 10% (9/83)
Compressing objects: 12% (10/83)
Compressing objects: 13% (11/83)
Compressing objects: 14% (12/83)
Compressing objects: 15% (13/83)
Compressing objects: 16% (14/83)
Compressing objects: 18% (15/83)
Compressing objects: 19% (16/83)
Compressing objects: 20% (17/83)
Compressing objects: 21% (18/83)
Compressing objects: 22% (19/83)
Compressing objects: 24% (20/83)
Compressing objects: 25% (21/83)
Compressing objects: 26% (22/83)
Compressing objects: 27% (23/83)
Compressing objects: 28% (24/83)
Compressing objects: 30% (25/83)
Compressing objects: 31% (26/83)
Compressing objects: 32% (27/83)
Compressing objects: 33% (28/83)
Compressing objects: 34% (29/83)
Compressing objects: 36% (30/83)
Compressing objects: 37% (31/83)
Compressing objects: 38% (32/83)
Compressing objects: 39% (33/83)
Compressing objects: 40% (34/83)
Compressing objects: 42% (35/83)
Compressing objects: 43% (36/83)
Compressing objects: 44% (37/83)
Compressing objects: 45% (38/83)
Compressing objects: 46% (39/83)
Compressing objects: 48% (40/83)
Compressing objects: 49% (41/83)
Compressing objects: 50% (42/83)
Compressing objects: 51% (43/83)
Compressing objects: 53% (44/83)
Compressing objects: 54% (45/83)
Compressing objects: 55% (46/83)
Compressing objects: 56% (47/83)
Compressing objects: 57% (48/83)
Compressing objects: 59% (49/83)
Compressing objects: 60% (50/83)
Compressing objects: 61% (51/83)
Compressing objects: 62% (52/83)
Compressing objects: 63% (53/83)
Compressing objects: 65% (54/83)
Compressing objects: 66% (55/83)
Compressing objects: 67% (56/83)
Compressing objects: 68% (57/83)
Compressing objects: 69% (58/83)
Compressing objects: 71% (59/83)
Compressing objects: 72% (60/83)
Compressing objects: 73% (61/83)
Compressing objects: 74% (62/83)
Compressing objects: 75% (63/83)
Compressing objects: 77% (64/83)
Compressing objects: 78% (65/83)
Compressing objects: 79% (66/83)
Compressing objects: 80% (67/83)
Compressing objects: 81% (68/83)
Compressing objects: 83% (69/83)
Compressing objects: 84% (70/83)
Compressing objects: 85% (71/83)
Compressing objects: 86% (72/83)
Compressing objects: 87% (73/83)
Compressing objects: 89% (74/83)
Compressing objects: 90% (75/83)
Compressing objects: 91% (76/83)
Compressing objects: 92% (77/83)
Compressing objects: 93% (78/83)
Compressing objects: 95% (79/83)
Compressing objects: 96% (80/83)
Compressing objects: 97% (81/83)
Compressing objects: 98% (82/83)
Compressing objects: 100% (83/83)
Compressing objects: 100% (83/83), done.
Writing objects: 0% (1/455)
Writing objects: 1% (5/455)
Writing objects: 2% (10/455)
Writing objects: 3% (14/455)
Writing objects: 4% (19/455)
Writing objects: 5% (23/455)
Writing objects: 6% (28/455)
Writing objects: 7% (32/455)
Writing objects: 8% (37/455)
Writing objects: 9% (41/455)
Writing objects: 10% (46/455)
Writing objects: 11% (52/455)
Writing objects: 12% (55/455)
Writing objects: 13% (60/455)
Writing objects: 14% (64/455)
Writing objects: 15% (69/455)
Writing objects: 16% (73/455)
Writing objects: 17% (78/455)
Writing objects: 18% (82/455)
Writing objects: 19% (87/455)
Writing objects: 20% (91/455)
Writing objects: 21% (96/455)
Writing objects: 22% (101/455)
Writing objects: 23% (105/455)
Writing objects: 24% (110/455)
Writing objects: 25% (114/455)
Writing objects: 26% (119/455)
Writing objects: 27% (123/455)
Writing objects: 28% (128/455)
Writing objects: 29% (132/455)
Writing objects: 30% (137/455)
Writing objects: 31% (142/455)
Writing objects: 32% (146/455)
Writing objects: 33% (151/455)
Writing objects: 34% (155/455)
Writing objects: 35% (160/455)
Writing objects: 36% (164/455)
Writing objects: 37% (169/455)
Writing objects: 38% (173/455)
Writing objects: 39% (178/455)
Writing objects: 40% (182/455)
Writing objects: 41% (187/455)
Writing objects: 42% (192/455)
Writing objects: 43% (196/455)
Writing objects: 44% (201/455)
Writing objects: 45% (205/455)
Writing objects: 46% (210/455)
Writing objects: 47% (214/455)
Writing objects: 48% (219/455)
Writing objects: 49% (223/455)
Writing objects: 50% (228/455)
Writing objects: 51% (233/455)
Writing objects: 52% (237/455)
Writing objects: 53% (242/455)
Writing objects: 54% (246/455)
Writing objects: 55% (251/455)
Writing objects: 56% (255/455)
Writing objects: 57% (260/455)
Writing objects: 58% (264/455)
Writing objects: 59% (269/455)
Writing objects: 60% (273/455)
Writing objects: 61% (278/455)
Writing objects: 62% (283/455)
Writing objects: 63% (287/455)
Writing objects: 64% (292/455)
Writing objects: 65% (296/455)
Writing objects: 66% (301/455)
Writing objects: 67% (305/455)
Writing objects: 68% (310/455)
Writing objects: 69% (314/455)
Writing objects: 70% (319/455)
Writing objects: 71% (324/455)
Writing objects: 72% (328/455)
Writing objects: 73% (333/455)
Writing objects: 74% (337/455)
Writing objects: 75% (342/455)
Writing objects: 76% (346/455)
Writing objects: 77% (351/455)
Writing objects: 78% (355/455)
Writing objects: 79% (360/455)
Writing objects: 80% (364/455)
Writing objects: 81% (369/455)
Writing objects: 82% (374/455)
Writing objects: 83% (378/455)
Writing objects: 84% (383/455)
Writing objects: 85% (387/455)
Writing objects: 86% (392/455)
Writing objects: 87% (396/455)
Writing objects: 88% (401/455)
Writing objects: 89% (405/455)
Writing objects: 90% (410/455)
Writing objects: 91% (415/455)
Writing objects: 92% (419/455)
Writing objects: 93% (424/455)
Writing objects: 94% (428/455)
Writing objects: 95% (433/455)
Writing objects: 96% (437/455)
Writing objects: 97% (442/455)
Writing objects: 98% (446/455)
Writing objects: 99% (451/455)
Writing objects: 100% (455/455)
Writing objects: 100% (455/455), 86.34 KiB, done.
Total 455 (delta 371), reused 455 (delta 371)
To xen@xenbits.xensource.com:git/linux-pvops.git
24e842a..40e6f93 40e6f9362555294cf1ce8abb1981b11d622e04d6 -> tested/linux-3.0
+ exit 0
^ permalink raw reply [flat|nested] only message in thread
only message in thread, other threads:[~2012-10-14 15:12 UTC | newest]
Thread overview: (only message) (download: mbox.gz follow: Atom feed
-- links below jump to the message on this page --
2012-10-14 15:12 [linux-3.0 test] 13961: tolerable FAIL - PUSHED xen.org
This is a public inbox, see mirroring instructions
for how to clone and mirror all data and code used for this inbox;
as well as URLs for NNTP newsgroup(s).