xen-devel.lists.xenproject.org archive mirror
 help / color / mirror / Atom feed
* [qemu-upstream-unstable test] 14570: regressions - FAIL
@ 2012-12-05 17:35 xen.org
  0 siblings, 0 replies; only message in thread
From: xen.org @ 2012-12-05 17:35 UTC (permalink / raw)
  To: xen-devel; +Cc: ian.jackson

flight 14570 qemu-upstream-unstable real [real]
http://www.chiark.greenend.org.uk/~xensrcts/logs/14570/

Regressions :-(

Tests which did not succeed and are blocking,
including tests which could not be run:
 test-amd64-amd64-xl-qemuu-win  8 guest-saverestore        fail REGR. vs. 14472

Tests which did not succeed, but are not blocking:
 test-amd64-i386-xl-qemuu-win-vcpus1 13 guest-stop              fail never pass
 test-amd64-i386-qemuu-win    16 leak-check/check             fail   never pass
 test-amd64-i386-xend-qemuu-winxpsp3 16 leak-check/check        fail never pass
 test-amd64-amd64-xl-qemuu-win7-amd64 13 guest-stop             fail never pass
 test-amd64-i386-qemuu-win-vcpus1 16 leak-check/check           fail never pass
 test-amd64-i386-xl-qemuu-win7-amd64 13 guest-stop              fail never pass
 test-amd64-i386-xl-qemuu-winxpsp3-vcpus1 13 guest-stop         fail never pass
 test-amd64-amd64-xl-qemuu-winxpsp3 13 guest-stop               fail never pass
 test-amd64-amd64-qemuu-win   16 leak-check/check             fail   never pass

version targeted for testing:
 qemuu                3752993df8af5cffa1b8219fe175d235597b4474
baseline version:
 qemuu                1e6f3bf92c84d9ba8fdc61f4deb1777e737c7a2c

------------------------------------------------------------
People who touched revisions under test:
------------------------------------------------------------

jobs:
 build-amd64                                                  pass    
 build-i386                                                   pass    
 build-amd64-oldkern                                          pass    
 build-i386-oldkern                                           pass    
 build-amd64-pvops                                            pass    
 build-i386-pvops                                             pass    
 test-amd64-i386-qemuu-rhel6hvm-amd                           pass    
 test-amd64-amd64-xl-qemuu-win7-amd64                         fail    
 test-amd64-i386-xl-qemuu-win7-amd64                          fail    
 test-amd64-i386-qemuu-rhel6hvm-intel                         pass    
 test-amd64-i386-qemuu-win-vcpus1                             fail    
 test-amd64-i386-xl-qemuu-win-vcpus1                          fail    
 test-amd64-i386-xl-qemuu-winxpsp3-vcpus1                     fail    
 test-amd64-amd64-qemuu-win                                   fail    
 test-amd64-i386-qemuu-win                                    fail    
 test-amd64-amd64-xl-qemuu-win                                fail    
 test-amd64-i386-xend-qemuu-winxpsp3                          fail    
 test-amd64-amd64-xl-qemuu-winxpsp3                           fail    


------------------------------------------------------------
sg-report-flight on woking.cam.xci-test.com
logs: /home/xc_osstest/logs
images: /home/xc_osstest/images

Logs, config files, etc. are available at
    http://www.chiark.greenend.org.uk/~xensrcts/logs

Test harness code can be found at
    http://xenbits.xensource.com/gitweb?p=osstest.git;a=summary


Not pushing.

------------------------------------------------------------
commit 3752993df8af5cffa1b8219fe175d235597b4474
Merge: 1e6f3bf... 6d6c9f5...
Author: Stefano Stabellini <stefano.stabellini@eu.citrix.com>
Date:   Wed Dec 5 11:31:01 2012 +0000

    Merge commit 'v1.3.0' into xen-staging-master-4

^ permalink raw reply	[flat|nested] only message in thread

only message in thread, other threads:[~2012-12-05 17:35 UTC | newest]

Thread overview: (only message) (download: mbox.gz follow: Atom feed
-- links below jump to the message on this page --
2012-12-05 17:35 [qemu-upstream-unstable test] 14570: regressions - FAIL xen.org

This is a public inbox, see mirroring instructions
for how to clone and mirror all data and code used for this inbox;
as well as URLs for NNTP newsgroup(s).