xen-devel.lists.xenproject.org archive mirror
 help / color / mirror / Atom feed
From: xen.org <ian.jackson@eu.citrix.com>
To: xen-devel@lists.xensource.com
Cc: ian.jackson@eu.citrix.com
Subject: [xen-4.1-testing test] 14677: regressions - FAIL
Date: Thu, 13 Dec 2012 05:12:42 +0000	[thread overview]
Message-ID: <osstest-14677-mainreport@xen.org> (raw)

flight 14677 xen-4.1-testing real [real]
http://www.chiark.greenend.org.uk/~xensrcts/logs/14677/

Regressions :-(

Tests which did not succeed and are blocking,
including tests which could not be run:
 test-amd64-i386-xl-qemut-winxpsp3-vcpus1 12 guest-localmigrate/x10 fail REGR. vs. 14675

Regressions which are regarded as allowable (not blocking):
 test-amd64-amd64-xl-pcipt-intel  8 debian-fixup                fail like 14675
 test-amd64-amd64-xl-sedf     11 guest-localmigrate        fail REGR. vs. 14675

Tests which did not succeed, but are not blocking:
 test-amd64-amd64-win         16 leak-check/check             fail   never pass
 test-i386-i386-xl-win        13 guest-stop                   fail   never pass
 test-i386-i386-xl-qemut-win  13 guest-stop                   fail   never pass
 test-amd64-i386-xl-qemut-win7-amd64 13 guest-stop              fail never pass
 test-amd64-i386-xend-qemut-winxpsp3 16 leak-check/check        fail never pass
 test-amd64-i386-xl-qemut-win-vcpus1 13 guest-stop              fail never pass
 test-i386-i386-win           16 leak-check/check             fail   never pass
 test-amd64-amd64-xl-win7-amd64 13 guest-stop                   fail never pass
 test-amd64-i386-qemut-win-vcpus1 16 leak-check/check           fail never pass
 test-amd64-amd64-xl-qemut-win7-amd64 13 guest-stop             fail never pass
 test-amd64-amd64-xl-qemuu-win7-amd64 13 guest-stop             fail never pass
 test-amd64-amd64-xl-winxpsp3 13 guest-stop                   fail   never pass
 test-amd64-i386-win-vcpus1   16 leak-check/check             fail   never pass
 test-amd64-i386-xl-win7-amd64 13 guest-stop                   fail  never pass
 test-amd64-i386-xl-win-vcpus1 13 guest-stop                   fail  never pass
 test-amd64-i386-xl-winxpsp3-vcpus1 13 guest-stop               fail never pass
 test-amd64-i386-xend-winxpsp3 16 leak-check/check             fail  never pass
 test-amd64-i386-win          16 leak-check/check             fail   never pass
 test-amd64-amd64-xl-qemut-win 13 guest-stop                   fail  never pass
 test-amd64-amd64-qemut-win   16 leak-check/check             fail   never pass
 test-amd64-i386-qemut-win    16 leak-check/check             fail   never pass
 test-i386-i386-qemut-win     16 leak-check/check             fail   never pass
 test-i386-i386-xl-winxpsp3   13 guest-stop                   fail   never pass
 test-amd64-amd64-xl-qemuu-winxpsp3 13 guest-stop               fail never pass
 test-amd64-amd64-xl-qemut-winxpsp3 13 guest-stop               fail never pass
 test-i386-i386-xl-qemut-winxpsp3 13 guest-stop                 fail never pass
 test-i386-i386-xl-qemuu-winxpsp3 13 guest-stop                 fail never pass
 test-amd64-amd64-xl-win      13 guest-stop                   fail   never pass

version targeted for testing:
 xen                  255a0b6a8104
baseline version:
 xen                  a866cc5b8235

------------------------------------------------------------
People who touched revisions under test:
  Greg Wettstein <greg@enjellic.com>
  Ian Campbell <ian.campbell@citrix.com>
  Ian Jackson <ian.jackson@eu.citrix.com>
------------------------------------------------------------

jobs:
 build-amd64                                                  pass    
 build-i386                                                   pass    
 build-amd64-oldkern                                          pass    
 build-i386-oldkern                                           pass    
 build-amd64-pvops                                            pass    
 build-i386-pvops                                             pass    
 test-amd64-amd64-xl                                          pass    
 test-amd64-i386-xl                                           pass    
 test-i386-i386-xl                                            pass    
 test-amd64-i386-rhel6hvm-amd                                 pass    
 test-amd64-i386-qemut-rhel6hvm-amd                           pass    
 test-amd64-i386-qemuu-rhel6hvm-amd                           pass    
 test-amd64-amd64-xl-qemut-win7-amd64                         fail    
 test-amd64-i386-xl-qemut-win7-amd64                          fail    
 test-amd64-amd64-xl-qemuu-win7-amd64                         fail    
 test-amd64-amd64-xl-win7-amd64                               fail    
 test-amd64-i386-xl-win7-amd64                                fail    
 test-amd64-i386-xl-credit2                                   pass    
 test-amd64-amd64-xl-pcipt-intel                              fail    
 test-amd64-i386-rhel6hvm-intel                               pass    
 test-amd64-i386-qemut-rhel6hvm-intel                         pass    
 test-amd64-i386-qemuu-rhel6hvm-intel                         pass    
 test-amd64-i386-xl-multivcpu                                 pass    
 test-amd64-amd64-pair                                        pass    
 test-amd64-i386-pair                                         pass    
 test-i386-i386-pair                                          pass    
 test-amd64-amd64-xl-sedf-pin                                 pass    
 test-amd64-amd64-pv                                          pass    
 test-amd64-i386-pv                                           pass    
 test-i386-i386-pv                                            pass    
 test-amd64-amd64-xl-sedf                                     fail    
 test-amd64-i386-win-vcpus1                                   fail    
 test-amd64-i386-qemut-win-vcpus1                             fail    
 test-amd64-i386-xl-qemut-win-vcpus1                          fail    
 test-amd64-i386-xl-win-vcpus1                                fail    
 test-amd64-i386-xl-qemut-winxpsp3-vcpus1                     fail    
 test-amd64-i386-xl-winxpsp3-vcpus1                           fail    
 test-amd64-amd64-win                                         fail    
 test-amd64-i386-win                                          fail    
 test-i386-i386-win                                           fail    
 test-amd64-amd64-qemut-win                                   fail    
 test-amd64-i386-qemut-win                                    fail    
 test-i386-i386-qemut-win                                     fail    
 test-amd64-amd64-xl-qemut-win                                fail    
 test-i386-i386-xl-qemut-win                                  fail    
 test-amd64-amd64-xl-win                                      fail    
 test-i386-i386-xl-win                                        fail    
 test-amd64-i386-xend-qemut-winxpsp3                          fail    
 test-amd64-amd64-xl-qemut-winxpsp3                           fail    
 test-i386-i386-xl-qemut-winxpsp3                             fail    
 test-amd64-amd64-xl-qemuu-winxpsp3                           fail    
 test-i386-i386-xl-qemuu-winxpsp3                             fail    
 test-amd64-i386-xend-winxpsp3                                fail    
 test-amd64-amd64-xl-winxpsp3                                 fail    
 test-i386-i386-xl-winxpsp3                                   fail    


------------------------------------------------------------
sg-report-flight on woking.cam.xci-test.com
logs: /home/xc_osstest/logs
images: /home/xc_osstest/images

Logs, config files, etc. are available at
    http://www.chiark.greenend.org.uk/~xensrcts/logs

Test harness code can be found at
    http://xenbits.xensource.com/gitweb?p=osstest.git;a=summary


Not pushing.

------------------------------------------------------------
changeset:   23427:255a0b6a8104
tag:         tip
user:        Ian Jackson <Ian.Jackson@eu.citrix.com>
date:        Wed Dec 12 17:41:15 2012 +0000
    
    From: Ian Campbell <ian.campbell@citrix.com>
    
    libxl: attempt to cleanup tapdisk processes on disk backend destroy.
    
    This patch properly terminates the tapdisk2 process(es) started
    to service a virtual block device.
    
    Signed-off-by: Ian Campbell <ian.campbell@citrix.com>
    Committed-by: Ian Jackson <ian.jackson@eu.citrix.com>
    
    xen-unstable changeset: 23883:7998217630e2
    xen-unstable date: Wed Sep 28 16:42:11 2011 +0100
    Signed-off-by: Greg Wettstein <greg@enjellic.com>
    Backport-requested-by: Greg Wettstein <greg@enjellic.com>
    Committed-by: Ian Jackson <ian.jackson@eu.citrix.com>
    
    
changeset:   23426:a866cc5b8235
user:        Keir Fraser <keir@xen.org>
date:        Wed Dec 12 09:40:16 2012 +0000
    
    Added signature for changeset 0125069bc1b2
    
    
(qemu changes not included)

                 reply	other threads:[~2012-12-13  5:12 UTC|newest]

Thread overview: [no followups] expand[flat|nested]  mbox.gz  Atom feed

Reply instructions:

You may reply publicly to this message via plain-text email
using any one of the following methods:

* Save the following mbox file, import it into your mail client,
  and reply-to-all from there: mbox

  Avoid top-posting and favor interleaved quoting:
  https://en.wikipedia.org/wiki/Posting_style#Interleaved_style

* Reply using the --to, --cc, and --in-reply-to
  switches of git-send-email(1):

  git send-email \
    --in-reply-to=osstest-14677-mainreport@xen.org \
    --to=ian.jackson@eu.citrix.com \
    --cc=xen-devel@lists.xensource.com \
    /path/to/YOUR_REPLY

  https://kernel.org/pub/software/scm/git/docs/git-send-email.html

* If your mail client supports setting the In-Reply-To header
  via mailto: links, try the mailto: link
Be sure your reply has a Subject: header at the top and a blank line before the message body.
This is a public inbox, see mirroring instructions
for how to clone and mirror all data and code used for this inbox;
as well as URLs for NNTP newsgroup(s).