* [linux-3.0 test] 14779: trouble: broken/fail/pass
@ 2012-12-18 17:23 xen.org
0 siblings, 0 replies; only message in thread
From: xen.org @ 2012-12-18 17:23 UTC (permalink / raw)
To: xen-devel; +Cc: ian.jackson
flight 14779 linux-3.0 real [real]
http://www.chiark.greenend.org.uk/~xensrcts/logs/14779/
Failures and problems with tests :-(
Tests which did not succeed and are blocking,
including tests which could not be run:
test-amd64-amd64-xl-win7-amd64 3 host-install(3) broken REGR. vs. 14670
Regressions which are regarded as allowable (not blocking):
test-amd64-amd64-xl-sedf-pin 10 guest-saverestore fail like 14670
test-amd64-amd64-xl-sedf 5 xen-boot fail like 14670
Tests which did not succeed, but are not blocking:
test-amd64-amd64-xl-pcipt-intel 8 debian-fixup fail never pass
test-amd64-i386-xl-win7-amd64 13 guest-stop fail never pass
test-amd64-i386-xl-winxpsp3-vcpus1 13 guest-stop fail never pass
test-amd64-i386-xl-qemut-win-vcpus1 13 guest-stop fail never pass
test-amd64-amd64-win 16 leak-check/check fail never pass
test-amd64-amd64-xl-win 13 guest-stop fail never pass
test-amd64-i386-win 16 leak-check/check fail never pass
test-amd64-i386-qemut-win-vcpus1 16 leak-check/check fail never pass
test-amd64-amd64-xl-qemut-win7-amd64 13 guest-stop fail never pass
test-amd64-i386-win-vcpus1 16 leak-check/check fail never pass
test-amd64-i386-xl-win-vcpus1 13 guest-stop fail never pass
test-amd64-i386-xl-qemut-win7-amd64 13 guest-stop fail never pass
test-amd64-amd64-xl-qemuu-win7-amd64 13 guest-stop fail never pass
test-amd64-amd64-qemut-win 16 leak-check/check fail never pass
test-amd64-i386-xend-qemut-winxpsp3 16 leak-check/check fail never pass
test-amd64-i386-xl-qemut-winxpsp3-vcpus1 13 guest-stop fail never pass
test-amd64-i386-xend-winxpsp3 16 leak-check/check fail never pass
test-amd64-i386-qemut-win 16 leak-check/check fail never pass
test-amd64-amd64-xl-qemut-win 13 guest-stop fail never pass
test-amd64-amd64-xl-winxpsp3 13 guest-stop fail never pass
test-amd64-amd64-xl-qemuu-winxpsp3 13 guest-stop fail never pass
test-amd64-amd64-xl-qemut-winxpsp3 13 guest-stop fail never pass
version targeted for testing:
linux 881c0a027c495dd35992346176a40d39a7666fb9
baseline version:
linux 4eb15b7fe7ad2a055f79eb1056a0c2d3317ff6f0
------------------------------------------------------------
People who touched revisions under test:
------------------------------------------------------------
jobs:
build-amd64 pass
build-i386 pass
build-amd64-pvops pass
build-i386-pvops pass
test-amd64-amd64-xl pass
test-amd64-i386-xl pass
test-amd64-i386-rhel6hvm-amd pass
test-amd64-i386-qemut-rhel6hvm-amd pass
test-amd64-i386-qemuu-rhel6hvm-amd pass
test-amd64-amd64-xl-qemut-win7-amd64 fail
test-amd64-i386-xl-qemut-win7-amd64 fail
test-amd64-amd64-xl-qemuu-win7-amd64 fail
test-amd64-amd64-xl-win7-amd64 broken
test-amd64-i386-xl-win7-amd64 fail
test-amd64-i386-xl-credit2 pass
test-amd64-amd64-xl-pcipt-intel fail
test-amd64-i386-rhel6hvm-intel pass
test-amd64-i386-qemut-rhel6hvm-intel pass
test-amd64-i386-qemuu-rhel6hvm-intel pass
test-amd64-i386-xl-multivcpu pass
test-amd64-amd64-pair pass
test-amd64-i386-pair pass
test-amd64-amd64-xl-sedf-pin fail
test-amd64-amd64-pv pass
test-amd64-i386-pv pass
test-amd64-amd64-xl-sedf fail
test-amd64-i386-win-vcpus1 fail
test-amd64-i386-qemut-win-vcpus1 fail
test-amd64-i386-xl-qemut-win-vcpus1 fail
test-amd64-i386-xl-win-vcpus1 fail
test-amd64-i386-xl-qemut-winxpsp3-vcpus1 fail
test-amd64-i386-xl-winxpsp3-vcpus1 fail
test-amd64-amd64-win fail
test-amd64-i386-win fail
test-amd64-amd64-qemut-win fail
test-amd64-i386-qemut-win fail
test-amd64-amd64-xl-qemut-win fail
test-amd64-amd64-xl-win fail
test-amd64-i386-xend-qemut-winxpsp3 fail
test-amd64-amd64-xl-qemut-winxpsp3 fail
test-amd64-amd64-xl-qemuu-winxpsp3 fail
test-amd64-i386-xend-winxpsp3 fail
test-amd64-amd64-xl-winxpsp3 fail
------------------------------------------------------------
sg-report-flight on woking.cam.xci-test.com
logs: /home/xc_osstest/logs
images: /home/xc_osstest/images
Logs, config files, etc. are available at
http://www.chiark.greenend.org.uk/~xensrcts/logs
Test harness code can be found at
http://xenbits.xensource.com/gitweb?p=osstest.git;a=summary
Not pushing.
------------------------------------------------------------
commit 881c0a027c495dd35992346176a40d39a7666fb9
Author: Greg Kroah-Hartman <gregkh@linuxfoundation.org>
Date: Mon Dec 17 10:56:46 2012 -0800
Linux 3.0.57
^ permalink raw reply [flat|nested] only message in thread
only message in thread, other threads:[~2012-12-18 17:23 UTC | newest]
Thread overview: (only message) (download: mbox.gz follow: Atom feed
-- links below jump to the message on this page --
2012-12-18 17:23 [linux-3.0 test] 14779: trouble: broken/fail/pass xen.org
This is a public inbox, see mirroring instructions
for how to clone and mirror all data and code used for this inbox;
as well as URLs for NNTP newsgroup(s).