From mboxrd@z Thu Jan 1 00:00:00 1970 From: xen.org Subject: [xen-4.1-testing test] 14781: regressions - FAIL Date: Wed, 19 Dec 2012 01:29:49 +0000 Message-ID: Mime-Version: 1.0 Content-Type: text/plain; charset="us-ascii" Content-Transfer-Encoding: 7bit Return-path: List-Unsubscribe: , List-Post: List-Help: List-Subscribe: , Sender: xen-devel-bounces@lists.xen.org Errors-To: xen-devel-bounces@lists.xen.org To: xen-devel@lists.xensource.com Cc: ian.jackson@eu.citrix.com List-Id: xen-devel@lists.xenproject.org flight 14781 xen-4.1-testing real [real] http://www.chiark.greenend.org.uk/~xensrcts/logs/14781/ Regressions :-( Tests which did not succeed and are blocking, including tests which could not be run: test-amd64-amd64-xl-qemut-winxpsp3 12 guest-localmigrate/x10 fail REGR. vs. 14773 Regressions which are regarded as allowable (not blocking): test-amd64-amd64-xl-pcipt-intel 8 debian-fixup fail like 14773 Tests which did not succeed, but are not blocking: test-amd64-amd64-win 16 leak-check/check fail never pass test-amd64-i386-xl-qemut-win7-amd64 13 guest-stop fail never pass test-i386-i386-xl-qemut-win 13 guest-stop fail never pass test-i386-i386-xl-win 13 guest-stop fail never pass test-amd64-i386-xend-qemut-winxpsp3 16 leak-check/check fail never pass test-amd64-i386-xl-qemut-win-vcpus1 13 guest-stop fail never pass test-i386-i386-win 16 leak-check/check fail never pass test-amd64-amd64-xl-win7-amd64 13 guest-stop fail never pass test-amd64-i386-qemut-win-vcpus1 16 leak-check/check fail never pass test-amd64-amd64-xl-qemut-win7-amd64 13 guest-stop fail never pass test-amd64-i386-xl-win7-amd64 13 guest-stop fail never pass test-amd64-i386-xl-win-vcpus1 13 guest-stop fail never pass test-amd64-i386-win-vcpus1 16 leak-check/check fail never pass test-amd64-amd64-xl-qemuu-win7-amd64 13 guest-stop fail never pass test-amd64-amd64-xl-winxpsp3 13 guest-stop fail never pass test-amd64-i386-xl-winxpsp3-vcpus1 13 guest-stop fail never pass test-amd64-i386-xend-winxpsp3 16 leak-check/check fail never pass test-amd64-i386-win 16 leak-check/check fail never pass test-i386-i386-qemut-win 16 leak-check/check fail never pass test-amd64-i386-xl-qemut-winxpsp3-vcpus1 13 guest-stop fail never pass test-amd64-amd64-qemut-win 16 leak-check/check fail never pass test-amd64-i386-qemut-win 16 leak-check/check fail never pass test-i386-i386-xl-winxpsp3 13 guest-stop fail never pass test-amd64-amd64-xl-qemuu-winxpsp3 13 guest-stop fail never pass test-amd64-amd64-xl-win 13 guest-stop fail never pass test-amd64-amd64-xl-qemut-win 13 guest-stop fail never pass test-i386-i386-xl-qemuu-winxpsp3 13 guest-stop fail never pass test-i386-i386-xl-qemut-winxpsp3 13 guest-stop fail never pass version targeted for testing: xen b13c5ee3c109 baseline version: xen 516dbd9deb4f ------------------------------------------------------------ People who touched revisions under test: Ian Jackson ------------------------------------------------------------ jobs: build-amd64 pass build-i386 pass build-amd64-oldkern pass build-i386-oldkern pass build-amd64-pvops pass build-i386-pvops pass test-amd64-amd64-xl pass test-amd64-i386-xl pass test-i386-i386-xl pass test-amd64-i386-rhel6hvm-amd pass test-amd64-i386-qemut-rhel6hvm-amd pass test-amd64-i386-qemuu-rhel6hvm-amd pass test-amd64-amd64-xl-qemut-win7-amd64 fail test-amd64-i386-xl-qemut-win7-amd64 fail test-amd64-amd64-xl-qemuu-win7-amd64 fail test-amd64-amd64-xl-win7-amd64 fail test-amd64-i386-xl-win7-amd64 fail test-amd64-i386-xl-credit2 pass test-amd64-amd64-xl-pcipt-intel fail test-amd64-i386-rhel6hvm-intel pass test-amd64-i386-qemut-rhel6hvm-intel pass test-amd64-i386-qemuu-rhel6hvm-intel pass test-amd64-i386-xl-multivcpu pass test-amd64-amd64-pair pass test-amd64-i386-pair pass test-i386-i386-pair pass test-amd64-amd64-xl-sedf-pin pass test-amd64-amd64-pv pass test-amd64-i386-pv pass test-i386-i386-pv pass test-amd64-amd64-xl-sedf pass test-amd64-i386-win-vcpus1 fail test-amd64-i386-qemut-win-vcpus1 fail test-amd64-i386-xl-qemut-win-vcpus1 fail test-amd64-i386-xl-win-vcpus1 fail test-amd64-i386-xl-qemut-winxpsp3-vcpus1 fail test-amd64-i386-xl-winxpsp3-vcpus1 fail test-amd64-amd64-win fail test-amd64-i386-win fail test-i386-i386-win fail test-amd64-amd64-qemut-win fail test-amd64-i386-qemut-win fail test-i386-i386-qemut-win fail test-amd64-amd64-xl-qemut-win fail test-i386-i386-xl-qemut-win fail test-amd64-amd64-xl-win fail test-i386-i386-xl-win fail test-amd64-i386-xend-qemut-winxpsp3 fail test-amd64-amd64-xl-qemut-winxpsp3 fail test-i386-i386-xl-qemut-winxpsp3 fail test-amd64-amd64-xl-qemuu-winxpsp3 fail test-i386-i386-xl-qemuu-winxpsp3 fail test-amd64-i386-xend-winxpsp3 fail test-amd64-amd64-xl-winxpsp3 fail test-i386-i386-xl-winxpsp3 fail ------------------------------------------------------------ sg-report-flight on woking.cam.xci-test.com logs: /home/xc_osstest/logs images: /home/xc_osstest/images Logs, config files, etc. are available at http://www.chiark.greenend.org.uk/~xensrcts/logs Test harness code can be found at http://xenbits.xensource.com/gitweb?p=osstest.git;a=summary Not pushing. ------------------------------------------------------------ changeset: 23432:b13c5ee3c109 tag: tip user: Ian Jackson date: Tue Dec 18 12:53:15 2012 +0000 Added signature for changeset 12c4c4c0a715 changeset: 23431:0fa518f50193 user: Jan Beulich date: Tue Dec 18 13:36:34 2012 +0100 Added tag RELEASE-4.1.4 for changeset 12c4c4c0a715 changeset: 23430:12c4c4c0a715 tag: RELEASE-4.1.4 user: Jan Beulich date: Tue Dec 18 13:35:59 2012 +0100 update Xen version to 4.1.4 changeset: 23429:516dbd9deb4f user: Ian Jackson date: Mon Dec 17 11:54:52 2012 +0000 libxl: revert 23428:93e17b0cd035 "avoid blktap2 deadlock" This results in additional leakage in xenstore according to the automated tests. Committed-by: Ian Jackson (qemu changes not included)