* [xen-unstable test] 14801: regressions - FAIL
@ 2012-12-20 22:11 xen.org
0 siblings, 0 replies; only message in thread
From: xen.org @ 2012-12-20 22:11 UTC (permalink / raw)
To: xen-devel; +Cc: ian.jackson
[-- Attachment #1: Type: text/plain, Size: 13022 bytes --]
flight 14801 xen-unstable real [real]
http://www.chiark.greenend.org.uk/~xensrcts/logs/14801/
Regressions :-(
Tests which did not succeed and are blocking,
including tests which could not be run:
test-amd64-amd64-xl-qemuu-win7-amd64 8 guest-saverestore fail REGR. vs. 14796
Regressions which are regarded as allowable (not blocking):
test-amd64-amd64-xl-sedf-pin 10 guest-saverestore fail like 14796
test-amd64-amd64-xl-sedf 5 xen-boot fail like 14796
Tests which did not succeed, but are not blocking:
test-amd64-amd64-xl-pcipt-intel 9 guest-start fail never pass
test-amd64-i386-xend-winxpsp3 16 leak-check/check fail never pass
test-amd64-i386-win 16 leak-check/check fail never pass
test-amd64-i386-xl-win-vcpus1 13 guest-stop fail never pass
test-amd64-i386-qemut-win-vcpus1 16 leak-check/check fail never pass
test-amd64-amd64-xl-qemuu-winxpsp3 13 guest-stop fail never pass
test-amd64-amd64-xl-qemut-win7-amd64 13 guest-stop fail never pass
test-amd64-amd64-win 16 leak-check/check fail never pass
test-amd64-i386-xl-win7-amd64 13 guest-stop fail never pass
test-amd64-i386-xl-qemut-win7-amd64 13 guest-stop fail never pass
test-amd64-i386-win-vcpus1 16 leak-check/check fail never pass
test-amd64-amd64-xl-winxpsp3 13 guest-stop fail never pass
test-amd64-i386-xl-qemut-winxpsp3-vcpus1 13 guest-stop fail never pass
test-amd64-i386-xl-winxpsp3-vcpus1 13 guest-stop fail never pass
test-amd64-i386-xl-qemut-win-vcpus1 13 guest-stop fail never pass
test-amd64-i386-xend-qemut-winxpsp3 16 leak-check/check fail never pass
test-amd64-i386-qemut-win 16 leak-check/check fail never pass
test-amd64-amd64-xl-qemut-winxpsp3 13 guest-stop fail never pass
test-amd64-amd64-xl-win7-amd64 13 guest-stop fail never pass
test-amd64-amd64-xl-win 13 guest-stop fail never pass
test-amd64-amd64-qemut-win 16 leak-check/check fail never pass
test-amd64-amd64-xl-qemut-win 13 guest-stop fail never pass
version targeted for testing:
xen 6f5c96855a9e
baseline version:
xen 090cc3e20d3e
------------------------------------------------------------
People who touched revisions under test:
Ian Campbell <ian.campbell@citrix.com>
Ian Jackson <ian.jackson@eu.citrix.com>
Jan Beulich <jbeulich@suse.com>
Keir Fraser <keir@xen.org>
Roger Pau Monné <roger.pau@citrix.com>
Stefano Stabellini <stefano.stabellini@eu.citrix.com>
Tim Deegan <tim@xen.org>
------------------------------------------------------------
jobs:
build-amd64 pass
build-i386 pass
build-amd64-oldkern pass
build-i386-oldkern pass
build-amd64-pvops pass
build-i386-pvops pass
test-amd64-amd64-xl pass
test-amd64-i386-xl pass
test-amd64-i386-rhel6hvm-amd pass
test-amd64-i386-qemut-rhel6hvm-amd pass
test-amd64-i386-qemuu-rhel6hvm-amd pass
test-amd64-amd64-xl-qemut-win7-amd64 fail
test-amd64-i386-xl-qemut-win7-amd64 fail
test-amd64-amd64-xl-qemuu-win7-amd64 fail
test-amd64-amd64-xl-win7-amd64 fail
test-amd64-i386-xl-win7-amd64 fail
test-amd64-i386-xl-credit2 pass
test-amd64-amd64-xl-pcipt-intel fail
test-amd64-i386-rhel6hvm-intel pass
test-amd64-i386-qemut-rhel6hvm-intel pass
test-amd64-i386-qemuu-rhel6hvm-intel pass
test-amd64-i386-xl-multivcpu pass
test-amd64-amd64-pair pass
test-amd64-i386-pair pass
test-amd64-amd64-xl-sedf-pin fail
test-amd64-amd64-pv pass
test-amd64-i386-pv pass
test-amd64-amd64-xl-sedf fail
test-amd64-i386-win-vcpus1 fail
test-amd64-i386-qemut-win-vcpus1 fail
test-amd64-i386-xl-qemut-win-vcpus1 fail
test-amd64-i386-xl-win-vcpus1 fail
test-amd64-i386-xl-qemut-winxpsp3-vcpus1 fail
test-amd64-i386-xl-winxpsp3-vcpus1 fail
test-amd64-amd64-win fail
test-amd64-i386-win fail
test-amd64-amd64-qemut-win fail
test-amd64-i386-qemut-win fail
test-amd64-amd64-xl-qemut-win fail
test-amd64-amd64-xl-win fail
test-amd64-i386-xend-qemut-winxpsp3 fail
test-amd64-amd64-xl-qemut-winxpsp3 fail
test-amd64-amd64-xl-qemuu-winxpsp3 fail
test-amd64-i386-xend-winxpsp3 fail
test-amd64-amd64-xl-winxpsp3 fail
------------------------------------------------------------
sg-report-flight on woking.cam.xci-test.com
logs: /home/xc_osstest/logs
images: /home/xc_osstest/images
Logs, config files, etc. are available at
http://www.chiark.greenend.org.uk/~xensrcts/logs
Test harness code can be found at
http://xenbits.xensource.com/gitweb?p=osstest.git;a=summary
Not pushing.
------------------------------------------------------------
changeset: 26318:6f5c96855a9e
tag: tip
user: Jan Beulich <jbeulich@suse.com>
date: Thu Dec 20 11:00:32 2012 +0100
x86: also print CRn register values upon double fault
Do so by simply re-using _show_registers().
Signed-off-by: Jan Beulich <jbeulich@suse.com>
Acked-by: Keir Fraser <keir@xen.org>
changeset: 26317:090cc3e20d3e
user: Ian Campbell <ian.campbell@citrix.com>
date: Wed Dec 19 16:04:50 2012 +0000
xen: arm: remove now empty dummy.S
Signed-off-by: Ian Campbell <ian.campbell@citrix.com>
Acked-by: Tim Deegan <tim@xen.org>
Acked-by: Stefano Stabellini <stefano.stabellini@eu.citrix.com>
Committed-by: Ian Campbell <ian.campbell@citrix.com>
========================================
commit 6a0cf3786f1964fdf5a17f88f26cb499f4e89c81
Author: Roger Pau Monne <roger.pau@citrix.com>
Date: Thu Dec 6 12:35:58 2012 +0000
qemu-stubdom: prevent useless medium change
qemu-stubdom was stripping the prefix from the "params" xenstore
key in xenstore_parse_domain_config, which was then saved stripped in
a variable. In xenstore_process_event we compare the "param" from
xenstore (not stripped) with the stripped "param" saved in the
variable, which leads to a medium change (even if there isn't any),
since we are comparing something like aio:/path/to/file with
/path/to/file. This only happens one time, since
xenstore_parse_domain_config is the only place where we strip the
prefix. The result of this bug is the following:
xs_read_watch() -> /local/domain/0/backend/qdisk/19/5632/params hdc
close(7)
close blk: backend=/local/domain/0/backend/qdisk/19/5632
node=/local/domain/19/device/vbd/5632
(XEN) HVM18: HVM Loader
(XEN) HVM18: Detected Xen v4.3-unstable
(XEN) HVM18: Xenbus rings @0xfeffc000, event channel 4
(XEN) HVM18: System requested ROMBIOS
(XEN) HVM18: CPU speed is 2400 MHz
(XEN) irq.c:270: Dom18 PCI link 0 changed 0 -> 5
(XEN) HVM18: PCI-ISA link 0 routed to IRQ5
(XEN) irq.c:270: Dom18 PCI link 1 changed 0 -> 10
(XEN) HVM18: PCI-ISA link 1 routed to IRQ10
(XEN) irq.c:270: Dom18 PCI link 2 changed 0 -> 11
(XEN) HVM18: PCI-ISA link 2 routed to IRQ11
(XEN) irq.c:270: Dom18 PCI link 3 changed 0 -> 5
(XEN) HVM18: PCI-ISA link 3 routed to IRQ5
(XEN) HVM18: pci dev 01:3 INTA->IRQ10
(XEN) HVM18: pci dev 03:0 INTA->IRQ5
(XEN) HVM18: pci dev 04:0 INTA->IRQ5
(XEN) HVM18: pci dev 02:0 bar 10 size lx: 02000000
(XEN) HVM18: pci dev 03:0 bar 14 size lx: 01000000
(XEN) HVM18: pci dev 02:0 bar 14 size lx: 00001000
(XEN) HVM18: pci dev 03:0 bar 10 size lx: 00000100
(XEN) HVM18: pci dev 04:0 bar 10 size lx: 00000100
(XEN) HVM18: pci dev 04:0 bar 14 size lx: 00000100
(XEN) HVM18: pci dev 01:1 bar 20 size lx: 00000010
(XEN) HVM18: Multiprocessor initialisation:
(XEN) HVM18: - CPU0 ... 36-bit phys ... fixed MTRRs ... var MTRRs [2/8] ... done.
(XEN) HVM18: - CPU1 ... 36-bit phys ... fixed MTRRs ... var MTRRs [2/8] ... done.
(XEN) HVM18: Testing HVM environment:
(XEN) HVM18: - REP INSB across page boundaries ... passed
(XEN) HVM18: - GS base MSRs and SWAPGS ... passed
(XEN) HVM18: Passed 2 of 2 tests
(XEN) HVM18: Writing SMBIOS tables ...
(XEN) HVM18: Loading ROMBIOS ...
(XEN) HVM18: 9660 bytes of ROMBIOS high-memory extensions:
(XEN) HVM18: Relocating to 0xfc001000-0xfc0035bc ... done
(XEN) HVM18: Creating MP tables ...
(XEN) HVM18: Loading Cirrus VGABIOS ...
(XEN) HVM18: Loading PCI Option ROM ...
(XEN) HVM18: - Manufacturer: http://ipxe.org
(XEN) HVM18: - Product name: iPXE
(XEN) HVM18: Option ROMs:
(XEN) HVM18: c0000-c8fff: VGA BIOS
(XEN) HVM18: c9000-d8fff: Etherboot ROM
(XEN) HVM18: Loading ACPI ...
(XEN) HVM18: vm86 TSS at fc00f680
(XEN) HVM18: BIOS map:
(XEN) HVM18: f0000-fffff: Main BIOS
(XEN) HVM18: E820 table:
(XEN) HVM18: [00]: 00000000:00000000 - 00000000:0009e000: RAM
(XEN) HVM18: [01]: 00000000:0009e000 - 00000000:000a0000: RESERVED
(XEN) HVM18: HOLE: 00000000:000a0000 - 00000000:000e0000
(XEN) HVM18: [02]: 00000000:000e0000 - 00000000:00100000: RESERVED
(XEN) HVM18: [03]: 00000000:00100000 - 00000000:3f800000: RAM
(XEN) HVM18: HOLE: 00000000:3f800000 - 00000000:fc000000
(XEN) HVM18: [04]: 00000000:fc000000 - 00000001:00000000: RESERVED
(XEN) HVM18: Invoking ROMBIOS ...
(XEN) HVM18: $Revision: 1.221 $ $Date: 2008/12/07 17:32:29 $
(XEN) stdvga.c:147:d18 entering stdvga and caching modes
(XEN) HVM18: VGABios $Id: vgabios.c,v 1.67 2008/01/27 09:44:12 vruppert Exp $
(XEN) HVM18: Bochs BIOS - build: 06/23/99
(XEN) HVM18: $Revision: 1.221 $ $Date: 2008/12/07 17:32:29 $
(XEN) HVM18: Options: apmbios pcibios eltorito PMM
(XEN) HVM18:
(XEN) HVM18: ata0-0: PCHS=16383/16/63 translation=lba LCHS=1024/255/63
(XEN) HVM18: ata0 master: QEMU HARDDISK ATA-7 Hard-Disk (10240 MBytes)
(XEN) HVM18: IDE time out
(XEN) HVM18: ata1 master: QEMU DVD-ROM ATAPI-4 CD-Rom/DVD-Rom
(XEN) HVM18: IDE time out
(XEN) HVM18:
(XEN) HVM18:
(XEN) HVM18:
(XEN) HVM18: Press F12 for boot menu.
(XEN) HVM18:
(XEN) HVM18: Booting from CD-Rom...
(XEN) HVM18: ata_is_ready returned 1
(XEN) HVM18: CDROM boot failure code : 0003
(XEN) HVM18: Boot from CD-Rom failed: could not read the boot disk
(XEN) HVM18:
(XEN) HVM18:
(XEN) HVM18: No bootable device.
(XEN) HVM18: Powering off in 30 seconds.
******************* BLKFRONT for /local/domain/19/device/vbd/5632 **********
backend at /local/domain/0/backend/qdisk/19/5632
Failed to read
/local/domain/0/backend/qdisk/19/5632/feature-flush-cache.
284420 sectors of 512 bytes
**************************
blk_open(/local/domain/19/device/vbd/5632) -> 7
As seen in this trace, the medium change happens just when the
guest is booting, which leads to the guest not being able to boot
because the BIOS is not able to access the device.
This is a regression from Xen 4.1, which is able to boot from "file:/"
based backends when using stubdomains.
[ By inspection, this patch does not change the flow for the
non-stubdom case. -iwj]
Signed-off-by: Roger Pau Monné <roger.pau@citrix.com>
Acked-by: Ian Jackson <ian.jackson@eu.citrix.com>
[-- Attachment #2: Type: text/plain, Size: 126 bytes --]
_______________________________________________
Xen-devel mailing list
Xen-devel@lists.xen.org
http://lists.xen.org/xen-devel
^ permalink raw reply [flat|nested] only message in thread
only message in thread, other threads:[~2012-12-20 22:11 UTC | newest]
Thread overview: (only message) (download: mbox.gz follow: Atom feed
-- links below jump to the message on this page --
2012-12-20 22:11 [xen-unstable test] 14801: regressions - FAIL xen.org
This is a public inbox, see mirroring instructions
for how to clone and mirror all data and code used for this inbox;
as well as URLs for NNTP newsgroup(s).