* [linux-3.0 test] 14929: tolerable FAIL - PUSHED
@ 2013-01-13 18:42 xen.org
0 siblings, 0 replies; only message in thread
From: xen.org @ 2013-01-13 18:42 UTC (permalink / raw)
To: xen-devel; +Cc: ian.jackson
flight 14929 linux-3.0 real [real]
http://www.chiark.greenend.org.uk/~xensrcts/logs/14929/
Failures :-/ but no regressions.
Tests which are failing intermittently (not blocking):
test-amd64-i386-qemut-rhel6hvm-intel 5 xen-boot fail pass in 14896
test-amd64-i386-win 5 xen-boot fail in 14896 pass in 14929
Regressions which are regarded as allowable (not blocking):
test-amd64-amd64-xl-sedf-pin 11 guest-localmigrate fail blocked in 14789
test-amd64-amd64-xl-sedf 5 xen-boot fail like 14789
Tests which did not succeed, but are not blocking:
test-amd64-amd64-xl-pcipt-intel 8 debian-fixup fail never pass
test-amd64-i386-xl-winxpsp3-vcpus1 13 guest-stop fail never pass
test-amd64-i386-xl-qemut-win-vcpus1 13 guest-stop fail never pass
test-amd64-i386-qemut-win-vcpus1 16 leak-check/check fail never pass
test-amd64-i386-xl-qemut-win7-amd64 13 guest-stop fail never pass
test-amd64-amd64-xl-qemuu-win7-amd64 13 guest-stop fail never pass
test-amd64-amd64-win 16 leak-check/check fail never pass
test-amd64-amd64-xl-qemut-win7-amd64 13 guest-stop fail never pass
test-amd64-i386-xend-winxpsp3 16 leak-check/check fail never pass
test-amd64-amd64-xl-win7-amd64 13 guest-stop fail never pass
test-amd64-amd64-xl-winxpsp3 13 guest-stop fail never pass
test-amd64-amd64-xl-qemut-winxpsp3 13 guest-stop fail never pass
test-amd64-amd64-xl-win 13 guest-stop fail never pass
test-amd64-i386-win-vcpus1 16 leak-check/check fail never pass
test-amd64-i386-xl-win7-amd64 13 guest-stop fail never pass
test-amd64-i386-win 16 leak-check/check fail never pass
test-amd64-i386-xl-win-vcpus1 13 guest-stop fail never pass
test-amd64-i386-xend-qemut-winxpsp3 16 leak-check/check fail never pass
test-amd64-amd64-qemut-win 16 leak-check/check fail never pass
test-amd64-i386-xl-qemut-winxpsp3-vcpus1 13 guest-stop fail never pass
test-amd64-amd64-xl-qemuu-winxpsp3 13 guest-stop fail never pass
test-amd64-amd64-xl-qemut-win 13 guest-stop fail never pass
test-amd64-i386-qemut-win 16 leak-check/check fail never pass
version targeted for testing:
linux 2a68fec1118107fbaa40c631d45641d40d88ad71
baseline version:
linux 881c0a027c495dd35992346176a40d39a7666fb9
------------------------------------------------------------
People who touched revisions under test:
------------------------------------------------------------
jobs:
build-amd64 pass
build-i386 pass
build-amd64-pvops pass
build-i386-pvops pass
test-amd64-amd64-xl pass
test-amd64-i386-xl pass
test-amd64-i386-rhel6hvm-amd pass
test-amd64-i386-qemut-rhel6hvm-amd pass
test-amd64-i386-qemuu-rhel6hvm-amd pass
test-amd64-amd64-xl-qemut-win7-amd64 fail
test-amd64-i386-xl-qemut-win7-amd64 fail
test-amd64-amd64-xl-qemuu-win7-amd64 fail
test-amd64-amd64-xl-win7-amd64 fail
test-amd64-i386-xl-win7-amd64 fail
test-amd64-i386-xl-credit2 pass
test-amd64-amd64-xl-pcipt-intel fail
test-amd64-i386-rhel6hvm-intel pass
test-amd64-i386-qemut-rhel6hvm-intel fail
test-amd64-i386-qemuu-rhel6hvm-intel pass
test-amd64-i386-xl-multivcpu pass
test-amd64-amd64-pair pass
test-amd64-i386-pair pass
test-amd64-amd64-xl-sedf-pin fail
test-amd64-amd64-pv pass
test-amd64-i386-pv pass
test-amd64-amd64-xl-sedf fail
test-amd64-i386-win-vcpus1 fail
test-amd64-i386-qemut-win-vcpus1 fail
test-amd64-i386-xl-qemut-win-vcpus1 fail
test-amd64-i386-xl-win-vcpus1 fail
test-amd64-i386-xl-qemut-winxpsp3-vcpus1 fail
test-amd64-i386-xl-winxpsp3-vcpus1 fail
test-amd64-amd64-win fail
test-amd64-i386-win fail
test-amd64-amd64-qemut-win fail
test-amd64-i386-qemut-win fail
test-amd64-amd64-xl-qemut-win fail
test-amd64-amd64-xl-win fail
test-amd64-i386-xend-qemut-winxpsp3 fail
test-amd64-amd64-xl-qemut-winxpsp3 fail
test-amd64-amd64-xl-qemuu-winxpsp3 fail
test-amd64-i386-xend-winxpsp3 fail
test-amd64-amd64-xl-winxpsp3 fail
------------------------------------------------------------
sg-report-flight on woking.cam.xci-test.com
logs: /home/xc_osstest/logs
images: /home/xc_osstest/images
Logs, config files, etc. are available at
http://www.chiark.greenend.org.uk/~xensrcts/logs
Test harness code can be found at
http://xenbits.xensource.com/gitweb?p=osstest.git;a=summary
Pushing revision :
+ branch=linux-3.0
+ revision=2a68fec1118107fbaa40c631d45641d40d88ad71
+ . cri-lock-repos
++ . cri-common
+++ umask 002
+++ getconfig Repos
+++ perl -e '
use Osstest;
readconfigonly();
print $c{Repos} or die $!;
'
++ repos=/export/home/osstest/repos
++ repos_lock=/export/home/osstest/repos/lock
++ '[' x '!=' x/export/home/osstest/repos/lock ']'
++ OSSTEST_REPOS_LOCK_LOCKED=/export/home/osstest/repos/lock
++ exec with-lock-ex -w /export/home/osstest/repos/lock ./ap-push linux-3.0 2a68fec1118107fbaa40c631d45641d40d88ad71
+ branch=linux-3.0
+ revision=2a68fec1118107fbaa40c631d45641d40d88ad71
+ . cri-lock-repos
++ . cri-common
+++ umask 002
+++ getconfig Repos
+++ perl -e '
use Osstest;
readconfigonly();
print $c{Repos} or die $!;
'
++ repos=/export/home/osstest/repos
++ repos_lock=/export/home/osstest/repos/lock
++ '[' x/export/home/osstest/repos/lock '!=' x/export/home/osstest/repos/lock ']'
+ . cri-common
++ umask 002
+ select_xenbranch
+ case "$branch" in
+ tree=linux
+ xenbranch=xen-unstable
+ '[' xlinux = xlinux ']'
+ linuxbranch=linux-3.0
+ : master
+ : tested/2.6.39.x
+ . ap-common
++ : xen@xenbits.xensource.com
++ : http://xenbits.xen.org/hg/staging/xen-unstable.hg
++ : git://xenbits.xen.org/staging/qemu-xen-unstable.git
++ : git://git.kernel.org
++ : git://git.kernel.org/pub/scm/linux/kernel/git
++ : git
++ : git://git.kernel.org/pub/scm/linux/kernel/git/stable/linux-stable.git
++ : master
++ : xen@xenbits.xensource.com:git/linux-pvops.git
++ : git://xenbits.xen.org/linux-pvops.git
++ : master
++ : git://git.kernel.org/pub/scm/linux/kernel/git/konrad/xen.git
++ : tested/2.6.39.x
++ : daily-cron.linux-3.0
++ : http://hg.uk.xensource.com/carbon/trunk/linux-2.6.27
++ : git://xenbits.xen.org/staging/qemu-upstream-unstable.git
++ : daily-cron.linux-3.0
+ TREE_LINUX=xen@xenbits.xensource.com:git/linux-pvops.git
+ TREE_QEMU_UPSTREAM=xen@xenbits.xensource.com:git/qemu-upstream-unstable.git
+ info_linux_tree linux-3.0
+ case $1 in
+ : git://git.kernel.org/pub/scm/linux/kernel/git/stable/linux-stable.git
+ : linux-3.0.y
+ : linux-3.0.y
+ : git
+ : git
+ : git://xenbits.xen.org/linux-pvops.git
+ : xen@xenbits.xensource.com:git/linux-pvops.git
+ : tested/linux-3.0
+ : tested/linux-3.0
+ return 0
+ cd /export/home/osstest/repos/linux
+ git push xen@xenbits.xensource.com:git/linux-pvops.git 2a68fec1118107fbaa40c631d45641d40d88ad71:tested/linux-3.0
Counting objects: 1
Counting objects: 198
Counting objects: 392, done.
Compressing objects: 2% (1/46)
Compressing objects: 4% (2/46)
Compressing objects: 6% (3/46)
Compressing objects: 8% (4/46)
Compressing objects: 10% (5/46)
Compressing objects: 13% (6/46)
Compressing objects: 15% (7/46)
Compressing objects: 17% (8/46)
Compressing objects: 19% (9/46)
Compressing objects: 21% (10/46)
Compressing objects: 23% (11/46)
Compressing objects: 26% (12/46)
Compressing objects: 28% (13/46)
Compressing objects: 30% (14/46)
Compressing objects: 32% (15/46)
Compressing objects: 34% (16/46)
Compressing objects: 36% (17/46)
Compressing objects: 39% (18/46)
Compressing objects: 41% (19/46)
Compressing objects: 43% (20/46)
Compressing objects: 45% (21/46)
Compressing objects: 47% (22/46)
Compressing objects: 50% (23/46)
Compressing objects: 52% (24/46)
Compressing objects: 54% (25/46)
Compressing objects: 56% (26/46)
Compressing objects: 58% (27/46)
Compressing objects: 60% (28/46)
Compressing objects: 63% (29/46)
Compressing objects: 65% (30/46)
Compressing objects: 67% (31/46)
Compressing objects: 69% (32/46)
Compressing objects: 71% (33/46)
Compressing objects: 73% (34/46)
Compressing objects: 76% (35/46)
Compressing objects: 78% (36/46)
Compressing objects: 80% (37/46)
Compressing objects: 82% (38/46)
Compressing objects: 84% (39/46)
Compressing objects: 86% (40/46)
Compressing objects: 89% (41/46)
Compressing objects: 91% (42/46)
Compressing objects: 93% (43/46)
Compressing objects: 95% (44/46)
Compressing objects: 97% (45/46)
Compressing objects: 100% (46/46)
Compressing objects: 100% (46/46), done.
Writing objects: 0% (1/284)
Writing objects: 1% (3/284)
Writing objects: 2% (6/284)
Writing objects: 3% (9/284)
Writing objects: 4% (12/284)
Writing objects: 5% (15/284)
Writing objects: 6% (18/284)
Writing objects: 7% (20/284)
Writing objects: 8% (23/284)
Writing objects: 9% (26/284)
Writing objects: 10% (29/284)
Writing objects: 11% (32/284)
Writing objects: 12% (35/284)
Writing objects: 13% (37/284)
Writing objects: 14% (40/284)
Writing objects: 15% (43/284)
Writing objects: 16% (46/284)
Writing objects: 17% (49/284)
Writing objects: 18% (52/284)
Writing objects: 19% (54/284)
Writing objects: 20% (57/284)
Writing objects: 21% (60/284)
Writing objects: 22% (63/284)
Writing objects: 23% (66/284)
Writing objects: 24% (69/284)
Writing objects: 25% (71/284)
Writing objects: 26% (74/284)
Writing objects: 27% (77/284)
Writing objects: 28% (80/284)
Writing objects: 29% (83/284)
Writing objects: 30% (86/284)
Writing objects: 31% (89/284)
Writing objects: 32% (91/284)
Writing objects: 33% (94/284)
Writing objects: 34% (97/284)
Writing objects: 35% (100/284)
Writing objects: 36% (103/284)
Writing objects: 37% (106/284)
Writing objects: 38% (108/284)
Writing objects: 39% (111/284)
Writing objects: 40% (114/284)
Writing objects: 41% (117/284)
Writing objects: 42% (120/284)
Writing objects: 43% (123/284)
Writing objects: 44% (125/284)
Writing objects: 45% (128/284)
Writing objects: 46% (131/284)
Writing objects: 47% (134/284)
Writing objects: 48% (137/284)
Writing objects: 49% (140/284)
Writing objects: 50% (142/284)
Writing objects: 51% (145/284)
Writing objects: 52% (148/284)
Writing objects: 53% (151/284)
Writing objects: 54% (154/284)
Writing objects: 55% (157/284)
Writing objects: 56% (160/284)
Writing objects: 57% (162/284)
Writing objects: 58% (165/284)
Writing objects: 59% (168/284)
Writing objects: 60% (171/284)
Writing objects: 61% (174/284)
Writing objects: 62% (177/284)
Writing objects: 63% (179/284)
Writing objects: 64% (182/284)
Writing objects: 65% (185/284)
Writing objects: 66% (188/284)
Writing objects: 67% (191/284)
Writing objects: 68% (194/284)
Writing objects: 69% (196/284)
Writing objects: 70% (199/284)
Writing objects: 71% (202/284)
Writing objects: 72% (205/284)
Writing objects: 73% (208/284)
Writing objects: 74% (211/284)
Writing objects: 75% (213/284)
Writing objects: 76% (216/284)
Writing objects: 77% (219/284)
Writing objects: 78% (222/284)
Writing objects: 79% (225/284)
Writing objects: 80% (228/284)
Writing objects: 81% (231/284)
Writing objects: 82% (233/284)
Writing objects: 83% (236/284)
Writing objects: 84% (239/284)
Writing objects: 85% (242/284)
Writing objects: 86% (245/284)
Writing objects: 87% (248/284)
Writing objects: 88% (250/284)
Writing objects: 89% (253/284)
Writing objects: 90% (256/284)
Writing objects: 91% (259/284)
Writing objects: 92% (262/284)
Writing objects: 93% (265/284)
Writing objects: 94% (267/284)
Writing objects: 95% (270/284)
Writing objects: 96% (273/284)
Writing objects: 97% (276/284)
Writing objects: 98% (279/284)
Writing objects: 99% (282/284)
Writing objects: 100% (284/284)
Writing objects: 100% (284/284), 51.57 KiB, done.
Total 284 (delta 237), reused 284 (delta 237)
To xen@xenbits.xensource.com:git/linux-pvops.git
881c0a0..2a68fec 2a68fec1118107fbaa40c631d45641d40d88ad71 -> tested/linux-3.0
+ exit 0
^ permalink raw reply [flat|nested] only message in thread
only message in thread, other threads:[~2013-01-13 18:42 UTC | newest]
Thread overview: (only message) (download: mbox.gz follow: Atom feed
-- links below jump to the message on this page --
2013-01-13 18:42 [linux-3.0 test] 14929: tolerable FAIL - PUSHED xen.org
This is a public inbox, see mirroring instructions
for how to clone and mirror all data and code used for this inbox;
as well as URLs for NNTP newsgroup(s).