xen-devel.lists.xenproject.org archive mirror
 help / color / mirror / Atom feed
* [qemu-upstream-unstable test] 15044: regressions - FAIL
@ 2013-01-14 22:56 xen.org
  0 siblings, 0 replies; only message in thread
From: xen.org @ 2013-01-14 22:56 UTC (permalink / raw)
  To: xen-devel; +Cc: ian.jackson

flight 15044 qemu-upstream-unstable real [real]
http://www.chiark.greenend.org.uk/~xensrcts/logs/15044/

Regressions :-(

Tests which did not succeed and are blocking,
including tests which could not be run:
 test-amd64-amd64-xl-qemuu-winxpsp3 10 guest-saverestore.2 fail REGR. vs. 14668

Tests which did not succeed, but are not blocking:
 test-amd64-i386-xl-qemuu-win-vcpus1 13 guest-stop              fail never pass
 test-amd64-i386-xend-qemuu-winxpsp3 16 leak-check/check        fail never pass
 test-amd64-i386-xl-qemuu-win7-amd64 13 guest-stop              fail never pass
 test-amd64-amd64-xl-qemuu-win7-amd64 13 guest-stop             fail never pass
 test-amd64-amd64-qemuu-win   16 leak-check/check             fail   never pass
 test-amd64-i386-qemuu-win-vcpus1 16 leak-check/check           fail never pass
 test-amd64-i386-xl-qemuu-winxpsp3-vcpus1 13 guest-stop         fail never pass
 test-amd64-amd64-xl-qemuu-win 13 guest-stop                   fail  never pass
 test-amd64-i386-qemuu-win    16 leak-check/check             fail   never pass

version targeted for testing:
 qemuu                ff780138eab9c89f9c339230ac73e4378ec9efde
baseline version:
 qemuu                3752993df8af5cffa1b8219fe175d235597b4474

------------------------------------------------------------
People who touched revisions under test:
  Ian Jackson <ian.jackson@eu.citrix.com>
  Stefano Stabellini <stefano.stabellini@eu.citrix.com>
------------------------------------------------------------

jobs:
 build-amd64                                                  pass    
 build-i386                                                   pass    
 build-amd64-oldkern                                          pass    
 build-i386-oldkern                                           pass    
 build-amd64-pvops                                            pass    
 build-i386-pvops                                             pass    
 test-amd64-i386-qemuu-rhel6hvm-amd                           pass    
 test-amd64-amd64-xl-qemuu-win7-amd64                         fail    
 test-amd64-i386-xl-qemuu-win7-amd64                          fail    
 test-amd64-i386-qemuu-rhel6hvm-intel                         pass    
 test-amd64-i386-qemuu-win-vcpus1                             fail    
 test-amd64-i386-xl-qemuu-win-vcpus1                          fail    
 test-amd64-i386-xl-qemuu-winxpsp3-vcpus1                     fail    
 test-amd64-amd64-qemuu-win                                   fail    
 test-amd64-i386-qemuu-win                                    fail    
 test-amd64-amd64-xl-qemuu-win                                fail    
 test-amd64-i386-xend-qemuu-winxpsp3                          fail    
 test-amd64-amd64-xl-qemuu-winxpsp3                           fail    


------------------------------------------------------------
sg-report-flight on woking.cam.xci-test.com
logs: /home/xc_osstest/logs
images: /home/xc_osstest/images

Logs, config files, etc. are available at
    http://www.chiark.greenend.org.uk/~xensrcts/logs

Test harness code can be found at
    http://xenbits.xensource.com/gitweb?p=osstest.git;a=summary


Not pushing.

------------------------------------------------------------
commit ff780138eab9c89f9c339230ac73e4378ec9efde
Author: Ian Jackson <ian.jackson@eu.citrix.com>
Date:   Mon Dec 17 11:44:02 2012 +0000

    cpu_ioreq_pio, cpu_ioreq_move: i should be uint32_t rather than int
    
    The current code compare i (int) with req->count (uint32_t) in a for
    loop, risking an infinite loop if req->count is equal to UINT_MAX.
    
    Also i is only used in comparisons or multiplications with unsigned
    integers.
    
    upstream-commit-id: 249e7e0fff080df0eff54730f3b6459d92d61e5a
    
    Signed-off-by: Stefano Stabellini <stefano.stabellini@eu.citrix.com>
    Cc: Dongxiao Xu <dongxiao.xu@intel.com>
    Cc: Stefano Stabellini <stefano.stabellini@eu.citrix.com>
    Signed-off-by: Ian Jackson <ian.jackson@eu.citrix.com>

^ permalink raw reply	[flat|nested] only message in thread

only message in thread, other threads:[~2013-01-14 22:56 UTC | newest]

Thread overview: (only message) (download: mbox.gz follow: Atom feed
-- links below jump to the message on this page --
2013-01-14 22:56 [qemu-upstream-unstable test] 15044: regressions - FAIL xen.org

This is a public inbox, see mirroring instructions
for how to clone and mirror all data and code used for this inbox;
as well as URLs for NNTP newsgroup(s).