From mboxrd@z Thu Jan 1 00:00:00 1970 From: xen.org Subject: [xen-unstable test] 15046: regressions - FAIL Date: Tue, 15 Jan 2013 05:27:55 +0000 Message-ID: Mime-Version: 1.0 Content-Type: multipart/mixed; boundary="===============3971710146828116608==" Return-path: List-Unsubscribe: , List-Post: List-Help: List-Subscribe: , Sender: xen-devel-bounces@lists.xen.org Errors-To: xen-devel-bounces@lists.xen.org To: xen-devel@lists.xensource.com Cc: ian.jackson@eu.citrix.com List-Id: xen-devel@lists.xenproject.org --===============3971710146828116608== Content-Type: text/plain flight 15046 xen-unstable real [real] http://www.chiark.greenend.org.uk/~xensrcts/logs/15046/ Regressions :-( Tests which did not succeed and are blocking, including tests which could not be run: test-amd64-i386-xend-winxpsp3 7 windows-install fail REGR. vs. 14856 test-amd64-i386-xl-win-vcpus1 8 guest-saverestore fail REGR. vs. 14856 test-amd64-amd64-xl-qemut-win7-amd64 8 guest-saverestore fail REGR. vs. 14856 test-amd64-amd64-xl-qemuu-winxpsp3 8 guest-saverestore fail REGR. vs. 14856 test-amd64-i386-win 7 windows-install fail REGR. vs. 14856 test-amd64-amd64-xl-qemuu-win7-amd64 8 guest-saverestore fail REGR. vs. 14856 test-amd64-amd64-win 7 windows-install fail REGR. vs. 14856 test-amd64-amd64-xl-win7-amd64 8 guest-saverestore fail REGR. vs. 14856 test-amd64-i386-qemut-win-vcpus1 7 windows-install fail REGR. vs. 14856 test-amd64-i386-xl-qemut-win7-amd64 8 guest-saverestore fail REGR. vs. 14856 test-amd64-i386-xl-win7-amd64 8 guest-saverestore fail REGR. vs. 14856 test-amd64-i386-win-vcpus1 7 windows-install fail REGR. vs. 14856 test-amd64-amd64-xl-winxpsp3 8 guest-saverestore fail REGR. vs. 14856 test-amd64-i386-xl-qemut-winxpsp3-vcpus1 8 guest-saverestore fail REGR. vs. 14856 test-amd64-i386-xl-winxpsp3-vcpus1 8 guest-saverestore fail REGR. vs. 14856 test-amd64-i386-xl-qemut-win-vcpus1 8 guest-saverestore fail REGR. vs. 14856 test-amd64-i386-xend-qemut-winxpsp3 7 windows-install fail REGR. vs. 14856 test-amd64-amd64-xl-qemut-winxpsp3 8 guest-saverestore fail REGR. vs. 14856 test-amd64-i386-qemut-win 7 windows-install fail REGR. vs. 14856 test-amd64-amd64-xl-win 8 guest-saverestore fail REGR. vs. 14856 test-amd64-amd64-qemut-win 7 windows-install fail REGR. vs. 14856 test-amd64-amd64-xl-qemut-win 8 guest-saverestore fail REGR. vs. 14856 Regressions which are regarded as allowable (not blocking): test-amd64-amd64-xl-sedf-pin 5 xen-boot fail REGR. vs. 14856 test-amd64-amd64-xl-sedf 5 xen-boot fail like 14856 Tests which did not succeed, but are not blocking: test-amd64-amd64-xl-pcipt-intel 9 guest-start fail never pass version targeted for testing: xen 21a2ecc73183 baseline version: xen 35a0556a7f76 ------------------------------------------------------------ People who touched revisions under test: Andrew Cooper Bamvor Jian Zhang Dan Magenheimer Daniel De Graaf Dongxiao Xu Eddie Dong Ian Campbell Ian Jackson Jan Beulich Jim Fehlig Keir Fraser Roger Pau Monné Tim Deegan Wei Liu ------------------------------------------------------------ jobs: build-amd64 pass build-i386 pass build-amd64-oldkern pass build-i386-oldkern pass build-amd64-pvops pass build-i386-pvops pass test-amd64-amd64-xl pass test-amd64-i386-xl pass test-amd64-i386-rhel6hvm-amd pass test-amd64-i386-qemut-rhel6hvm-amd pass test-amd64-i386-qemuu-rhel6hvm-amd pass test-amd64-amd64-xl-qemut-win7-amd64 fail test-amd64-i386-xl-qemut-win7-amd64 fail test-amd64-amd64-xl-qemuu-win7-amd64 fail test-amd64-amd64-xl-win7-amd64 fail test-amd64-i386-xl-win7-amd64 fail test-amd64-i386-xl-credit2 pass test-amd64-amd64-xl-pcipt-intel fail test-amd64-i386-rhel6hvm-intel pass test-amd64-i386-qemut-rhel6hvm-intel pass test-amd64-i386-qemuu-rhel6hvm-intel pass test-amd64-i386-xl-multivcpu pass test-amd64-amd64-pair pass test-amd64-i386-pair pass test-amd64-amd64-xl-sedf-pin fail test-amd64-amd64-pv pass test-amd64-i386-pv pass test-amd64-amd64-xl-sedf fail test-amd64-i386-win-vcpus1 fail test-amd64-i386-qemut-win-vcpus1 fail test-amd64-i386-xl-qemut-win-vcpus1 fail test-amd64-i386-xl-win-vcpus1 fail test-amd64-i386-xl-qemut-winxpsp3-vcpus1 fail test-amd64-i386-xl-winxpsp3-vcpus1 fail test-amd64-amd64-win fail test-amd64-i386-win fail test-amd64-amd64-qemut-win fail test-amd64-i386-qemut-win fail test-amd64-amd64-xl-qemut-win fail test-amd64-amd64-xl-win fail test-amd64-i386-xend-qemut-winxpsp3 fail test-amd64-amd64-xl-qemut-winxpsp3 fail test-amd64-amd64-xl-qemuu-winxpsp3 fail test-amd64-i386-xend-winxpsp3 fail test-amd64-amd64-xl-winxpsp3 fail ------------------------------------------------------------ sg-report-flight on woking.cam.xci-test.com logs: /home/xc_osstest/logs images: /home/xc_osstest/images Logs, config files, etc. are available at http://www.chiark.greenend.org.uk/~xensrcts/logs Test harness code can be found at http://xenbits.xensource.com/gitweb?p=osstest.git;a=summary Not pushing. (No revision log; it would be 720 lines long.) --===============3971710146828116608== Content-Type: text/plain; charset="us-ascii" MIME-Version: 1.0 Content-Transfer-Encoding: 7bit Content-Disposition: inline _______________________________________________ Xen-devel mailing list Xen-devel@lists.xen.org http://lists.xen.org/xen-devel --===============3971710146828116608==--