From mboxrd@z Thu Jan 1 00:00:00 1970 From: xen.org Subject: [xen-unstable test] 15074: tolerable FAIL - PUSHED Date: Wed, 16 Jan 2013 08:22:08 +0000 Message-ID: Mime-Version: 1.0 Content-Type: multipart/mixed; boundary="===============0748151495703074433==" Return-path: List-Unsubscribe: , List-Post: List-Help: List-Subscribe: , Sender: xen-devel-bounces@lists.xen.org Errors-To: xen-devel-bounces@lists.xen.org To: xen-devel@lists.xensource.com Cc: ian.jackson@eu.citrix.com List-Id: xen-devel@lists.xenproject.org --===============0748151495703074433== Content-Type: text/plain flight 15074 xen-unstable real [real] http://www.chiark.greenend.org.uk/~xensrcts/logs/15074/ Failures :-/ but no regressions. Regressions which are regarded as allowable (not blocking): test-amd64-amd64-xl-sedf-pin 5 xen-boot fail REGR. vs. 14856 test-amd64-amd64-xl-sedf 5 xen-boot fail like 14856 Tests which did not succeed, but are not blocking: test-amd64-amd64-xl-pcipt-intel 9 guest-start fail never pass test-amd64-i386-xend-winxpsp3 16 leak-check/check fail never pass test-amd64-i386-xl-win-vcpus1 13 guest-stop fail never pass test-amd64-amd64-xl-qemut-win7-amd64 13 guest-stop fail never pass test-amd64-amd64-xl-qemuu-winxpsp3 13 guest-stop fail never pass test-amd64-i386-win 16 leak-check/check fail never pass test-amd64-amd64-win 16 leak-check/check fail never pass test-amd64-amd64-xl-qemuu-win7-amd64 13 guest-stop fail never pass test-amd64-amd64-xl-win7-amd64 13 guest-stop fail never pass test-amd64-i386-qemut-win-vcpus1 16 leak-check/check fail never pass test-amd64-i386-xl-qemut-win7-amd64 13 guest-stop fail never pass test-amd64-i386-xl-win7-amd64 13 guest-stop fail never pass test-amd64-i386-win-vcpus1 16 leak-check/check fail never pass test-amd64-amd64-xl-winxpsp3 13 guest-stop fail never pass test-amd64-i386-xl-winxpsp3-vcpus1 13 guest-stop fail never pass test-amd64-i386-xl-qemut-winxpsp3-vcpus1 13 guest-stop fail never pass test-amd64-i386-xl-qemut-win-vcpus1 13 guest-stop fail never pass test-amd64-i386-xend-qemut-winxpsp3 16 leak-check/check fail never pass test-amd64-amd64-xl-qemut-winxpsp3 13 guest-stop fail never pass test-amd64-i386-qemut-win 16 leak-check/check fail never pass test-amd64-amd64-xl-win 13 guest-stop fail never pass test-amd64-amd64-qemut-win 16 leak-check/check fail never pass test-amd64-amd64-xl-qemut-win 13 guest-stop fail never pass version targeted for testing: xen 327b812026fe baseline version: xen 35a0556a7f76 ------------------------------------------------------------ People who touched revisions under test: Andrew Cooper Bamvor Jian Zhang Dan Magenheimer Daniel De Graaf Dongxiao Xu Eddie Dong Ian Campbell Ian Jackson Jan Beulich Jim Fehlig Jun Nakajima Keir Fraser Roger Pau Monné Tim Deegan Wei Liu Zhang Xiantao ------------------------------------------------------------ jobs: build-amd64 pass build-i386 pass build-amd64-oldkern pass build-i386-oldkern pass build-amd64-pvops pass build-i386-pvops pass test-amd64-amd64-xl pass test-amd64-i386-xl pass test-amd64-i386-rhel6hvm-amd pass test-amd64-i386-qemut-rhel6hvm-amd pass test-amd64-i386-qemuu-rhel6hvm-amd pass test-amd64-amd64-xl-qemut-win7-amd64 fail test-amd64-i386-xl-qemut-win7-amd64 fail test-amd64-amd64-xl-qemuu-win7-amd64 fail test-amd64-amd64-xl-win7-amd64 fail test-amd64-i386-xl-win7-amd64 fail test-amd64-i386-xl-credit2 pass test-amd64-amd64-xl-pcipt-intel fail test-amd64-i386-rhel6hvm-intel pass test-amd64-i386-qemut-rhel6hvm-intel pass test-amd64-i386-qemuu-rhel6hvm-intel pass test-amd64-i386-xl-multivcpu pass test-amd64-amd64-pair pass test-amd64-i386-pair pass test-amd64-amd64-xl-sedf-pin fail test-amd64-amd64-pv pass test-amd64-i386-pv pass test-amd64-amd64-xl-sedf fail test-amd64-i386-win-vcpus1 fail test-amd64-i386-qemut-win-vcpus1 fail test-amd64-i386-xl-qemut-win-vcpus1 fail test-amd64-i386-xl-win-vcpus1 fail test-amd64-i386-xl-qemut-winxpsp3-vcpus1 fail test-amd64-i386-xl-winxpsp3-vcpus1 fail test-amd64-amd64-win fail test-amd64-i386-win fail test-amd64-amd64-qemut-win fail test-amd64-i386-qemut-win fail test-amd64-amd64-xl-qemut-win fail test-amd64-amd64-xl-win fail test-amd64-i386-xend-qemut-winxpsp3 fail test-amd64-amd64-xl-qemut-winxpsp3 fail test-amd64-amd64-xl-qemuu-winxpsp3 fail test-amd64-i386-xend-winxpsp3 fail test-amd64-amd64-xl-winxpsp3 fail ------------------------------------------------------------ sg-report-flight on woking.cam.xci-test.com logs: /home/xc_osstest/logs images: /home/xc_osstest/images Logs, config files, etc. are available at http://www.chiark.greenend.org.uk/~xensrcts/logs Test harness code can be found at http://xenbits.xensource.com/gitweb?p=osstest.git;a=summary Pushing revision : + branch=xen-unstable + revision=327b812026fe + . cri-lock-repos ++ . cri-common +++ umask 002 +++ getconfig Repos +++ perl -e ' use Osstest; readconfigonly(); print $c{Repos} or die $!; ' ++ repos=/export/home/osstest/repos ++ repos_lock=/export/home/osstest/repos/lock ++ '[' x '!=' x/export/home/osstest/repos/lock ']' ++ OSSTEST_REPOS_LOCK_LOCKED=/export/home/osstest/repos/lock ++ exec with-lock-ex -w /export/home/osstest/repos/lock ./ap-push xen-unstable 327b812026fe + branch=xen-unstable + revision=327b812026fe + . cri-lock-repos ++ . cri-common +++ umask 002 +++ getconfig Repos +++ perl -e ' use Osstest; readconfigonly(); print $c{Repos} or die $!; ' ++ repos=/export/home/osstest/repos ++ repos_lock=/export/home/osstest/repos/lock ++ '[' x/export/home/osstest/repos/lock '!=' x/export/home/osstest/repos/lock ']' + . cri-common ++ umask 002 + select_xenbranch + case "$branch" in + tree=xen + xenbranch=xen-unstable + '[' xxen = xlinux ']' + linuxbranch=linux + : master + : tested/2.6.39.x + . ap-common ++ : xen@xenbits.xensource.com ++ : http://xenbits.xen.org/hg/staging/xen-unstable.hg ++ : git://xenbits.xen.org/staging/qemu-xen-unstable.git ++ : git://git.kernel.org ++ : git://git.kernel.org/pub/scm/linux/kernel/git ++ : git ++ : git://xenbits.xen.org/linux-pvops.git ++ : master ++ : xen@xenbits.xensource.com:git/linux-pvops.git ++ : git://xenbits.xen.org/linux-pvops.git ++ : master ++ : git://git.kernel.org/pub/scm/linux/kernel/git/konrad/xen.git ++ : tested/2.6.39.x ++ : daily-cron.xen-unstable ++ : http://hg.uk.xensource.com/carbon/trunk/linux-2.6.27 ++ : git://xenbits.xen.org/staging/qemu-upstream-unstable.git ++ : daily-cron.xen-unstable + TREE_LINUX=xen@xenbits.xensource.com:git/linux-pvops.git + TREE_QEMU_UPSTREAM=xen@xenbits.xensource.com:git/qemu-upstream-unstable.git + info_linux_tree xen-unstable + case $1 in + return 1 + case "$branch" in + cd /export/home/osstest/repos/xen-unstable.hg + hg push -r 327b812026fe ssh://xen@xenbits.xensource.com/HG/xen-unstable.hg pushing to ssh://xen@xenbits.xensource.com/HG/xen-unstable.hg searching for changes remote: adding changesets remote: adding manifests remote: adding file changes remote: added 46 changesets with 216 changes to 81 files --===============0748151495703074433== Content-Type: text/plain; charset="us-ascii" MIME-Version: 1.0 Content-Transfer-Encoding: 7bit Content-Disposition: inline _______________________________________________ Xen-devel mailing list Xen-devel@lists.xen.org http://lists.xen.org/xen-devel --===============0748151495703074433==--